000
CDUS43 KFSD 180645
CLIHON


CLIMATE REPORT
NATIONAL WEATHER SERVICE SIOUX FALLS SD
1245 AM CST WED FEB 18 2015


...................................

...THE HURON SD CLIMATE SUMMARY FOR FEBRUARY 17 2015...

CLIMATE NORMAL PERIOD 1981 TO 2010
CLIMATE RECORD PERIOD 1881 TO 2015


WEATHER ITEM   OBSERVED TIME   RECORD YEAR NORMAL DEPARTURE LAST
                VALUE   (LST)  VALUE       VALUE  FROM      YEAR
                                                  NORMAL
..................................................................
TEMPERATURE (F)
 YESTERDAY
  MAXIMUM         18    217 PM  67    1913  32    -14       45
  MINIMUM         -1    742 AM -29    1956  12    -13       24
                                      1903
  AVERAGE          9                        22    -13       35

PRECIPITATION (IN)
  YESTERDAY        0.01          1.86 1962   0.02  -0.01     0.00
  MONTH TO DATE    0.07                      0.33  -0.26     0.26
  SINCE DEC 1      1.12                      1.35  -0.23     1.42
  SINCE JAN 1      0.42                      0.83  -0.41     0.41

SNOWFALL (IN)
  YESTERDAY        0.3          15.9  1962   0.3    0.0      0.0
  MONTH TO DATE    1.0                       4.2   -3.2      4.2
  SINCE DEC 1     10.7                      19.5   -8.8     17.7
  SINCE JUL 1     18.6                      27.8   -9.2     20.2
  SNOW DEPTH       T

DEGREE DAYS
 HEATING
  YESTERDAY       56                        43     13       30
  MONTH TO DATE  792                       768     24      910
  SINCE DEC 1   3492                      3683   -191     4150
  SINCE JUL 1   5349                      5385    -36     5787

 COOLING
  YESTERDAY        0                         0      0        0
  MONTH TO DATE    0                         0      0        0
  SINCE DEC 1      0                         0      0        0
  SINCE JAN 1      0                         0      0        0
..................................................................


WIND (MPH)
  HIGHEST WIND SPEED    31   HIGHEST WIND DIRECTION    NW (330)
  HIGHEST GUST SPEED    38   HIGHEST GUST DIRECTION    NW (310)
  AVERAGE WIND SPEED    19.1


SKY COVER
  POSSIBLE SUNSHINE  MM
  AVERAGE SKY COVER 0.4


WEATHER CONDITIONS
 THE FOLLOWING WEATHER WAS RECORDED YESTERDAY.
  LIGHT SNOW
  FOG
  HAZE


RELATIVE HUMIDITY (PERCENT)
 HIGHEST    79           500 AM
 LOWEST     37           300 PM
 AVERAGE    58

..........................................................


THE HURON SD CLIMATE NORMALS FOR TODAY
                         NORMAL    RECORD    YEAR
 MAXIMUM TEMPERATURE (F)   33        70      1930
 MINIMUM TEMPERATURE (F)   12       -25      1967


SUNRISE AND SUNSET
FEBRUARY 18 2015......SUNRISE   728 AM CST   SUNSET   606 PM CST
FEBRUARY 19 2015......SUNRISE   727 AM CST   SUNSET   607 PM CST


-  INDICATES NEGATIVE NUMBERS.
R  INDICATES RECORD WAS SET OR TIED.
MM INDICATES DATA IS MISSING.
T  INDICATES TRACE AMOUNT.




$$
