000
CDUS43 KFSD 020700
CLIHON


CLIMATE REPORT
NATIONAL WEATHER SERVICE SIOUX FALLS SD
159 AM CDT MON OCT 2 2017


...................................

...THE HURON SD CLIMATE SUMMARY FOR OCTOBER 1 2017...

CLIMATE NORMAL PERIOD 1981 TO 2010
CLIMATE RECORD PERIOD 1881 TO 2017


WEATHER ITEM   OBSERVED TIME   RECORD YEAR NORMAL DEPARTURE LAST
                VALUE   (LST)  VALUE       VALUE  FROM      YEAR
                                                  NORMAL
..................................................................
TEMPERATURE (F)
 YESTERDAY
  MAXIMUM         79    334 PM  94    1892  68     11       76
  MINIMUM         55   1159 PM  20    2003  41     14       47
  AVERAGE         67                        54     13       62

PRECIPITATION (IN)
  YESTERDAY        0.56          1.42 1930   0.07   0.49     0.00
  MONTH TO DATE    0.56                      0.07   0.49     0.00
  SINCE SEP 1      6.53                      2.53   4.00     1.29
  SINCE JAN 1     18.84                     19.79  -0.95    15.84

SNOWFALL (IN)
  YESTERDAY        0.0           4.6  1999   0.0    0.0      0.0
  MONTH TO DATE    0.0                       0.0    0.0      0.0
  SINCE SEP 1      0.0                       0.0    0.0      0.0
  SINCE JUL 1      0.0                       0.0    0.0      0.0
  SNOW DEPTH       0

DEGREE DAYS
 HEATING
  YESTERDAY        0                        11    -11        3
  MONTH TO DATE    0                        11    -11        3
  SINCE SEP 1    123                       178    -55      103
  SINCE JUL 1    132                       207    -75      120

 COOLING
  YESTERDAY        2                         0      2        0
  MONTH TO DATE    2                         0      2        0
  SINCE SEP 1    109                        69     40       76
  SINCE JAN 1    729                       738     -9      882
..................................................................


WIND (MPH)
  HIGHEST WIND SPEED    25   HIGHEST WIND DIRECTION     S (170)
  HIGHEST GUST SPEED    33   HIGHEST GUST DIRECTION     S (170)
  AVERAGE WIND SPEED    14.9


SKY COVER
  POSSIBLE SUNSHINE  MM
  AVERAGE SKY COVER 0.5


WEATHER CONDITIONS
 THE FOLLOWING WEATHER WAS RECORDED YESTERDAY.
  RAIN
  LIGHT RAIN
  FOG


RELATIVE HUMIDITY (PERCENT)
 HIGHEST   100          1100 PM
 LOWEST     38           400 PM
 AVERAGE    69

..........................................................


THE HURON SD CLIMATE NORMALS FOR TODAY
                         NORMAL    RECORD    YEAR
 MAXIMUM TEMPERATURE (F)   67        94      1997
                                             1910
 MINIMUM TEMPERATURE (F)   41        15      1999


SUNRISE AND SUNSET
OCTOBER  2 2017.......SUNRISE   732 AM CDT   SUNSET   711 PM CDT
OCTOBER  3 2017.......SUNRISE   733 AM CDT   SUNSET   709 PM CDT


-  INDICATES NEGATIVE NUMBERS.
R  INDICATES RECORD WAS SET OR TIED.
MM INDICATES DATA IS MISSING.
T  INDICATES TRACE AMOUNT.




$$
