000
CDUS43 KFSD 270700
CLIHON


CLIMATE REPORT
NATIONAL WEATHER SERVICE SIOUX FALLS SD
200 AM CDT WED AUG 27 2014


...................................

...THE HURON SD CLIMATE SUMMARY FOR AUGUST 26 2014...

CLIMATE NORMAL PERIOD 1981 TO 2010
CLIMATE RECORD PERIOD 1881 TO 2014


WEATHER ITEM   OBSERVED TIME   RECORD YEAR NORMAL DEPARTURE LAST
                VALUE   (LST)  VALUE       VALUE  FROM      YEAR
                                                  NORMAL
..................................................................
TEMPERATURE (F)
 YESTERDAY
  MAXIMUM         70    319 PM 104    1976  82    -12       97
  MINIMUM         45    545 AM  38    1910  57    -12       72
  AVERAGE         58                        70    -12       85

PRECIPITATION (IN)
  YESTERDAY        0.00          0.82 1923   0.07  -0.07     0.00
  MONTH TO DATE    2.36                      2.09   0.27     1.22
  SINCE JUN 1      8.40                      8.94  -0.54     6.61
  SINCE JAN 1     12.89                     16.92  -4.03    17.20

SNOWFALL (IN)
  YESTERDAY        0.0           0.0    MM   0.0    0.0      0.0
  MONTH TO DATE    0.0                       0.0    0.0      0.0
  SINCE JUN 1      0.0                       0.0    0.0      0.0
  SINCE JUL 1      0.0                       0.0    0.0      0.0
  SNOW DEPTH       0

DEGREE DAYS
 HEATING
  YESTERDAY        7                         1      6        0
  MONTH TO DATE   10                        10      0        1
  SINCE JUN 1     73                        69      4       88
  SINCE JUL 1     33                        18     15       22

 COOLING
  YESTERDAY        0                         6     -6       20
  MONTH TO DATE  156                       199    -43      179
  SINCE JUN 1    436                       609   -173      569
  SINCE JAN 1    498                       642   -144      607
..................................................................


WIND (MPH)
  HIGHEST WIND SPEED     9   HIGHEST WIND DIRECTION    NE (50)
  HIGHEST GUST SPEED    13   HIGHEST GUST DIRECTION    NE (50)
  AVERAGE WIND SPEED     4.6


SKY COVER
  POSSIBLE SUNSHINE  MM
  AVERAGE SKY COVER 0.2


WEATHER CONDITIONS
 THE FOLLOWING WEATHER WAS RECORDED YESTERDAY.
  NO SIGNIFICANT WEATHER WAS OBSERVED.


RELATIVE HUMIDITY (PERCENT)
 HIGHEST   100           200 AM
 LOWEST     53           300 PM
 AVERAGE    77

..........................................................


THE HURON SD CLIMATE NORMALS FOR TODAY
                         NORMAL    RECORD    YEAR
 MAXIMUM TEMPERATURE (F)   82       102      1973
 MINIMUM TEMPERATURE (F)   57        40      1911
                                             1896


SUNRISE AND SUNSET
AUGUST 27 2014........SUNRISE   650 AM CDT   SUNSET   818 PM CDT
AUGUST 28 2014........SUNRISE   651 AM CDT   SUNSET   816 PM CDT


-  INDICATES NEGATIVE NUMBERS.
R  INDICATES RECORD WAS SET OR TIED.
MM INDICATES DATA IS MISSING.
T  INDICATES TRACE AMOUNT.




$$
