000
CDUS43 KFSD 080702
CLIHON


CLIMATE REPORT
NATIONAL WEATHER SERVICE SIOUX FALLS SD
101 AM CST WED FEB 8 2017


...................................

...THE HURON SD CLIMATE SUMMARY FOR FEBRUARY 7 2017...

CLIMATE NORMAL PERIOD 1981 TO 2010
CLIMATE RECORD PERIOD 1881 TO 2017


WEATHER ITEM   OBSERVED TIME   RECORD YEAR NORMAL DEPARTURE LAST
                VALUE   (LST)  VALUE       VALUE  FROM      YEAR
                                                  NORMAL
..................................................................
TEMPERATURE (F)
 YESTERDAY
  MAXIMUM         19   1211 AM  66    1987  30    -11       37
  MINIMUM          6   1159 PM -33    1914   9     -3       27
  AVERAGE         13                        19     -6       32

PRECIPITATION (IN)
  YESTERDAY        T             0.44 2001   0.02  -0.02     0.02
  MONTH TO DATE    T                         0.13  -0.13     0.08
  SINCE DEC 1      1.97                      1.15   0.82     1.65
  SINCE JAN 1      0.58                      0.63  -0.05     0.37

SNOWFALL (IN)
  YESTERDAY        T             6.0  2001   0.3   -0.3      0.3
  MONTH TO DATE    T                         1.8   -1.8      1.0
  SINCE DEC 1     17.0                      17.1   -0.1     20.6
  SINCE JUL 1     21.7                      25.4   -3.7     26.2
  SNOW DEPTH       T

DEGREE DAYS
 HEATING
  YESTERDAY       52                        46      6       33
  MONTH TO DATE  324                       325     -1      269
  SINCE DEC 1   3319                      3240     79     3017
  SINCE JUL 1   4527                      4942   -415     4307

 COOLING
  YESTERDAY        0                         0      0        0
  MONTH TO DATE    0                         0      0        0
  SINCE DEC 1      0                         0      0        0
  SINCE JAN 1      0                         0      0        0
..................................................................


WIND (MPH)
  HIGHEST WIND SPEED    26   HIGHEST WIND DIRECTION     N (350)
  HIGHEST GUST SPEED    32   HIGHEST GUST DIRECTION     N (340)
  AVERAGE WIND SPEED    16.9


SKY COVER
  POSSIBLE SUNSHINE  MM
  AVERAGE SKY COVER 0.7


WEATHER CONDITIONS
 THE FOLLOWING WEATHER WAS RECORDED YESTERDAY.
  LIGHT SNOW
  FOG


RELATIVE HUMIDITY (PERCENT)
 HIGHEST   100           300 AM
 LOWEST     66           700 PM
 AVERAGE    83

..........................................................


THE HURON SD CLIMATE NORMALS FOR TODAY
                         NORMAL    RECORD    YEAR
 MAXIMUM TEMPERATURE (F)   30        66      2000
 MINIMUM TEMPERATURE (F)    9       -34      1899


SUNRISE AND SUNSET
FEBRUARY  8 2017......SUNRISE   742 AM CST   SUNSET   553 PM CST
FEBRUARY  9 2017......SUNRISE   741 AM CST   SUNSET   554 PM CST


-  INDICATES NEGATIVE NUMBERS.
R  INDICATES RECORD WAS SET OR TIED.
MM INDICATES DATA IS MISSING.
T  INDICATES TRACE AMOUNT.




$$
