000
CDUS43 KFSD 110635
CLIHON


CLIMATE REPORT
NATIONAL WEATHER SERVICE SIOUX FALLS SD
135 AM CDT THU SEP 11 2014


...................................

...THE HURON SD CLIMATE SUMMARY FOR SEPTEMBER 10 2014...

CLIMATE NORMAL PERIOD 1981 TO 2010
CLIMATE RECORD PERIOD 1881 TO 2014


WEATHER ITEM   OBSERVED TIME   RECORD YEAR NORMAL DEPARTURE LAST
                VALUE   (LST)  VALUE       VALUE  FROM      YEAR
                                                  NORMAL
..................................................................
TEMPERATURE (F)
 YESTERDAY
  MAXIMUM         53    122 PM 103    1931  77    -24       86
  MINIMUM         45   1159 PM  30    1898  52     -7       63
  AVERAGE         49                        64    -15       75

PRECIPITATION (IN)
  YESTERDAY        0.07          1.36 1933   0.09  -0.02      T
  MONTH TO DATE    0.22                      0.87  -0.65      T
  SINCE SEP 1      0.22                      0.87  -0.65      T
  SINCE JAN 1     13.78                     18.13  -4.35    17.20

SNOWFALL (IN)
  YESTERDAY       MM             0.0    MM   0.0   MM        0.0
  MONTH TO DATE    0.0                       0.0    0.0      0.0
  SINCE SEP 1      0.0                       0.0    0.0      0.0
  SINCE JUL 1      0.0                       0.0    0.0      0.0
  SNOW DEPTH       0

DEGREE DAYS
 HEATING
  YESTERDAY       16                         4     12        0
  MONTH TO DATE   29                        27      2        2
  SINCE SEP 1     29                        27      2        2
  SINCE JUL 1     62                        56      6       24

 COOLING
  YESTERDAY        0                         3     -3       10
  MONTH TO DATE   28                        40    -12       99
  SINCE SEP 1     28                        40    -12       99
  SINCE JAN 1    551                       709   -158      787
..................................................................


WIND (MPH)
  HIGHEST WIND SPEED    26   HIGHEST WIND DIRECTION     N (350)
  HIGHEST GUST SPEED    35   HIGHEST GUST DIRECTION     N (350)
  AVERAGE WIND SPEED    16.2


SKY COVER
  POSSIBLE SUNSHINE  MM
  AVERAGE SKY COVER 1.0


WEATHER CONDITIONS
 THE FOLLOWING WEATHER WAS RECORDED YESTERDAY.
  LIGHT RAIN
  FOG


RELATIVE HUMIDITY (PERCENT)
 HIGHEST    96           100 AM
 LOWEST     71           100 PM
 AVERAGE    84

..........................................................


THE HURON SD CLIMATE NORMALS FOR TODAY
                         NORMAL    RECORD    YEAR
 MAXIMUM TEMPERATURE (F)   77       100      1931
 MINIMUM TEMPERATURE (F)   51        29      1955


SUNRISE AND SUNSET
SEPTEMBER 11 2014.....SUNRISE   707 AM CDT   SUNSET   751 PM CDT
SEPTEMBER 12 2014.....SUNRISE   708 AM CDT   SUNSET   749 PM CDT


-  INDICATES NEGATIVE NUMBERS.
R  INDICATES RECORD WAS SET OR TIED.
MM INDICATES DATA IS MISSING.
T  INDICATES TRACE AMOUNT.




$$
