000
CDUS43 KFSD 100624
CLIHON


CLIMATE REPORT
NATIONAL WEATHER SERVICE SIOUX FALLS SD
123 AM CDT MON APR 10 2017


...................................

...THE HURON SD CLIMATE SUMMARY FOR APRIL 9 2017...

CLIMATE NORMAL PERIOD 1981 TO 2010
CLIMATE RECORD PERIOD 1881 TO 2017


WEATHER ITEM   OBSERVED TIME   RECORD YEAR NORMAL DEPARTURE LAST
                VALUE   (LST)  VALUE       VALUE  FROM      YEAR
                                                  NORMAL
..................................................................
TEMPERATURE (F)
 YESTERDAY
  MAXIMUM         55    121 AM  91    1977  56     -1       59
  MINIMUM         36   1159 PM  10    1997  31      5       20
                                      1959
  AVERAGE         46                        44      2       40

PRECIPITATION (IN)
  YESTERDAY        0.52          0.54 1995   0.07   0.45     0.00
  MONTH TO DATE    0.70                      0.61   0.09     0.05
  SINCE MAR 1      1.47                      2.07  -0.60     1.12
  SINCE JAN 1      2.27                      3.17  -0.90     1.99

SNOWFALL (IN)
  YESTERDAY        0.0           7.8  1995   0.1   -0.1      0.0
  MONTH TO DATE    0.0                       1.6   -1.6       T
  SINCE MAR 1     13.9                      10.5    3.4      2.3
  SINCE JUL 1     35.9                      41.5   -5.6     33.0
  SNOW DEPTH       0

DEGREE DAYS
 HEATING
  YESTERDAY       19                        21     -2       25
  MONTH TO DATE  142                       208    -66      215
  SINCE MAR 1   1089                      1195   -106      962
  SINCE JUL 1   6238                      7027   -789     6038

 COOLING
  YESTERDAY        0                         0      0        0
  MONTH TO DATE    0                         0      0        0
  SINCE MAR 1      0                         0      0        0
  SINCE JAN 1      0                         0      0        0
..................................................................


WIND (MPH)
  HIGHEST WIND SPEED    21   HIGHEST WIND DIRECTION    NW (320)
  HIGHEST GUST SPEED    30   HIGHEST GUST DIRECTION    NW (330)
  AVERAGE WIND SPEED     9.3


SKY COVER
  POSSIBLE SUNSHINE  MM
  AVERAGE SKY COVER 0.9


WEATHER CONDITIONS
 THE FOLLOWING WEATHER WAS RECORDED YESTERDAY.
  RAIN
  LIGHT RAIN
  FOG


RELATIVE HUMIDITY (PERCENT)
 HIGHEST   100           300 AM
 LOWEST     71           100 AM
 AVERAGE    86

..........................................................


THE HURON SD CLIMATE NORMALS FOR TODAY
                         NORMAL    RECORD    YEAR
 MAXIMUM TEMPERATURE (F)   57        87      1977
 MINIMUM TEMPERATURE (F)   32         9      1997


SUNRISE AND SUNSET
APRIL 10 2017.........SUNRISE   657 AM CDT   SUNSET   812 PM CDT
APRIL 11 2017.........SUNRISE   656 AM CDT   SUNSET   813 PM CDT


-  INDICATES NEGATIVE NUMBERS.
R  INDICATES RECORD WAS SET OR TIED.
MM INDICATES DATA IS MISSING.
T  INDICATES TRACE AMOUNT.




$$
