000
CDUS43 KFSD 190638
CLIHON


CLIMATE REPORT
NATIONAL WEATHER SERVICE SIOUX FALLS SD
136 AM CDT SUN JUL 19 2015


...................................

...THE HURON SD CLIMATE SUMMARY FOR JULY 18 2015...

CLIMATE NORMAL PERIOD 1981 TO 2010
CLIMATE RECORD PERIOD 1881 TO 2015


WEATHER ITEM   OBSERVED TIME   RECORD YEAR NORMAL DEPARTURE LAST
                VALUE   (LST)  VALUE       VALUE  FROM      YEAR
                                                  NORMAL
..................................................................
TEMPERATURE (F)
 YESTERDAY
  MAXIMUM         85    308 PM 107    1940  87     -2       80
  MINIMUM         62   1159 PM  48    2009  62      0       59
  AVERAGE         74                        74      0       70

PRECIPITATION (IN)
  YESTERDAY        0.00          2.72 1919   0.09  -0.09     0.00
  MONTH TO DATE    1.35                      1.59  -0.24     3.45
  SINCE JUN 1      5.95                      5.52   0.43     5.82
  SINCE JAN 1     11.89                     13.50  -1.61    10.31

SNOWFALL (IN)
  YESTERDAY        0.0           0.0    MM   0.0    0.0      0.0
  MONTH TO DATE    0.0                       0.0    0.0      0.0
  SINCE JUN 1      T                         0.0    0.0      0.0
  SINCE JUL 1      0.0                       0.0    0.0      0.0
  SNOW DEPTH       0

DEGREE DAYS
 HEATING
  YESTERDAY        0                         0      0        0
  MONTH TO DATE    4                         0      4       16
  SINCE JUN 1     15                        51    -36       56
  SINCE JUL 1      4                         0      4       16

 COOLING
  YESTERDAY        9                         9      0        5
  MONTH TO DATE  158                       156      2       98
  SINCE JUN 1    308                       289     19      201
  SINCE JAN 1    328                       322      6      263
..................................................................


WIND (MPH)
  HIGHEST WIND SPEED    24   HIGHEST WIND DIRECTION    NW (320)
  HIGHEST GUST SPEED    31   HIGHEST GUST DIRECTION    NW (300)
  AVERAGE WIND SPEED    10.2


SKY COVER
  POSSIBLE SUNSHINE  MM
  AVERAGE SKY COVER 0.1


WEATHER CONDITIONS
 THE FOLLOWING WEATHER WAS RECORDED YESTERDAY.
  NO SIGNIFICANT WEATHER WAS OBSERVED.


RELATIVE HUMIDITY (PERCENT)
 HIGHEST   100           300 AM
 LOWEST     32           300 PM
 AVERAGE    66

..........................................................


THE HURON SD CLIMATE NORMALS FOR TODAY
                         NORMAL    RECORD    YEAR
 MAXIMUM TEMPERATURE (F)   87       106      1934
 MINIMUM TEMPERATURE (F)   62        47      1971


SUNRISE AND SUNSET
JULY 19 2015..........SUNRISE   606 AM CDT   SUNSET   912 PM CDT
JULY 20 2015..........SUNRISE   607 AM CDT   SUNSET   911 PM CDT


-  INDICATES NEGATIVE NUMBERS.
R  INDICATES RECORD WAS SET OR TIED.
MM INDICATES DATA IS MISSING.
T  INDICATES TRACE AMOUNT.




$$
