000
CDUS43 KFSD 060625
CLIHON


CLIMATE REPORT
NATIONAL WEATHER SERVICE SIOUX FALLS SD
125 AM CDT SUN APR 6 2014


...................................

...THE HURON SD CLIMATE SUMMARY FOR APRIL 5 2014...

CLIMATE NORMAL PERIOD 1981 TO 2010
CLIMATE RECORD PERIOD 1881 TO 2014


WEATHER ITEM   OBSERVED TIME   RECORD YEAR NORMAL DEPARTURE LAST
                VALUE   (LST)  VALUE       VALUE  FROM      YEAR
                                                  NORMAL
..................................................................
TEMPERATURE (F)
 YESTERDAY
  MAXIMUM         69    404 PM  85    1992  54     15       59
  MINIMUM         28    533 AM   7    1926  30     -2       29
  AVERAGE         49                        42      7       44

PRECIPITATION (IN)
  YESTERDAY        0.00          1.05 1997   0.07  -0.07     0.00
  MONTH TO DATE    T                         0.32  -0.32     0.00
  SINCE MAR 1      0.47                      1.78  -1.31     0.78
  SINCE JAN 1      1.03                      2.88  -1.85     2.16

SNOWFALL (IN)
  YESTERDAY        0.0          12.4  1938   0.1   -0.1      0.0
  MONTH TO DATE    T                         0.9   -0.9      0.0
  SINCE MAR 1      4.7                       9.8   -5.1      7.2
  SINCE JUL 1     26.4                      40.8  -14.4     40.4
  SNOW DEPTH       0

DEGREE DAYS
 HEATING
  YESTERDAY       16                        23     -7       21
  MONTH TO DATE  151                       120     31      133
  SINCE MAR 1   1252                      1107    145     1371
  SINCE JUL 1   7572                      6939    633     7197

 COOLING
  YESTERDAY        0                         0      0        0
  MONTH TO DATE    0                         0      0        0
  SINCE MAR 1      0                         0      0        0
  SINCE JAN 1      0                         0      0        0
..................................................................


WIND (MPH)
  HIGHEST WIND SPEED    25   HIGHEST WIND DIRECTION     S (180)
  HIGHEST GUST SPEED    35   HIGHEST GUST DIRECTION     S (170)
  AVERAGE WIND SPEED    13.7


SKY COVER
  POSSIBLE SUNSHINE  MM
  AVERAGE SKY COVER 0.1


WEATHER CONDITIONS
 THE FOLLOWING WEATHER WAS RECORDED YESTERDAY.
  NO SIGNIFICANT WEATHER WAS OBSERVED.


RELATIVE HUMIDITY (PERCENT)
 HIGHEST    85           400 AM
 LOWEST     22           400 PM
 AVERAGE    54

..........................................................


THE HURON SD CLIMATE NORMALS FOR TODAY
                         NORMAL    RECORD    YEAR
 MAXIMUM TEMPERATURE (F)   54        88      1991
 MINIMUM TEMPERATURE (F)   30         8      1990


SUNRISE AND SUNSET
APRIL  6 2014.........SUNRISE   705 AM CDT   SUNSET   806 PM CDT
APRIL  7 2014.........SUNRISE   703 AM CDT   SUNSET   808 PM CDT


-  INDICATES NEGATIVE NUMBERS.
R  INDICATES RECORD WAS SET OR TIED.
MM INDICATES DATA IS MISSING.
T  INDICATES TRACE AMOUNT.




$$
