000
CDUS43 KFSD 200626
CLIHON


CLIMATE REPORT
NATIONAL WEATHER SERVICE SIOUX FALLS SD
125 AM CDT FRI MAR 20 2015


...................................

...THE HURON SD CLIMATE SUMMARY FOR MARCH 19 2015...

CLIMATE NORMAL PERIOD 1981 TO 2010
CLIMATE RECORD PERIOD 1881 TO 2015


WEATHER ITEM   OBSERVED TIME   RECORD YEAR NORMAL DEPARTURE LAST
                VALUE   (LST)  VALUE       VALUE  FROM      YEAR
                                                  NORMAL
..................................................................
TEMPERATURE (F)
 YESTERDAY
  MAXIMUM         56    112 PM  78    2004  45     11       50
  MINIMUM         25   1159 PM  -8    1893  24      1       25
  AVERAGE         41                        34      7       38

PRECIPITATION (IN)
  YESTERDAY        0.00          1.18 1982   0.05  -0.05      T
  MONTH TO DATE    0.13                      0.75  -0.62     0.37
  SINCE MAR 1      0.13                      0.75  -0.62     0.37
  SINCE JAN 1      0.74                      1.85  -1.11     0.93

SNOWFALL (IN)
  YESTERDAY        0.0           5.7  1970   0.3   -0.3      0.0
  MONTH TO DATE    1.2                       6.0   -4.8      3.5
  SINCE MAR 1      1.2                       6.0   -4.8      3.5
  SINCE JUL 1     22.8                      37.0  -14.2     25.2
  SNOW DEPTH       0

DEGREE DAYS
 HEATING
  YESTERDAY       24                        31     -7       27
  MONTH TO DATE  551                       654   -103      705
  SINCE MAR 1    551                       654   -103      705
  SINCE JUL 1   6488                      6486      2     7025

 COOLING
  YESTERDAY        0                         0      0        0
  MONTH TO DATE    2                         0      2        0
  SINCE MAR 1      2                         0      2        0
  SINCE JAN 1      2                         0      2        0
..................................................................


WIND (MPH)
  HIGHEST WIND SPEED    28   HIGHEST WIND DIRECTION    NW (300)
  HIGHEST GUST SPEED    32   HIGHEST GUST DIRECTION    NW (320)
  AVERAGE WIND SPEED    13.2


SKY COVER
  POSSIBLE SUNSHINE  MM
  AVERAGE SKY COVER 0.6


WEATHER CONDITIONS
 THE FOLLOWING WEATHER WAS RECORDED YESTERDAY.
  NO SIGNIFICANT WEATHER WAS OBSERVED.


RELATIVE HUMIDITY (PERCENT)
 HIGHEST    88          1000 PM
 LOWEST     39          1000 AM
 AVERAGE    64

..........................................................


THE HURON SD CLIMATE NORMALS FOR TODAY
                         NORMAL    RECORD    YEAR
 MAXIMUM TEMPERATURE (F)   46        75      1911
 MINIMUM TEMPERATURE (F)   24        -5      1965


SUNRISE AND SUNSET
MARCH 20 2015.........SUNRISE   736 AM CDT   SUNSET   745 PM CDT
MARCH 21 2015.........SUNRISE   735 AM CDT   SUNSET   746 PM CDT


-  INDICATES NEGATIVE NUMBERS.
R  INDICATES RECORD WAS SET OR TIED.
MM INDICATES DATA IS MISSING.
T  INDICATES TRACE AMOUNT.




$$
