000
CDUS43 KFSD 070632
CLIHON


CLIMATE REPORT
NATIONAL WEATHER SERVICE SIOUX FALLS SD
1230 AM CST TUE FEB 7 2017


...................................

...THE HURON SD CLIMATE SUMMARY FOR FEBRUARY 6 2017...

CLIMATE NORMAL PERIOD 1981 TO 2010
CLIMATE RECORD PERIOD 1881 TO 2017


WEATHER ITEM   OBSERVED TIME   RECORD YEAR NORMAL DEPARTURE LAST
                VALUE   (LST)  VALUE       VALUE  FROM      YEAR
                                                  NORMAL
..................................................................
TEMPERATURE (F)
 YESTERDAY
  MAXIMUM         34    257 PM  61    1987  29      5       42
  MINIMUM         17    756 AM -30    1889   9      8       22
  AVERAGE         26                        19      7       32

PRECIPITATION (IN)
  YESTERDAY        0.00          0.51 1928   0.02  -0.02     0.00
  MONTH TO DATE    T                         0.11  -0.11     0.06
  SINCE DEC 1      1.97                      1.13   0.84     1.63
  SINCE JAN 1      0.58                      0.61  -0.03     0.35

SNOWFALL (IN)
  YESTERDAY        0.0           2.8  1937   0.2   -0.2      0.0
  MONTH TO DATE    T                         1.5   -1.5      0.7
  SINCE DEC 1     17.0                      16.8    0.2     20.3
  SINCE JUL 1     21.7                      25.1   -3.4     25.9
  SNOW DEPTH       T

DEGREE DAYS
 HEATING
  YESTERDAY       39                        46     -7       33
  MONTH TO DATE  272                       279     -7      236
  SINCE DEC 1   3267                      3194     73     2984
  SINCE JUL 1   4475                      4896   -421     4274

 COOLING
  YESTERDAY        0                         0      0        0
  MONTH TO DATE    0                         0      0        0
  SINCE DEC 1      0                         0      0        0
  SINCE JAN 1      0                         0      0        0
..................................................................


WIND (MPH)
  HIGHEST WIND SPEED    20   HIGHEST WIND DIRECTION     N (340)
  HIGHEST GUST SPEED    23   HIGHEST GUST DIRECTION     N (340)
  AVERAGE WIND SPEED     9.1


SKY COVER
  POSSIBLE SUNSHINE  MM
  AVERAGE SKY COVER 0.3


WEATHER CONDITIONS
 THE FOLLOWING WEATHER WAS RECORDED YESTERDAY.
  NO SIGNIFICANT WEATHER WAS OBSERVED.


RELATIVE HUMIDITY (PERCENT)
 HIGHEST   100           400 AM
 LOWEST     72           200 PM
 AVERAGE    86

..........................................................


THE HURON SD CLIMATE NORMALS FOR TODAY
                         NORMAL    RECORD    YEAR
 MAXIMUM TEMPERATURE (F)   30        66      1987
 MINIMUM TEMPERATURE (F)    9       -33      1914


SUNRISE AND SUNSET
FEBRUARY  7 2017......SUNRISE   743 AM CST   SUNSET   551 PM CST
FEBRUARY  8 2017......SUNRISE   742 AM CST   SUNSET   553 PM CST


-  INDICATES NEGATIVE NUMBERS.
R  INDICATES RECORD WAS SET OR TIED.
MM INDICATES DATA IS MISSING.
T  INDICATES TRACE AMOUNT.




$$
