000
CDUS43 KFSD 011140
CLIHON


CLIMATE REPORT
NATIONAL WEATHER SERVICE SIOUX FALLS SD
539 AM CST SUN JAN 1 2017


...................................

...THE HURON SD CLIMATE SUMMARY FOR DECEMBER 31 2016...

CLIMATE NORMAL PERIOD 1981 TO 2010
CLIMATE RECORD PERIOD 1881 TO 2016


WEATHER ITEM   OBSERVED TIME   RECORD YEAR NORMAL DEPARTURE LAST
                VALUE   (LST)  VALUE       VALUE  FROM      YEAR
                                                  NORMAL
..................................................................
TEMPERATURE (F)
 YESTERDAY
  MAXIMUM         30    441 PM  53    1999  27      3       23
  MINIMUM         19   1054 AM -23    1973   7     12        1
                                      1967
                                      1884
  AVERAGE         25                        17      8       12

PRECIPITATION (IN)
  YESTERDAY        0.00          0.44 1887   0.02  -0.02      T
  MONTH TO DATE    1.39                      0.52   0.87     1.28
  SINCE DEC 1      1.39                      0.52   0.87     1.28
  SINCE JAN 1     19.52                     22.90  -3.38    25.58

SNOWFALL (IN)
  YESTERDAY        0.0           6.5  2010   0.3   -0.3       T
  MONTH TO DATE   10.0                       8.0    2.0     14.3
  SINCE DEC 1     10.0                       8.0    2.0     14.3
  SINCE JUL 1     14.7                      16.3   -1.6     19.9
  SNOW DEPTH       T

DEGREE DAYS
 HEATING
  YESTERDAY       40                        48     -8       53
  MONTH TO DATE 1499                      1417     82     1258
  SINCE DEC 1   1499                      1418     81     1258
  SINCE JUL 1   2707                      3120   -413     2548

 COOLING
  YESTERDAY        0                         0      0        0
  MONTH TO DATE    0                         0      0        0
  SINCE DEC 1      0                         0      0        0
  SINCE JAN 1    887                       742    145      797
..................................................................


WIND (MPH)
  HIGHEST WIND SPEED    28   HIGHEST WIND DIRECTION    NW (310)
  HIGHEST GUST SPEED    34   HIGHEST GUST DIRECTION    NW (320)
  AVERAGE WIND SPEED    12.7


SKY COVER
  POSSIBLE SUNSHINE  MM
  AVERAGE SKY COVER 0.5


WEATHER CONDITIONS
 THE FOLLOWING WEATHER WAS RECORDED YESTERDAY.
  NO SIGNIFICANT WEATHER WAS OBSERVED.


RELATIVE HUMIDITY (PERCENT)
 HIGHEST    84           500 AM
 LOWEST     63           400 PM
 AVERAGE    74

..........................................................


THE HURON SD CLIMATE NORMALS FOR TODAY
                         NORMAL    RECORD    YEAR
 MAXIMUM TEMPERATURE (F)   26        59      1998
 MINIMUM TEMPERATURE (F)    7       -33      1885


SUNRISE AND SUNSET
JANUARY  1 2017.......SUNRISE   809 AM CST   SUNSET   505 PM CST
JANUARY  2 2017.......SUNRISE   809 AM CST   SUNSET   505 PM CST


-  INDICATES NEGATIVE NUMBERS.
R  INDICATES RECORD WAS SET OR TIED.
MM INDICATES DATA IS MISSING.
T  INDICATES TRACE AMOUNT.




$$
