000
CDUS43 KFSD 150728
CLIHON


CLIMATE REPORT
NATIONAL WEATHER SERVICE SIOUX FALLS SD
226 AM CDT FRI APR 15 2016


...................................

...THE HURON SD CLIMATE SUMMARY FOR APRIL 14 2016...

CLIMATE NORMAL PERIOD 1981 TO 2010
CLIMATE RECORD PERIOD 1881 TO 2016


WEATHER ITEM   OBSERVED TIME   RECORD YEAR NORMAL DEPARTURE LAST
                VALUE   (LST)  VALUE       VALUE  FROM      YEAR
                                                  NORMAL
..................................................................
TEMPERATURE (F)
 YESTERDAY
  MAXIMUM         81    313 PM  91    2003  59     22       78
  MINIMUM         48    615 AM   6    1928  33     15       37
  AVERAGE         65                        46     19       58

PRECIPITATION (IN)
  YESTERDAY        0.00          1.74 1944   0.07  -0.07     0.00
  MONTH TO DATE    0.09                      0.98  -0.89     0.25
  SINCE MAR 1      1.16                      2.44  -1.28     0.41
  SINCE JAN 1      2.03                      3.54  -1.51     1.02

SNOWFALL (IN)
  YESTERDAY        0.0           4.0  1986   0.2   -0.2      0.0
  MONTH TO DATE    T                         2.5   -2.5       T
  SINCE MAR 1      2.3                      11.4   -9.1      1.2
  SINCE JUL 1     33.0                      42.4   -9.4     22.8
  SNOW DEPTH       0

DEGREE DAYS
 HEATING
  YESTERDAY        0                        19    -19        7
  MONTH TO DATE  292                       309    -17      241
  SINCE MAR 1   1039                      1296   -257     1099
  SINCE JUL 1   6115                      7128  -1013     7036

 COOLING
  YESTERDAY        0                         0      0        0
  MONTH TO DATE    0                         0      0        0
  SINCE MAR 1      0                         0      0        2
  SINCE JAN 1      0                         0      0        2
..................................................................


WIND (MPH)
  HIGHEST WIND SPEED    30   HIGHEST WIND DIRECTION     S (170)
  HIGHEST GUST SPEED    38   HIGHEST GUST DIRECTION     S (170)
  AVERAGE WIND SPEED    17.7


SKY COVER
  POSSIBLE SUNSHINE  MM
  AVERAGE SKY COVER 0.0


WEATHER CONDITIONS
 THE FOLLOWING WEATHER WAS RECORDED YESTERDAY.
  NO SIGNIFICANT WEATHER WAS OBSERVED.


RELATIVE HUMIDITY (PERCENT)
 HIGHEST    77           500 AM
 LOWEST     21           300 PM
 AVERAGE    49

..........................................................


THE HURON SD CLIMATE NORMALS FOR TODAY
                         NORMAL    RECORD    YEAR
 MAXIMUM TEMPERATURE (F)   59        86      1926
                                             1898
 MINIMUM TEMPERATURE (F)   34        14      2014


SUNRISE AND SUNSET
APRIL 15 2016.........SUNRISE   648 AM CDT   SUNSET   818 PM CDT
APRIL 16 2016.........SUNRISE   646 AM CDT   SUNSET   819 PM CDT


-  INDICATES NEGATIVE NUMBERS.
R  INDICATES RECORD WAS SET OR TIED.
MM INDICATES DATA IS MISSING.
T  INDICATES TRACE AMOUNT.




$$
