000
CDUS43 KFSD 100932
CLIHON


CLIMATE REPORT
NATIONAL WEATHER SERVICE SIOUX FALLS SD
431 AM CDT TUE MAY 10 2016


...................................

...THE HURON SD CLIMATE SUMMARY FOR MAY 9 2016...

CLIMATE NORMAL PERIOD 1981 TO 2010
CLIMATE RECORD PERIOD 1881 TO 2016


WEATHER ITEM   OBSERVED TIME   RECORD YEAR NORMAL DEPARTURE LAST
                VALUE   (LST)  VALUE       VALUE  FROM      YEAR
                                                  NORMAL
..................................................................
TEMPERATURE (F)
 YESTERDAY
  MAXIMUM         72    403 PM  95    1928  68      4       55
                                      1911
  MINIMUM         53    615 AM  24    1966  44      9       37
  AVERAGE         63                        56      7       46

PRECIPITATION (IN)
  YESTERDAY        0.34          1.94 1905   0.09   0.25     0.04
  MONTH TO DATE    0.34                      0.83  -0.49     1.12
  SINCE MAR 1      5.55                      4.60   0.95     1.88
  SINCE JAN 1      6.42                      5.70   0.72     2.49

SNOWFALL (IN)
  YESTERDAY        0.0           1.5  1945   0.0    0.0      0.0
  MONTH TO DATE    0.0                       0.1   -0.1      0.0
  SINCE MAR 1      2.3                      13.0  -10.7      1.2
  SINCE JUL 1     33.0                      44.0  -11.0     22.8
  SNOW DEPTH       0

DEGREE DAYS
 HEATING
  YESTERDAY        2                        10     -8       19
  MONTH TO DATE   68                        99    -31       62
  SINCE MAR 1   1344                      1645   -301     1363
  SINCE JUL 1   6420                      7477  -1057     7300

 COOLING
  YESTERDAY        0                         1     -1        0
  MONTH TO DATE   10                         6      4        3
  SINCE MAR 1     11                        10      1        5
  SINCE JAN 1     11                        10      1        5
..................................................................


WIND (MPH)
  HIGHEST WIND SPEED    20   HIGHEST WIND DIRECTION    SE (140)
  HIGHEST GUST SPEED    29   HIGHEST GUST DIRECTION     S (160)
  AVERAGE WIND SPEED    10.6


SKY COVER
  POSSIBLE SUNSHINE  MM
  AVERAGE SKY COVER 0.6


WEATHER CONDITIONS
 THE FOLLOWING WEATHER WAS RECORDED YESTERDAY.
  THUNDERSTORM
  HEAVY RAIN
  RAIN
  LIGHT RAIN
  FOG


RELATIVE HUMIDITY (PERCENT)
 HIGHEST    93           800 AM
 LOWEST     51          1200 AM
 AVERAGE    72

..........................................................


THE HURON SD CLIMATE NORMALS FOR TODAY
                         NORMAL    RECORD    YEAR
 MAXIMUM TEMPERATURE (F)   69        92      1987
 MINIMUM TEMPERATURE (F)   44        19      1981


SUNRISE AND SUNSET
MAY 10 2016...........SUNRISE   611 AM CDT   SUNSET   848 PM CDT
MAY 11 2016...........SUNRISE   610 AM CDT   SUNSET   849 PM CDT


-  INDICATES NEGATIVE NUMBERS.
R  INDICATES RECORD WAS SET OR TIED.
MM INDICATES DATA IS MISSING.
T  INDICATES TRACE AMOUNT.




$$
