000
CDUS43 KFSD 060700
CLIHON


CLIMATE REPORT
NATIONAL WEATHER SERVICE SIOUX FALLS SD
159 AM CDT THU APR 6 2017


...................................

...THE HURON SD CLIMATE SUMMARY FOR APRIL 5 2017...

CLIMATE NORMAL PERIOD 1981 TO 2010
CLIMATE RECORD PERIOD 1881 TO 2017


WEATHER ITEM   OBSERVED TIME   RECORD YEAR NORMAL DEPARTURE LAST
                VALUE   (LST)  VALUE       VALUE  FROM      YEAR
                                                  NORMAL
..................................................................
TEMPERATURE (F)
 YESTERDAY
  MAXIMUM         53    208 PM  85    1992  54     -1       65
  MINIMUM         29   1153 PM   7    1926  30     -1       39
  AVERAGE         41                        42     -1       52

PRECIPITATION (IN)
  YESTERDAY        0.09          1.05 1997   0.07   0.02     0.01
  MONTH TO DATE    0.18                      0.32  -0.14     0.01
  SINCE MAR 1      0.95                      1.78  -0.83     1.08
  SINCE JAN 1      1.75                      2.88  -1.13     1.95

SNOWFALL (IN)
  YESTERDAY        0.0          12.4  1938   0.1   -0.1      0.0
  MONTH TO DATE    0.0                       0.9   -0.9       T
  SINCE MAR 1     13.9                       9.8    4.1      2.3
  SINCE JUL 1     35.9                      40.8   -4.9     33.0
  SNOW DEPTH       0

DEGREE DAYS
 HEATING
  YESTERDAY       24                        23      1       13
  MONTH TO DATE   85                       120    -35      106
  SINCE MAR 1   1032                      1107    -75      853
  SINCE JUL 1   6181                      6939   -758     5929

 COOLING
  YESTERDAY        0                         0      0        0
  MONTH TO DATE    0                         0      0        0
  SINCE MAR 1      0                         0      0        0
  SINCE JAN 1      0                         0      0        0
..................................................................


WIND (MPH)
  HIGHEST WIND SPEED    26   HIGHEST WIND DIRECTION     N (340)
  HIGHEST GUST SPEED    32   HIGHEST GUST DIRECTION     N (340)
  AVERAGE WIND SPEED     9.4


SKY COVER
  POSSIBLE SUNSHINE  MM
  AVERAGE SKY COVER 0.3


WEATHER CONDITIONS
 THE FOLLOWING WEATHER WAS RECORDED YESTERDAY.
  RAIN
  LIGHT RAIN
  FOG


RELATIVE HUMIDITY (PERCENT)
 HIGHEST   100          1100 PM
 LOWEST     56           400 PM
 AVERAGE    78

..........................................................


THE HURON SD CLIMATE NORMALS FOR TODAY
                         NORMAL    RECORD    YEAR
 MAXIMUM TEMPERATURE (F)   54        88      1991
 MINIMUM TEMPERATURE (F)   30         8      1990


SUNRISE AND SUNSET
APRIL  6 2017.........SUNRISE   704 AM CDT   SUNSET   807 PM CDT
APRIL  7 2017.........SUNRISE   703 AM CDT   SUNSET   808 PM CDT


-  INDICATES NEGATIVE NUMBERS.
R  INDICATES RECORD WAS SET OR TIED.
MM INDICATES DATA IS MISSING.
T  INDICATES TRACE AMOUNT.




$$
