000
CDUS43 KFSD 110643
CLIHON


CLIMATE REPORT
NATIONAL WEATHER SERVICE SIOUX FALLS SD
1242 AM CST THU DEC 11 2014


...................................

...THE HURON SD CLIMATE SUMMARY FOR DECEMBER 10 2014...

CLIMATE NORMAL PERIOD 1981 TO 2010
CLIMATE RECORD PERIOD 1881 TO 2014


WEATHER ITEM   OBSERVED TIME   RECORD YEAR NORMAL DEPARTURE LAST
                VALUE   (LST)  VALUE       VALUE  FROM      YEAR
                                                  NORMAL
..................................................................
TEMPERATURE (F)
 YESTERDAY
  MAXIMUM         35    152 PM  59    1979  30      5       19
  MINIMUM         22    839 AM -21    1917  11     11       -4
  AVERAGE         29                        20      9        8

PRECIPITATION (IN)
  YESTERDAY        0.00          0.70 1949   0.02  -0.02     0.06
  MONTH TO DATE    0.00                      0.18  -0.18     0.45
  SINCE DEC 1      0.00                      0.18  -0.18     0.45
  SINCE JAN 1     15.68                     22.56  -6.88    24.63

SNOWFALL (IN)
  YESTERDAY        0.0           5.0  1970   0.3   -0.3      0.8
  MONTH TO DATE    0.0                       2.6   -2.6      4.9
  SINCE DEC 1      0.0                       2.6   -2.6      4.9
  SINCE JUL 1      7.9                      10.9   -3.0      7.4
  SNOW DEPTH       0

DEGREE DAYS
 HEATING
  YESTERDAY       36                        45     -9       57
  MONTH TO DATE  407                       429    -22      540
  SINCE DEC 1    407                       429    -22      540
  SINCE JUL 1   2264                      2131    133     2177

 COOLING
  YESTERDAY        0                         0      0        0
  MONTH TO DATE    0                         0      0        0
  SINCE DEC 1      0                         0      0        0
  SINCE JAN 1    597                       742   -145      848
..................................................................


WIND (MPH)
  HIGHEST WIND SPEED    17   HIGHEST WIND DIRECTION    SE (150)
  HIGHEST GUST SPEED    24   HIGHEST GUST DIRECTION    SE (150)
  AVERAGE WIND SPEED    11.5


SKY COVER
  POSSIBLE SUNSHINE  MM
  AVERAGE SKY COVER 0.3


WEATHER CONDITIONS
 THE FOLLOWING WEATHER WAS RECORDED YESTERDAY.
  FOG


RELATIVE HUMIDITY (PERCENT)
 HIGHEST   100          1100 PM
 LOWEST     69           100 PM
 AVERAGE    85

..........................................................


THE HURON SD CLIMATE NORMALS FOR TODAY
                         NORMAL    RECORD    YEAR
 MAXIMUM TEMPERATURE (F)   30        59      1939
 MINIMUM TEMPERATURE (F)   10       -18      2013


SUNRISE AND SUNSET
DECEMBER 11 2014......SUNRISE   759 AM CST   SUNSET   453 PM CST
DECEMBER 12 2014......SUNRISE   800 AM CST   SUNSET   454 PM CST


-  INDICATES NEGATIVE NUMBERS.
R  INDICATES RECORD WAS SET OR TIED.
MM INDICATES DATA IS MISSING.
T  INDICATES TRACE AMOUNT.




$$
