000
CDUS43 KFSD 111121
CLIHON


CLIMATE REPORT
NATIONAL WEATHER SERVICE SIOUX FALLS SD
520 AM CST SAT NOV 11 2017


...................................

...THE HURON SD CLIMATE SUMMARY FOR NOVEMBER 10 2017...

CLIMATE NORMAL PERIOD 1981 TO 2010
CLIMATE RECORD PERIOD 1881 TO 2017


WEATHER ITEM   OBSERVED TIME   RECORD YEAR NORMAL DEPARTURE LAST
                VALUE   (LST)  VALUE       VALUE  FROM      YEAR
                                                  NORMAL
..................................................................
TEMPERATURE (F)
 YESTERDAY
  MAXIMUM         28    949 PM  74    1912  47    -19       66
  MINIMUM         17    630 AM  -6    1986  25     -8       30
  AVERAGE         23                        36    -13       48

PRECIPITATION (IN)
  YESTERDAY        0.00          1.20 1998   0.04  -0.04     0.00
  MONTH TO DATE    0.08                      0.35  -0.27      T
  SINCE SEP 1      7.83                      4.60   3.23     2.34
  SINCE JAN 1     20.14                     21.86  -1.72    16.89

SNOWFALL (IN)
  YESTERDAY        0.0          12.0  1998   0.2   -0.2      0.0
  MONTH TO DATE    1.3                       1.6   -0.3      0.0
  SINCE SEP 1      1.3                       2.7   -1.4      0.0
  SINCE JUL 1      1.3                       2.7   -1.4      0.0
  SNOW DEPTH       0

DEGREE DAYS
 HEATING
  YESTERDAY       42                        29     13       17
  MONTH TO DATE  360                       266     94      128
  SINCE SEP 1    995                       967     28      620
  SINCE JUL 1   1004                       996      8      637

 COOLING
  YESTERDAY        0                         0      0        0
  MONTH TO DATE    0                         0      0        0
  SINCE SEP 1    110                        73     37       81
  SINCE JAN 1    730                       742    -12      887
..................................................................


WIND (MPH)
  HIGHEST WIND SPEED    32   HIGHEST WIND DIRECTION    SE (150)
  HIGHEST GUST SPEED    41   HIGHEST GUST DIRECTION    SE (150)
  AVERAGE WIND SPEED    17.5


SKY COVER
  POSSIBLE SUNSHINE  MM
  AVERAGE SKY COVER 0.6


WEATHER CONDITIONS
 THE FOLLOWING WEATHER WAS RECORDED YESTERDAY.
  NO SIGNIFICANT WEATHER WAS OBSERVED.


RELATIVE HUMIDITY (PERCENT)
 HIGHEST    63           900 PM
 LOWEST     49          1200 AM
 AVERAGE    56

..........................................................


THE HURON SD CLIMATE NORMALS FOR TODAY
                         NORMAL    RECORD    YEAR
 MAXIMUM TEMPERATURE (F)   46        71      1999
 MINIMUM TEMPERATURE (F)   25       -10      1986


SUNRISE AND SUNSET
NOVEMBER 11 2017......SUNRISE   724 AM CST   SUNSET   509 PM CST
NOVEMBER 12 2017......SUNRISE   725 AM CST   SUNSET   508 PM CST


-  INDICATES NEGATIVE NUMBERS.
R  INDICATES RECORD WAS SET OR TIED.
MM INDICATES DATA IS MISSING.
T  INDICATES TRACE AMOUNT.




$$
