000
CDUS43 KFSD 202234
CLIHON


CLIMATE REPORT
NATIONAL WEATHER SERVICE SIOUX FALLS SD
534 PM CDT MON JUL 20 2015


...................................

...THE HURON SD CLIMATE SUMMARY FOR JULY 20 2015...
VALID TODAY AS OF 0500 PM LOCAL TIME.

CLIMATE NORMAL PERIOD 1981 TO 2010
CLIMATE RECORD PERIOD 1881 TO 2015


WEATHER ITEM   OBSERVED TIME   RECORD YEAR NORMAL DEPARTURE LAST
                VALUE   (LST)  VALUE       VALUE  FROM      YEAR
                                                  NORMAL
..................................................................
TEMPERATURE (F)
 TODAY
  MAXIMUM         83    149 PM 111    1934  87     -4       87
  MINIMUM         63    559 AM  46    1970  62      1       67
  AVERAGE         73                        74     -1       77

PRECIPITATION (IN)
  TODAY            0.38          1.69 2001   0.10   0.28     0.00
  MONTH TO DATE    1.73                      1.78  -0.05     3.45
  SINCE JUN 1      6.33                      5.71   0.62     5.82
  SINCE JAN 1     12.27                     13.69  -1.42    10.31

SNOWFALL (IN)
  TODAY            0.0           0.0    MM   0.0    0.0      0.0
  MONTH TO DATE    0.0                       0.0    0.0      0.0
  SINCE JUN 1      T                         0.0    0.0      0.0
  SINCE JUL 1      0.0                       0.0    0.0      0.0
  SNOW DEPTH       0

DEGREE DAYS
 HEATING
  TODAY            0                         0      0        0
  MONTH TO DATE    4                         0      4       16
  SINCE JUN 1     15                        51    -36       56
  SINCE JUL 1      4                         0      4       16

 COOLING
  TODAY            8                         9     -1       12
  MONTH TO DATE  176                       174      2      118
  SINCE JUN 1    326                       307     19      221
  SINCE JAN 1    346                       340      6      283
..................................................................


WIND (MPH)
  HIGHEST WIND SPEED    35   HIGHEST WIND DIRECTION     N (350)
  HIGHEST GUST SPEED    52   HIGHEST GUST DIRECTION     N (360)
  AVERAGE WIND SPEED    12.8


SKY COVER
  POSSIBLE SUNSHINE  MM
  AVERAGE SKY COVER 0.2


WEATHER CONDITIONS
 THE FOLLOWING WEATHER WAS RECORDED TODAY.
  THUNDERSTORM
  HEAVY RAIN
  RAIN
  LIGHT RAIN
  FOG


RELATIVE HUMIDITY (PERCENT)
 HIGHEST    93           300 AM
 LOWEST     34           300 PM
 AVERAGE    64

..........................................................


THE HURON SD CLIMATE NORMALS FOR TOMORROW
                         NORMAL    RECORD    YEAR
 MAXIMUM TEMPERATURE (F)   87       110      1934
 MINIMUM TEMPERATURE (F)   62        43      1947


SUNRISE AND SUNSET
JULY 20 2015..........SUNRISE   607 AM CDT   SUNSET   911 PM CDT
JULY 21 2015..........SUNRISE   608 AM CDT   SUNSET   910 PM CDT


-  INDICATES NEGATIVE NUMBERS.
R  INDICATES RECORD WAS SET OR TIED.
MM INDICATES DATA IS MISSING.
T  INDICATES TRACE AMOUNT.




$$
