000
CDUS43 KFSD 230641
CLIHON


CLIMATE REPORT
NATIONAL WEATHER SERVICE SIOUX FALLS SD
1240 AM CST WED NOV 23 2016


...................................

...THE HURON SD CLIMATE SUMMARY FOR NOVEMBER 22 2016...

CLIMATE NORMAL PERIOD 1981 TO 2010
CLIMATE RECORD PERIOD 1881 TO 2016


WEATHER ITEM   OBSERVED TIME   RECORD YEAR NORMAL DEPARTURE LAST
                VALUE   (LST)  VALUE       VALUE  FROM      YEAR
                                                  NORMAL
..................................................................
TEMPERATURE (F)
 YESTERDAY
  MAXIMUM         38   1250 PM  69    1974  39     -1       52
  MINIMUM         35   1129 PM  -7    1929  19     16       19
                                      1898
  AVERAGE         37                        29      8       36

PRECIPITATION (IN)
  YESTERDAY        0.00          0.42 1963   0.03  -0.03     0.00
  MONTH TO DATE    0.20                      0.69  -0.49     1.02
  SINCE SEP 1      2.54                      4.94  -2.40     4.69
  SINCE JAN 1     17.09                     22.20  -5.11    23.88

SNOWFALL (IN)
  YESTERDAY        0.0           5.5  2003   0.3   -0.3      0.0
  MONTH TO DATE    3.9                       4.9   -1.0      0.0
  SINCE SEP 1      3.9                       6.0   -2.1       T
  SINCE JUL 1      3.9                       6.0   -2.1       T
  SNOW DEPTH       0

DEGREE DAYS
 HEATING
  YESTERDAY       28                        36     -8       29
  MONTH TO DATE  451                       662   -211      484
  SINCE SEP 1    943                      1363   -420      958
  SINCE JUL 1    960                      1392   -432      998

 COOLING
  YESTERDAY        0                         0      0        0
  MONTH TO DATE    0                         0      0        0
  SINCE SEP 1     81                        73      8      141
  SINCE JAN 1    887                       742    145      797
..................................................................


WIND (MPH)
  HIGHEST WIND SPEED    20   HIGHEST WIND DIRECTION    SE (140)
  HIGHEST GUST SPEED    26   HIGHEST GUST DIRECTION    SE (150)
  AVERAGE WIND SPEED     8.1


SKY COVER
  POSSIBLE SUNSHINE  MM
  AVERAGE SKY COVER 1.0


WEATHER CONDITIONS
 THE FOLLOWING WEATHER WAS RECORDED YESTERDAY.
  FOG


RELATIVE HUMIDITY (PERCENT)
 HIGHEST   100           500 PM
 LOWEST     85           400 PM
 AVERAGE    93

..........................................................


THE HURON SD CLIMATE NORMALS FOR TODAY
                         NORMAL    RECORD    YEAR
 MAXIMUM TEMPERATURE (F)   38        59      1902
 MINIMUM TEMPERATURE (F)   18       -19      1985


SUNRISE AND SUNSET
NOVEMBER 23 2016......SUNRISE   740 AM CST   SUNSET   459 PM CST
NOVEMBER 24 2016......SUNRISE   741 AM CST   SUNSET   458 PM CST


-  INDICATES NEGATIVE NUMBERS.
R  INDICATES RECORD WAS SET OR TIED.
MM INDICATES DATA IS MISSING.
T  INDICATES TRACE AMOUNT.




$$
