865
CDUS43 KFSD 100656
CLIHON


CLIMATE REPORT
NATIONAL WEATHER SERVICE SIOUX FALLS SD
156 AM CDT SUN SEP 10 2017


...................................

...THE HURON SD CLIMATE SUMMARY FOR SEPTEMBER 9 2017...

CLIMATE NORMAL PERIOD 1981 TO 2010
CLIMATE RECORD PERIOD 1881 TO 2017


WEATHER ITEM   OBSERVED TIME   RECORD YEAR NORMAL DEPARTURE LAST
                VALUE   (LST)  VALUE       VALUE  FROM      YEAR
                                                  NORMAL
..................................................................
TEMPERATURE (F)
 YESTERDAY
  MAXIMUM         79    323 PM 106    1904  78      1       72
  MINIMUM         58    611 AM  33    1910  52      6       51
                                      1898
  AVERAGE         69                        65      4       62

PRECIPITATION (IN)
  YESTERDAY        T             1.71 1921   0.10  -0.10     0.26
  MONTH TO DATE    0.12                      0.78  -0.66     1.00
  SINCE SEP 1      0.12                      0.78  -0.66     1.00
  SINCE JAN 1     12.43                     18.04  -5.61    15.55

SNOWFALL (IN)
  YESTERDAY        0.0           0.0    MM   0.0    0.0      0.0
  MONTH TO DATE    0.0                       0.0    0.0      0.0
  SINCE SEP 1      0.0                       0.0    0.0      0.0
  SINCE JUL 1      0.0                       0.0    0.0      0.0
  SNOW DEPTH       0

DEGREE DAYS
 HEATING
  YESTERDAY        0                         3     -3        3
  MONTH TO DATE   24                        23      1        5
  SINCE SEP 1     24                        23      1        5
  SINCE JUL 1     33                        52    -19       22

 COOLING
  YESTERDAY        4                         3      1        0
  MONTH TO DATE   25                        37    -12       37
  SINCE SEP 1     25                        37    -12       37
  SINCE JAN 1    645                       706    -61      843
..................................................................


WIND (MPH)
  HIGHEST WIND SPEED    21   HIGHEST WIND DIRECTION     S (160)
  HIGHEST GUST SPEED    28   HIGHEST GUST DIRECTION    SE (140)
  AVERAGE WIND SPEED    12.3


SKY COVER
  POSSIBLE SUNSHINE  MM
  AVERAGE SKY COVER 0.3


WEATHER CONDITIONS
 THE FOLLOWING WEATHER WAS RECORDED YESTERDAY.
  LIGHT RAIN


RELATIVE HUMIDITY (PERCENT)
 HIGHEST    93           300 AM
 LOWEST     48           200 PM
 AVERAGE    71

..........................................................


THE HURON SD CLIMATE NORMALS FOR TODAY
                         NORMAL    RECORD    YEAR
 MAXIMUM TEMPERATURE (F)   77       103      1931
 MINIMUM TEMPERATURE (F)   52        30      1898


SUNRISE AND SUNSET
SEPTEMBER 10 2017.....SUNRISE   706 AM CDT   SUNSET   752 PM CDT
SEPTEMBER 11 2017.....SUNRISE   708 AM CDT   SUNSET   750 PM CDT


-  INDICATES NEGATIVE NUMBERS.
R  INDICATES RECORD WAS SET OR TIED.
MM INDICATES DATA IS MISSING.
T  INDICATES TRACE AMOUNT.




$$
