000
CDUS43 KFSD 080042
CLIHON


CLIMATE REPORT
NATIONAL WEATHER SERVICE SIOUX FALLS SD
742 PM CDT SUN SEP 7 2014


...................................

...THE HURON SD CLIMATE SUMMARY FOR SEPTEMBER 7 2014...
VALID AS OF 0700 PM LOCAL TIME.

CLIMATE NORMAL PERIOD 1981 TO 2010
CLIMATE RECORD PERIOD 1881 TO 2014


WEATHER ITEM   OBSERVED TIME   RECORD YEAR NORMAL DEPARTURE LAST
                VALUE   (LST)  VALUE       VALUE  FROM      YEAR
                                                  NORMAL
..................................................................
TEMPERATURE (F)
 TODAY
  MAXIMUM         82    255 PM  99    1980  79      3       94
                                      1978
                                      1933
  MINIMUM         53    641 AM  34    1986  53      0       65
                                      1895
  AVERAGE         68                        66      2       80

PRECIPITATION (IN)
  TODAY            0.00          1.37 1894   0.09  -0.09     0.00
  MONTH TO DATE    0.05                      0.59  -0.54     0.00
  SINCE SEP 1      0.05                      0.59  -0.54     0.00
  SINCE JAN 1     13.61                     17.85  -4.24    17.20

SNOWFALL (IN)
  TODAY            0.0           0.0    MM   0.0    0.0      0.0
  MONTH TO DATE    0.0                       0.0    0.0      0.0
  SINCE SEP 1      0.0                       0.0    0.0      0.0
  SINCE JUL 1      0.0                       0.0    0.0      0.0
  SNOW DEPTH       0

DEGREE DAYS
 HEATING
  TODAY            0                         3     -3        0
  MONTH TO DATE    8                        17     -9        2
  SINCE SEP 1      8                        17     -9        2
  SINCE JUL 1     41                        46     -5       24

 COOLING
  TODAY            3                         4     -1       15
  MONTH TO DATE   22                        31     -9       62
  SINCE SEP 1     22                        31     -9       62
  SINCE JAN 1    545                       700   -155      750
..................................................................


WIND (MPH)
  HIGHEST WIND SPEED    22   HIGHEST WIND DIRECTION     S (190)
  HIGHEST GUST SPEED    30   HIGHEST GUST DIRECTION     S (190)
  AVERAGE WIND SPEED    11.9


SKY COVER
  POSSIBLE SUNSHINE  MM
  AVERAGE SKY COVER 0.1


WEATHER CONDITIONS
 THE FOLLOWING WEATHER WAS RECORDED TODAY.
  NO SIGNIFICANT WEATHER WAS OBSERVED.


RELATIVE HUMIDITY (PERCENT)
 HIGHEST    MM
 LOWEST     MM
 AVERAGE    MM

..........................................................


THE HURON SD CLIMATE NORMALS FOR TOMORROW
                         NORMAL    RECORD    YEAR
 MAXIMUM TEMPERATURE (F)   78       102      1952
 MINIMUM TEMPERATURE (F)   53        34      1883


SUNRISE AND SUNSET
SEPTEMBER  7 2014.....SUNRISE   703 AM CDT   SUNSET   758 PM CDT
SEPTEMBER  8 2014.....SUNRISE   704 AM CDT   SUNSET   756 PM CDT


-  INDICATES NEGATIVE NUMBERS.
R  INDICATES RECORD WAS SET OR TIED.
MM INDICATES DATA IS MISSING.
T  INDICATES TRACE AMOUNT.



&&
.........................................................

ADDITIONAL WEATHER INFORMATION FOR TODAY
        TEMPERATURE / HUMIDITY
AT  4 AM      55    /    83%
AT  7 AM      53    /    89%
AT 10 AM      65    /    65%
AT  1 PM      77    /    46%
AT  4 PM      82    /    42%
AT  7 PM      77    /    46%

$$
