000
CDUS43 KFSD 152226
CLIHON


CLIMATE REPORT
NATIONAL WEATHER SERVICE SIOUX FALLS SD
526 PM CDT FRI APR 15 2016


...................................

...THE HURON SD CLIMATE SUMMARY FOR APRIL 15 2016...
VALID TODAY AS OF 0500 PM LOCAL TIME.

CLIMATE NORMAL PERIOD 1981 TO 2010
CLIMATE RECORD PERIOD 1881 TO 2016


WEATHER ITEM   OBSERVED TIME   RECORD YEAR NORMAL DEPARTURE LAST
                VALUE   (LST)  VALUE       VALUE  FROM      YEAR
                                                  NORMAL
..................................................................
TEMPERATURE (F)
 TODAY
  MAXIMUM         64    359 PM  86    1926  59      5       71
                                      1898
  MINIMUM         51    658 AM  14    2014  34     17       45
  AVERAGE         58                        46     12       58

PRECIPITATION (IN)
  TODAY            0.09          1.85 2012   0.08   0.01     0.00
  MONTH TO DATE    0.18                      1.06  -0.88     0.25
  SINCE MAR 1      1.25                      2.52  -1.27     0.41
  SINCE JAN 1      2.12                      3.62  -1.50     1.02

SNOWFALL (IN)
  TODAY            0.0           4.0  2011   0.1   -0.1      0.0
  MONTH TO DATE    T                         2.6   -2.6       T
  SINCE MAR 1      2.3                      11.5   -9.2      1.2
  SINCE JUL 1     33.0                      42.5   -9.5     22.8
  SNOW DEPTH       0

DEGREE DAYS
 HEATING
  TODAY            7                        19    -12        7
  MONTH TO DATE  299                       328    -29      248
  SINCE MAR 1   1046                      1315   -269     1106
  SINCE JUL 1   6122                      7147  -1025     7043

 COOLING
  TODAY            0                         0      0        0
  MONTH TO DATE    0                         0      0        0
  SINCE MAR 1      0                         0      0        2
  SINCE JAN 1      0                         0      0        2
..................................................................


WIND (MPH)
  HIGHEST WIND SPEED    25   HIGHEST WIND DIRECTION     S (160)
  HIGHEST GUST SPEED    34   HIGHEST GUST DIRECTION     S (160)
  AVERAGE WIND SPEED    17.2


SKY COVER
  POSSIBLE SUNSHINE  MM
  AVERAGE SKY COVER 0.6


WEATHER CONDITIONS
 THE FOLLOWING WEATHER WAS RECORDED TODAY.
  THUNDERSTORM
  RAIN
  LIGHT RAIN
  FOG


RELATIVE HUMIDITY (PERCENT)
 HIGHEST    83           700 AM
 LOWEST     40          1200 AM
 AVERAGE    62

..........................................................


THE HURON SD CLIMATE NORMALS FOR TOMORROW
                         NORMAL    RECORD    YEAR
 MAXIMUM TEMPERATURE (F)   60        92      1964
 MINIMUM TEMPERATURE (F)   34        14      1904


SUNRISE AND SUNSET
APRIL 15 2016.........SUNRISE   648 AM CDT   SUNSET   818 PM CDT
APRIL 16 2016.........SUNRISE   646 AM CDT   SUNSET   819 PM CDT


-  INDICATES NEGATIVE NUMBERS.
R  INDICATES RECORD WAS SET OR TIED.
MM INDICATES DATA IS MISSING.
T  INDICATES TRACE AMOUNT.




$$
