894
CDUS43 KFSD 070708
CLIHON


CLIMATE REPORT
NATIONAL WEATHER SERVICE SIOUX FALLS SD
107 AM CST SAT JAN 7 2017


...................................

...THE HURON SD CLIMATE SUMMARY FOR JANUARY 6 2017...

CLIMATE NORMAL PERIOD 1981 TO 2010
CLIMATE RECORD PERIOD 1881 TO 2017


WEATHER ITEM   OBSERVED TIME   RECORD YEAR NORMAL DEPARTURE LAST
                VALUE   (LST)  VALUE       VALUE  FROM      YEAR
                                                  NORMAL
..................................................................
TEMPERATURE (F)
 YESTERDAY
  MAXIMUM         13    326 PM  50    1896  26    -13       26
  MINIMUM         -5   1212 AM -37    1988   6    -11       11
  AVERAGE          4                        16    -12       19

PRECIPITATION (IN)
  YESTERDAY        0.00          0.67 1895   0.01  -0.01     0.00
  MONTH TO DATE    0.07                      0.10  -0.03      T
  SINCE DEC 1      1.46                      0.62   0.84     1.28
  SINCE JAN 1      0.07                      0.10  -0.03      T

SNOWFALL (IN)
  YESTERDAY        0.0           6.6  1895   0.2   -0.2      0.0
  MONTH TO DATE    0.8                       1.5   -0.7       T
  SINCE DEC 1     10.8                       9.5    1.3     14.3
  SINCE JUL 1     15.5                      17.8   -2.3     19.9
  SNOW DEPTH       1

DEGREE DAYS
 HEATING
  YESTERDAY       61                        49     12       46
  MONTH TO DATE  353                       292     61      276
  SINCE DEC 1   1852                      1710    142     1534
  SINCE JUL 1   3060                      3412   -352     2824

 COOLING
  YESTERDAY        0                         0      0        0
  MONTH TO DATE    0                         0      0        0
  SINCE DEC 1      0                         0      0        0
  SINCE JAN 1      0                         0      0        0
..................................................................


WIND (MPH)
  HIGHEST WIND SPEED     9   HIGHEST WIND DIRECTION    SW (220)
  HIGHEST GUST SPEED    11   HIGHEST GUST DIRECTION    SW (220)
  AVERAGE WIND SPEED     4.9


SKY COVER
  POSSIBLE SUNSHINE  MM
  AVERAGE SKY COVER 0.7


WEATHER CONDITIONS
 THE FOLLOWING WEATHER WAS RECORDED YESTERDAY.
  NO SIGNIFICANT WEATHER WAS OBSERVED.


RELATIVE HUMIDITY (PERCENT)
 HIGHEST    91          1000 PM
 LOWEST     63           100 PM
 AVERAGE    77

..........................................................


THE HURON SD CLIMATE NORMALS FOR TODAY
                         NORMAL    RECORD    YEAR
 MAXIMUM TEMPERATURE (F)   26        60      2003
 MINIMUM TEMPERATURE (F)    6       -34      1912


SUNRISE AND SUNSET
JANUARY  7 2017.......SUNRISE   808 AM CST   SUNSET   511 PM CST
JANUARY  8 2017.......SUNRISE   808 AM CST   SUNSET   512 PM CST


-  INDICATES NEGATIVE NUMBERS.
R  INDICATES RECORD WAS SET OR TIED.
MM INDICATES DATA IS MISSING.
T  INDICATES TRACE AMOUNT.




$$
