000
CDUS43 KFSD 232242
CLIHON


CLIMATE REPORT
NATIONAL WEATHER SERVICE SIOUX FALLS SD
442 PM CST FRI JAN 23 2015


...................................

...THE HURON SD CLIMATE SUMMARY FOR JANUARY 23 2015...
VALID TODAY AS OF 0400 PM LOCAL TIME.

CLIMATE NORMAL PERIOD 1981 TO 2010
CLIMATE RECORD PERIOD 1881 TO 2015


WEATHER ITEM   OBSERVED TIME   RECORD YEAR NORMAL DEPARTURE LAST
                VALUE   (LST)  VALUE       VALUE  FROM      YEAR
                                                  NORMAL
..................................................................
TEMPERATURE (F)
 TODAY
  MAXIMUM         44    312 PM  57    1981  27     17       17
  MINIMUM         22    758 AM -24    2003   7     15      -11
                                      1948
                                      1883
  AVERAGE         33                        17     16        3

PRECIPITATION (IN)
  TODAY            0.00          0.28 1894   0.02  -0.02     0.00
  MONTH TO DATE    0.32                      0.37  -0.05     0.10
  SINCE DEC 1      1.02                      0.89   0.13     1.11
  SINCE JAN 1      0.32                      0.37  -0.05     0.10

SNOWFALL (IN)
  TODAY            0.0           3.4  1982   0.3   -0.3      0.0
  MONTH TO DATE    4.1                       5.4   -1.3      0.5
  SINCE DEC 1      9.5                      13.4   -3.9     13.4
  SINCE JUL 1     17.4                      21.7   -4.3     15.9
  SNOW DEPTH       T

DEGREE DAYS
 HEATING
  TODAY           32                        48    -16       62
  MONTH TO DATE 1141                      1119     22     1158
  SINCE DEC 1   2439                      2537    -98     2844
  SINCE JUL 1   4296                      4239     57     4481

 COOLING
  TODAY            0                         0      0        0
  MONTH TO DATE    0                         0      0        0
  SINCE DEC 1      0                         0      0        0
  SINCE JAN 1      0                         0      0        0
..................................................................


WIND (MPH)
  HIGHEST WIND SPEED    21   HIGHEST WIND DIRECTION    NW (320)
  HIGHEST GUST SPEED    26   HIGHEST GUST DIRECTION    NW (320)
  AVERAGE WIND SPEED     9.3


SKY COVER
  POSSIBLE SUNSHINE  MM
  AVERAGE SKY COVER 0.0


WEATHER CONDITIONS
 THE FOLLOWING WEATHER WAS RECORDED TODAY.
  NO SIGNIFICANT WEATHER WAS OBSERVED.


RELATIVE HUMIDITY (PERCENT)
 HIGHEST    MM
 LOWEST     MM
 AVERAGE    MM

..........................................................


THE HURON SD CLIMATE NORMALS FOR TOMORROW
                         NORMAL    RECORD    YEAR
 MAXIMUM TEMPERATURE (F)   27        62      1981
 MINIMUM TEMPERATURE (F)    7       -35      1894


SUNRISE AND SUNSET
JANUARY 23 2015.......SUNRISE   800 AM CST   SUNSET   530 PM CST
JANUARY 24 2015.......SUNRISE   759 AM CST   SUNSET   531 PM CST


-  INDICATES NEGATIVE NUMBERS.
R  INDICATES RECORD WAS SET OR TIED.
MM INDICATES DATA IS MISSING.
T  INDICATES TRACE AMOUNT.




$$
