792
CDUS43 KFSD 122238
CLIHON


CLIMATE REPORT
NATIONAL WEATHER SERVICE SIOUX FALLS SD
538 PM CDT FRI MAY 12 2017


...................................

...THE HURON SD CLIMATE SUMMARY FOR MAY 12 2017...
VALID TODAY AS OF 0500 PM LOCAL TIME.

CLIMATE NORMAL PERIOD 1981 TO 2010
CLIMATE RECORD PERIOD 1881 TO 2017


WEATHER ITEM   OBSERVED TIME   RECORD YEAR NORMAL DEPARTURE LAST
                VALUE   (LST)  VALUE       VALUE  FROM      YEAR
                                                  NORMAL
..................................................................
TEMPERATURE (F)
 TODAY
  MAXIMUM         83    345 PM  88    1988  69     14       64
                                      1940
                                      1915
  MINIMUM         47    559 AM  20    1946  45      2       43
  AVERAGE         65                        57      8       54

PRECIPITATION (IN)
  TODAY            0.00          1.44 1942   0.09  -0.09     0.00
  MONTH TO DATE    0.04                      1.11  -1.07     0.88
  SINCE MAR 1      1.99                      4.88  -2.89     6.09
  SINCE JAN 1      2.79                      5.98  -3.19     6.96

SNOWFALL (IN)
  TODAY            0.0           0.1  1953   0.0    0.0      0.0
  MONTH TO DATE    0.0                       0.1   -0.1      0.0
  SINCE MAR 1     13.9                      13.0    0.9      2.3
  SINCE JUL 1     35.9                      44.0   -8.1     33.0
  SNOW DEPTH       0

DEGREE DAYS
 HEATING
  TODAY            0                         9     -9       11
  MONTH TO DATE   88                       126    -38       89
  SINCE MAR 1   1578                      1672    -94     1365
  SINCE JUL 1   6727                      7504   -777     6441

 COOLING
  TODAY            0                         1     -1        0
  MONTH TO DATE    4                         9     -5       10
  SINCE MAR 1      4                        13     -9       11
  SINCE JAN 1      4                        13     -9       11
..................................................................


WIND (MPH)
  HIGHEST WIND SPEED    18   HIGHEST WIND DIRECTION     W (260)
  HIGHEST GUST SPEED    23   HIGHEST GUST DIRECTION     W (250)
  AVERAGE WIND SPEED     9.1


SKY COVER
  POSSIBLE SUNSHINE  MM
  AVERAGE SKY COVER 0.0


WEATHER CONDITIONS
 THE FOLLOWING WEATHER WAS RECORDED TODAY.
  NO SIGNIFICANT WEATHER WAS OBSERVED.


RELATIVE HUMIDITY (PERCENT)
 HIGHEST    76           500 AM
 LOWEST     18           400 PM
 AVERAGE    47

..........................................................


THE HURON SD CLIMATE NORMALS FOR TOMORROW
                         NORMAL    RECORD    YEAR
 MAXIMUM TEMPERATURE (F)   70        95      1894
 MINIMUM TEMPERATURE (F)   45        25      1943


SUNRISE AND SUNSET
MAY 12 2017...........SUNRISE   609 AM CDT   SUNSET   850 PM CDT
MAY 13 2017...........SUNRISE   608 AM CDT   SUNSET   851 PM CDT


-  INDICATES NEGATIVE NUMBERS.
R  INDICATES RECORD WAS SET OR TIED.
MM INDICATES DATA IS MISSING.
T  INDICATES TRACE AMOUNT.




$$
