000
CDUS43 KFSD 240643
CLIHON


CLIMATE REPORT
NATIONAL WEATHER SERVICE SIOUX FALLS SD
1243 AM CST THU NOV 24 2016


...................................

...THE HURON SD CLIMATE SUMMARY FOR NOVEMBER 23 2016...

CLIMATE NORMAL PERIOD 1981 TO 2010
CLIMATE RECORD PERIOD 1881 TO 2016


WEATHER ITEM   OBSERVED TIME   RECORD YEAR NORMAL DEPARTURE LAST
                VALUE   (LST)  VALUE       VALUE  FROM      YEAR
                                                  NORMAL
..................................................................
TEMPERATURE (F)
 YESTERDAY
  MAXIMUM         36    258 PM  59    1902  38     -2       49
  MINIMUM         32   1148 PM -19    1985  18     14       26
  AVERAGE         34                        28      6       38

PRECIPITATION (IN)
  YESTERDAY        0.00          0.91 2001   0.03  -0.03     0.00
  MONTH TO DATE    0.20                      0.72  -0.52     1.02
  SINCE SEP 1      2.54                      4.97  -2.43     4.69
  SINCE JAN 1     17.09                     22.23  -5.14    23.88

SNOWFALL (IN)
  YESTERDAY        0.0           2.5  2003   0.3   -0.3      0.0
  MONTH TO DATE    3.9                       5.2   -1.3      0.0
  SINCE SEP 1      3.9                       6.3   -2.4       T
  SINCE JUL 1      3.9                       6.3   -2.4       T
  SNOW DEPTH       0

DEGREE DAYS
 HEATING
  YESTERDAY       31                        37     -6       27
  MONTH TO DATE  482                       699   -217      511
  SINCE SEP 1    974                      1400   -426      985
  SINCE JUL 1    991                      1429   -438     1025

 COOLING
  YESTERDAY        0                         0      0        0
  MONTH TO DATE    0                         0      0        0
  SINCE SEP 1     81                        73      8      141
  SINCE JAN 1    887                       742    145      797
..................................................................


WIND (MPH)
  HIGHEST WIND SPEED    17   HIGHEST WIND DIRECTION     N (340)
  HIGHEST GUST SPEED    22   HIGHEST GUST DIRECTION     N (340)
  AVERAGE WIND SPEED     9.1


SKY COVER
  POSSIBLE SUNSHINE  MM
  AVERAGE SKY COVER 1.0


WEATHER CONDITIONS
 THE FOLLOWING WEATHER WAS RECORDED YESTERDAY.
  FOG


RELATIVE HUMIDITY (PERCENT)
 HIGHEST   100          1200 AM
 LOWEST     75           100 PM
 AVERAGE    88

..........................................................


THE HURON SD CLIMATE NORMALS FOR TODAY
                         NORMAL    RECORD    YEAR
 MAXIMUM TEMPERATURE (F)   38        70      1923
 MINIMUM TEMPERATURE (F)   18       -15      1985


SUNRISE AND SUNSET
NOVEMBER 24 2016......SUNRISE   741 AM CST   SUNSET   458 PM CST
NOVEMBER 25 2016......SUNRISE   742 AM CST   SUNSET   457 PM CST


-  INDICATES NEGATIVE NUMBERS.
R  INDICATES RECORD WAS SET OR TIED.
MM INDICATES DATA IS MISSING.
T  INDICATES TRACE AMOUNT.




$$
