000
CDUS43 KFSD 192233
CLIHON


CLIMATE REPORT
NATIONAL WEATHER SERVICE SIOUX FALLS SD
532 PM CDT THU MAY 19 2016


...................................

...THE HURON SD CLIMATE SUMMARY FOR MAY 19 2016...
VALID TODAY AS OF 0500 PM LOCAL TIME.

CLIMATE NORMAL PERIOD 1981 TO 2010
CLIMATE RECORD PERIOD 1881 TO 2016


WEATHER ITEM   OBSERVED TIME   RECORD YEAR NORMAL DEPARTURE LAST
                VALUE   (LST)  VALUE       VALUE  FROM      YEAR
                                                  NORMAL
..................................................................
TEMPERATURE (F)
 TODAY
  MAXIMUM         73    331 PM  99    1934  71      2       55
  MINIMUM         50    606 AM  26    1895  47      3       38
  AVERAGE         62                        59      3       47

PRECIPITATION (IN)
  TODAY            0.00          3.39 1990   0.11  -0.11     0.00
  MONTH TO DATE    0.94                      1.82  -0.88     4.45
  SINCE MAR 1      6.15                      5.59   0.56     5.21
  SINCE JAN 1      7.02                      6.69   0.33     5.82

SNOWFALL (IN)
  TODAY            0.0           0.0    MM   0.0    0.0      0.0
  MONTH TO DATE    0.0                       0.1   -0.1      0.0
  SINCE MAR 1      2.3                      13.0  -10.7      1.2
  SINCE JUL 1     33.0                      44.0  -11.0     22.8
  SNOW DEPTH       0

DEGREE DAYS
 HEATING
  TODAY            3                         7     -4       18
  MONTH TO DATE  181                       180      1      180
  SINCE MAR 1   1457                      1726   -269     1481
  SINCE JUL 1   6533                      7558  -1025     7418

 COOLING
  TODAY            0                         1     -1        0
  MONTH TO DATE   10                        16     -6        8
  SINCE MAR 1     11                        20     -9       10
  SINCE JAN 1     11                        20     -9       10
..................................................................


WIND (MPH)
  HIGHEST WIND SPEED    28   HIGHEST WIND DIRECTION     S (190)
  HIGHEST GUST SPEED    37   HIGHEST GUST DIRECTION     S (170)
  AVERAGE WIND SPEED    14.2


SKY COVER
  POSSIBLE SUNSHINE  MM
  AVERAGE SKY COVER 0.5


WEATHER CONDITIONS
 THE FOLLOWING WEATHER WAS RECORDED TODAY.
  NO SIGNIFICANT WEATHER WAS OBSERVED.


RELATIVE HUMIDITY (PERCENT)
 HIGHEST    74           400 AM
 LOWEST     35          1100 AM
 AVERAGE    55

..........................................................


THE HURON SD CLIMATE NORMALS FOR TOMORROW
                         NORMAL    RECORD    YEAR
 MAXIMUM TEMPERATURE (F)   71        98      1934
 MINIMUM TEMPERATURE (F)   48        24      1895


SUNRISE AND SUNSET
MAY 19 2016...........SUNRISE   601 AM CDT   SUNSET   858 PM CDT
MAY 20 2016...........SUNRISE   600 AM CDT   SUNSET   859 PM CDT


-  INDICATES NEGATIVE NUMBERS.
R  INDICATES RECORD WAS SET OR TIED.
MM INDICATES DATA IS MISSING.
T  INDICATES TRACE AMOUNT.




$$
