000
CDUS43 KFSD 072226
CLIHON


CLIMATE REPORT
NATIONAL WEATHER SERVICE SIOUX FALLS SD
526 PM CDT FRI APR 7 2017


...................................

...THE HURON SD CLIMATE SUMMARY FOR APRIL 7 2017...
VALID TODAY AS OF 0500 PM LOCAL TIME.

CLIMATE NORMAL PERIOD 1981 TO 2010
CLIMATE RECORD PERIOD 1881 TO 2017


WEATHER ITEM   OBSERVED TIME   RECORD YEAR NORMAL DEPARTURE LAST
                VALUE   (LST)  VALUE       VALUE  FROM      YEAR
                                                  NORMAL
..................................................................
TEMPERATURE (F)
 TODAY
  MAXIMUM         71    359 PM  82    1988  55     16       48
                                      1970
  MINIMUM         35    526 AM   9    1936  31      4       25
  AVERAGE         53                        43     10       37

PRECIPITATION (IN)
  TODAY            0.00          1.10 2000   0.07  -0.07      T
  MONTH TO DATE    0.18                      0.46  -0.28     0.05
  SINCE MAR 1      0.95                      1.92  -0.97     1.12
  SINCE JAN 1      1.75                      3.02  -1.27     1.99

SNOWFALL (IN)
  TODAY            0.0          11.0  2000   0.2   -0.2      0.0
  MONTH TO DATE    0.0                       1.3   -1.3       T
  SINCE MAR 1     13.9                      10.2    3.7      2.3
  SINCE JUL 1     35.9                      41.2   -5.3     33.0
  SNOW DEPTH       0

DEGREE DAYS
 HEATING
  TODAY           12                        22    -10       28
  MONTH TO DATE  122                       165    -43      159
  SINCE MAR 1   1069                      1152    -83      906
  SINCE JUL 1   6218                      6984   -766     5982

 COOLING
  TODAY            0                         0      0        0
  MONTH TO DATE    0                         0      0        0
  SINCE MAR 1      0                         0      0        0
  SINCE JAN 1      0                         0      0        0
..................................................................


WIND (MPH)
  HIGHEST WIND SPEED    36   HIGHEST WIND DIRECTION     S (170)
  HIGHEST GUST SPEED    46   HIGHEST GUST DIRECTION     S (170)
  AVERAGE WIND SPEED    18.7


SKY COVER
  POSSIBLE SUNSHINE  MM
  AVERAGE SKY COVER 0.0


WEATHER CONDITIONS
 THE FOLLOWING WEATHER WAS RECORDED TODAY.
  NO SIGNIFICANT WEATHER WAS OBSERVED.


RELATIVE HUMIDITY (PERCENT)
 HIGHEST    75           400 AM
 LOWEST     28           200 PM
 AVERAGE    52

..........................................................


THE HURON SD CLIMATE NORMALS FOR TOMORROW
                         NORMAL    RECORD    YEAR
 MAXIMUM TEMPERATURE (F)   55        94      1887
 MINIMUM TEMPERATURE (F)   31         7      2007


SUNRISE AND SUNSET
APRIL  7 2017.........SUNRISE   703 AM CDT   SUNSET   808 PM CDT
APRIL  8 2017.........SUNRISE   701 AM CDT   SUNSET   809 PM CDT


-  INDICATES NEGATIVE NUMBERS.
R  INDICATES RECORD WAS SET OR TIED.
MM INDICATES DATA IS MISSING.
T  INDICATES TRACE AMOUNT.




$$
