000
CDUS43 KFSD 080756
CLIHON


CLIMATE REPORT
NATIONAL WEATHER SERVICE SIOUX FALLS SD
155 AM CST MON DEC 8 2014


...................................

...THE HURON SD CLIMATE SUMMARY FOR DECEMBER 7 2014...

CLIMATE NORMAL PERIOD 1981 TO 2010
CLIMATE RECORD PERIOD 1881 TO 2014


WEATHER ITEM   OBSERVED TIME   RECORD YEAR NORMAL DEPARTURE LAST
                VALUE   (LST)  VALUE       VALUE  FROM      YEAR
                                                  NORMAL
..................................................................
TEMPERATURE (F)
 YESTERDAY
  MAXIMUM         48    343 PM  60    1918  31     17       -1
  MINIMUM         30    816 AM -21    1976  12     18      -20
  AVERAGE         39                        21     18      -10

PRECIPITATION (IN)
  YESTERDAY        0.00          0.33 1963   0.02  -0.02      T
  MONTH TO DATE    0.00                      0.13  -0.13     0.32
  SINCE DEC 1      0.00                      0.13  -0.13     0.32
  SINCE JAN 1     15.68                     22.51  -6.83    24.50

SNOWFALL (IN)
  YESTERDAY        0.0           3.9  1963   0.3   -0.3       T
  MONTH TO DATE    0.0                       1.8   -1.8      3.5
  SINCE DEC 1      0.0                       1.8   -1.8      3.5
  SINCE JUL 1      7.9                      10.1   -2.2      6.0
  SNOW DEPTH       0

DEGREE DAYS
 HEATING
  YESTERDAY       26                        44    -18       75
  MONTH TO DATE  283                       296    -13      363
  SINCE DEC 1    283                       296    -13      363
  SINCE JUL 1   2140                      1998    142     2000

 COOLING
  YESTERDAY        0                         0      0        0
  MONTH TO DATE    0                         0      0        0
  SINCE DEC 1      0                         0      0        0
  SINCE JAN 1    597                       742   -145      848
..................................................................


WIND (MPH)
  HIGHEST WIND SPEED    29   HIGHEST WIND DIRECTION     W (290)
  HIGHEST GUST SPEED    36   HIGHEST GUST DIRECTION     S (160)
  AVERAGE WIND SPEED    15.6


SKY COVER
  POSSIBLE SUNSHINE  MM
  AVERAGE SKY COVER 0.6


WEATHER CONDITIONS
 THE FOLLOWING WEATHER WAS RECORDED YESTERDAY.
  FOG
  HAZE


RELATIVE HUMIDITY (PERCENT)
 HIGHEST    85           300 AM
 LOWEST     49           200 PM
 AVERAGE    67

..........................................................


THE HURON SD CLIMATE NORMALS FOR TODAY
                         NORMAL    RECORD    YEAR
 MAXIMUM TEMPERATURE (F)   31        60      1939
 MINIMUM TEMPERATURE (F)   11       -22      1976
                                             1927


SUNRISE AND SUNSET
DECEMBER  8 2014......SUNRISE   756 AM CST   SUNSET   453 PM CST
DECEMBER  9 2014......SUNRISE   757 AM CST   SUNSET   453 PM CST


-  INDICATES NEGATIVE NUMBERS.
R  INDICATES RECORD WAS SET OR TIED.
MM INDICATES DATA IS MISSING.
T  INDICATES TRACE AMOUNT.




$$
