000
CDUS43 KFSD 170654
CLIHON


CLIMATE REPORT
NATIONAL WEATHER SERVICE SIOUX FALLS SD
154 AM CDT SUN AUG 17 2014


...................................

...THE HURON SD CLIMATE SUMMARY FOR AUGUST 16 2014...

CLIMATE NORMAL PERIOD 1981 TO 2010
CLIMATE RECORD PERIOD 1881 TO 2014


WEATHER ITEM   OBSERVED TIME   RECORD YEAR NORMAL DEPARTURE LAST
                VALUE   (LST)  VALUE       VALUE  FROM      YEAR
                                                  NORMAL
..................................................................
TEMPERATURE (F)
 YESTERDAY
  MAXIMUM         80    655 PM 103    1988  84     -4       73
  MINIMUM         66   1159 PM  40    1897  60      6       55
  AVERAGE         73                        72      1       64

PRECIPITATION (IN)
  YESTERDAY        T             1.39 1935   0.07  -0.07     0.00
  MONTH TO DATE    0.69                      1.39  -0.70     1.20
  SINCE JUN 1      6.73                      8.24  -1.51     6.59
  SINCE JAN 1     11.22                     16.22  -5.00    17.18

SNOWFALL (IN)
  YESTERDAY        0.0           0.0    MM   0.0    0.0      0.0
  MONTH TO DATE    0.0                       0.0    0.0      0.0
  SINCE JUN 1      0.0                       0.0    0.0      0.0
  SINCE JUL 1      0.0                       0.0    0.0      0.0
  SNOW DEPTH       0

DEGREE DAYS
 HEATING
  YESTERDAY        0                         0      0        1
  MONTH TO DATE    1                         0      1        1
  SINCE JUN 1     64                        59      5       88
  SINCE JUL 1     24                         8     16       22

 COOLING
  YESTERDAY        8                         7      1        0
  MONTH TO DATE   90                       133    -43       41
  SINCE JUN 1    370                       543   -173      431
  SINCE JAN 1    432                       576   -144      469
..................................................................


WIND (MPH)
  HIGHEST WIND SPEED    12   HIGHEST WIND DIRECTION    SE (120)
  HIGHEST GUST SPEED    15   HIGHEST GUST DIRECTION     S (160)
  AVERAGE WIND SPEED     5.3


SKY COVER
  POSSIBLE SUNSHINE  MM
  AVERAGE SKY COVER 0.6


WEATHER CONDITIONS
 THE FOLLOWING WEATHER WAS RECORDED YESTERDAY.
  THUNDERSTORM
  LIGHT RAIN
  FOG
  FOG W/VISIBILITY <= 1/4 MILE
  HAZE


RELATIVE HUMIDITY (PERCENT)
 HIGHEST   100           300 AM
 LOWEST     74           700 PM
 AVERAGE    87

..........................................................


THE HURON SD CLIMATE NORMALS FOR TODAY
                         NORMAL    RECORD    YEAR
 MAXIMUM TEMPERATURE (F)   84       102      1976
 MINIMUM TEMPERATURE (F)   59        40      2012
                                             1943


SUNRISE AND SUNSET
AUGUST 17 2014........SUNRISE   638 AM CDT   SUNSET   835 PM CDT
AUGUST 18 2014........SUNRISE   639 AM CDT   SUNSET   833 PM CDT


-  INDICATES NEGATIVE NUMBERS.
R  INDICATES RECORD WAS SET OR TIED.
MM INDICATES DATA IS MISSING.
T  INDICATES TRACE AMOUNT.




$$
