000
CDUS43 KFSD 312240
CLIHON


CLIMATE REPORT
NATIONAL WEATHER SERVICE SIOUX FALLS SD
440 PM CST SUN JAN 31 2016


...................................

...THE HURON SD CLIMATE SUMMARY FOR JANUARY 31 2016...
VALID TODAY AS OF 0400 PM LOCAL TIME.

CLIMATE NORMAL PERIOD 1981 TO 2010
CLIMATE RECORD PERIOD 1881 TO 2016


WEATHER ITEM   OBSERVED TIME   RECORD YEAR NORMAL DEPARTURE LAST
                VALUE   (LST)  VALUE       VALUE  FROM      YEAR
                                                  NORMAL
..................................................................
TEMPERATURE (F)
 TODAY
  MAXIMUM         40    322 PM  55    1987  28     12       27
  MINIMUM         26    547 AM -27    1978   8     18       11
  AVERAGE         33                        18     15       19

PRECIPITATION (IN)
  TODAY            0.00          0.28 2011   0.02  -0.02     0.00
  MONTH TO DATE    0.29                      0.50  -0.21     0.35
  SINCE DEC 1      1.57                      1.02   0.55     1.05
  SINCE JAN 1      0.29                      0.50  -0.21     0.35

SNOWFALL (IN)
  TODAY            0.0           3.1  2011   0.2   -0.2      0.0
  MONTH TO DATE    5.3                       7.3   -2.0      4.3
  SINCE DEC 1     19.6                      15.3    4.3      9.7
  SINCE JUL 1     25.2                      23.6    1.6     17.6
  SNOW DEPTH       2

DEGREE DAYS
 HEATING
  TODAY           32                        47    -15       46
  MONTH TO DATE 1490                      1501    -11     1402
  SINCE DEC 1   2748                      2915   -167     2700
  SINCE JUL 1   4038                      4617   -579     4557

 COOLING
  TODAY            0                         0      0        0
  MONTH TO DATE    0                         0      0        0
  SINCE DEC 1      0                         0      0        0
  SINCE JAN 1      0                         0      0        0
..................................................................


WIND (MPH)
  HIGHEST WIND SPEED    15   HIGHEST WIND DIRECTION     W (290)
  HIGHEST GUST SPEED    19   HIGHEST GUST DIRECTION     W (290)
  AVERAGE WIND SPEED     8.3


SKY COVER
  POSSIBLE SUNSHINE  MM
  AVERAGE SKY COVER 0.5


WEATHER CONDITIONS
 THE FOLLOWING WEATHER WAS RECORDED TODAY.
  FOG


RELATIVE HUMIDITY (PERCENT)
 HIGHEST   100           300 AM
 LOWEST     76           400 PM
 AVERAGE    88

..........................................................


THE HURON SD CLIMATE NORMALS FOR TOMORROW
                         NORMAL    RECORD    YEAR
 MAXIMUM TEMPERATURE (F)   28        59      1987
 MINIMUM TEMPERATURE (F)    8       -33      1893


SUNRISE AND SUNSET
JANUARY 31 2016.......SUNRISE   753 AM CST   SUNSET   540 PM CST
FEBRUARY  1 2016......SUNRISE   752 AM CST   SUNSET   542 PM CST


-  INDICATES NEGATIVE NUMBERS.
R  INDICATES RECORD WAS SET OR TIED.
MM INDICATES DATA IS MISSING.
T  INDICATES TRACE AMOUNT.




$$
