000
CDUS43 KFSD 070624
CLIHON


CLIMATE REPORT
NATIONAL WEATHER SERVICE SIOUX FALLS SD
122 AM CDT SUN MAY 7 2017


...................................

...THE HURON SD CLIMATE SUMMARY FOR MAY 6 2017...

CLIMATE NORMAL PERIOD 1981 TO 2010
CLIMATE RECORD PERIOD 1881 TO 2017


WEATHER ITEM   OBSERVED TIME   RECORD YEAR NORMAL DEPARTURE LAST
                VALUE   (LST)  VALUE       VALUE  FROM      YEAR
                                                  NORMAL
..................................................................
TEMPERATURE (F)
 YESTERDAY
  MAXIMUM         80    423 PM  92    2016  68     12       92
  MINIMUM         39    530 AM  17    1976  42     -3       57
  AVERAGE         60                        55      5       75

PRECIPITATION (IN)
  YESTERDAY        0.00          0.99 2001   0.09  -0.09     0.00
  MONTH TO DATE    0.01                      0.55  -0.54      T
  SINCE MAR 1      1.96                      4.32  -2.36     5.21
  SINCE JAN 1      2.76                      5.42  -2.66     6.08

SNOWFALL (IN)
  YESTERDAY        0.0           0.0    MM   0.0    0.0      0.0
  MONTH TO DATE    0.0                       0.1   -0.1      0.0
  SINCE MAR 1     13.9                      13.0    0.9      2.3
  SINCE JUL 1     35.9                      44.0   -8.1     33.0
  SNOW DEPTH       0

DEGREE DAYS
 HEATING
  YESTERDAY        5                        11     -6        0
  MONTH TO DATE   60                        69     -9       52
  SINCE MAR 1   1550                      1615    -65     1328
  SINCE JUL 1   6699                      7447   -748     6404

 COOLING
  YESTERDAY        0                         1     -1       10
  MONTH TO DATE    0                         3     -3       10
  SINCE MAR 1      0                         7     -7       11
  SINCE JAN 1      0                         7     -7       11
..................................................................


WIND (MPH)
  HIGHEST WIND SPEED    13   HIGHEST WIND DIRECTION    SE (140)
  HIGHEST GUST SPEED    16   HIGHEST GUST DIRECTION    SE (150)
  AVERAGE WIND SPEED     5.1


SKY COVER
  POSSIBLE SUNSHINE  MM
  AVERAGE SKY COVER 0.0


WEATHER CONDITIONS
 THE FOLLOWING WEATHER WAS RECORDED YESTERDAY.
  NO SIGNIFICANT WEATHER WAS OBSERVED.


RELATIVE HUMIDITY (PERCENT)
 HIGHEST    85           400 AM
 LOWEST     19          1200 PM
 AVERAGE    52

..........................................................


THE HURON SD CLIMATE NORMALS FOR TODAY
                         NORMAL    RECORD    YEAR
 MAXIMUM TEMPERATURE (F)   68        94      1916
 MINIMUM TEMPERATURE (F)   43        20      1976
                                             1943


SUNRISE AND SUNSET
MAY  7 2017...........SUNRISE   615 AM CDT   SUNSET   845 PM CDT
MAY  8 2017...........SUNRISE   614 AM CDT   SUNSET   846 PM CDT


-  INDICATES NEGATIVE NUMBERS.
R  INDICATES RECORD WAS SET OR TIED.
MM INDICATES DATA IS MISSING.
T  INDICATES TRACE AMOUNT.




$$
