000
CDUS43 KFSD 190848
CLIHON


CLIMATE REPORT
NATIONAL WEATHER SERVICE SIOUX FALLS SD
346 AM CDT FRI JUN 19 2015


...................................

...THE HURON SD CLIMATE SUMMARY FOR JUNE 18 2015...

CLIMATE NORMAL PERIOD 1981 TO 2010
CLIMATE RECORD PERIOD 1881 TO 2015


WEATHER ITEM   OBSERVED TIME   RECORD YEAR NORMAL DEPARTURE LAST
                VALUE   (LST)  VALUE       VALUE  FROM      YEAR
                                                  NORMAL
..................................................................
TEMPERATURE (F)
 YESTERDAY
  MAXIMUM         80    435 PM 102    1933  81     -1       85
  MINIMUM         53    100 AM  37    1976  57     -4       65
  AVERAGE         67                        69     -2       75

PRECIPITATION (IN)
  YESTERDAY        0.03          5.31 1967   0.13  -0.10     0.18
  MONTH TO DATE    1.07                      2.50  -1.43     0.71
  SINCE JUN 1      1.07                      2.50  -1.43     0.71
  SINCE JAN 1      7.01                     10.48  -3.47     5.20

SNOWFALL (IN)
  YESTERDAY        0.0           0.0    MM   0.0    0.0      0.0
  MONTH TO DATE    0.0                       0.0    0.0      0.0
  SINCE JUN 1      0.0                       0.0    0.0      0.0
  SINCE JUL 1     22.8                      43.9  -21.1     28.6
  SNOW DEPTH       0

DEGREE DAYS
 HEATING
  YESTERDAY        0                         1     -1        0
  MONTH TO DATE   11                        41    -30       40
  SINCE JUN 1     11                        41    -30       40
  SINCE JUL 1   7505                      7662   -157     8327

 COOLING
  YESTERDAY        2                         5     -3       10
  MONTH TO DATE   78                        58     20       30
  SINCE JUN 1     78                        58     20       30
  SINCE JAN 1     98                        91      7       92
..................................................................


WIND (MPH)
  HIGHEST WIND SPEED    13   HIGHEST WIND DIRECTION     N (20)
  HIGHEST GUST SPEED    22   HIGHEST GUST DIRECTION    NE (30)
  AVERAGE WIND SPEED     5.8


SKY COVER
  POSSIBLE SUNSHINE  MM
  AVERAGE SKY COVER 0.1


WEATHER CONDITIONS
 THE FOLLOWING WEATHER WAS RECORDED YESTERDAY.
  LIGHT RAIN
  FOG
  HAZE


RELATIVE HUMIDITY (PERCENT)
 HIGHEST   100           200 AM
 LOWEST     39           500 PM
 AVERAGE    70

..........................................................


THE HURON SD CLIMATE NORMALS FOR TODAY
                         NORMAL    RECORD    YEAR
 MAXIMUM TEMPERATURE (F)   81       102      1988
                                             1933
 MINIMUM TEMPERATURE (F)   57        38      2004
                                             1976


SUNRISE AND SUNSET
JUNE 19 2015..........SUNRISE   548 AM CDT   SUNSET   920 PM CDT
JUNE 20 2015..........SUNRISE   548 AM CDT   SUNSET   921 PM CDT


-  INDICATES NEGATIVE NUMBERS.
R  INDICATES RECORD WAS SET OR TIED.
MM INDICATES DATA IS MISSING.
T  INDICATES TRACE AMOUNT.




$$
