000
CDUS43 KFSD 200644
CLIHON


CLIMATE REPORT
NATIONAL WEATHER SERVICE SIOUX FALLS SD
1243 AM CST FRI FEB 20 2015


...................................

...THE HURON SD CLIMATE SUMMARY FOR FEBRUARY 19 2015...

CLIMATE NORMAL PERIOD 1981 TO 2010
CLIMATE RECORD PERIOD 1881 TO 2015


WEATHER ITEM   OBSERVED TIME   RECORD YEAR NORMAL DEPARTURE LAST
                VALUE   (LST)  VALUE       VALUE  FROM      YEAR
                                                  NORMAL
..................................................................
TEMPERATURE (F)
 YESTERDAY
  MAXIMUM         26    602 PM  63    1996  33     -7       57
  MINIMUM         -3    512 AM -30    1959  13    -16       23
  AVERAGE         12                        23    -11       40

PRECIPITATION (IN)
  YESTERDAY        0.00          0.57 1971   0.02  -0.02     0.00
  MONTH TO DATE    0.07                      0.37  -0.30     0.26
  SINCE DEC 1      1.12                      1.39  -0.27     1.42
  SINCE JAN 1      0.42                      0.87  -0.45     0.41

SNOWFALL (IN)
  YESTERDAY        0.0           9.1  1971   0.3   -0.3      0.0
  MONTH TO DATE    1.0                       4.8   -3.8      4.2
  SINCE DEC 1     10.7                      20.1   -9.4     17.7
  SINCE JUL 1     18.6                      28.4   -9.8     20.2
  SNOW DEPTH       0

DEGREE DAYS
 HEATING
  YESTERDAY       53                        42     11       25
  MONTH TO DATE  908                       853     55      966
  SINCE DEC 1   3608                      3768   -160     4206
  SINCE JUL 1   5465                      5470     -5     5843

 COOLING
  YESTERDAY        0                         0      0        0
  MONTH TO DATE    0                         0      0        0
  SINCE DEC 1      0                         0      0        0
  SINCE JAN 1      0                         0      0        0
..................................................................


WIND (MPH)
  HIGHEST WIND SPEED    24   HIGHEST WIND DIRECTION     S (170)
  HIGHEST GUST SPEED    30   HIGHEST GUST DIRECTION     S (170)
  AVERAGE WIND SPEED    11.4


SKY COVER
  POSSIBLE SUNSHINE  MM
  AVERAGE SKY COVER 0.6


WEATHER CONDITIONS
 THE FOLLOWING WEATHER WAS RECORDED YESTERDAY.
  NO SIGNIFICANT WEATHER WAS OBSERVED.


RELATIVE HUMIDITY (PERCENT)
 HIGHEST    75           800 AM
 LOWEST     32           300 PM
 AVERAGE    54

..........................................................


THE HURON SD CLIMATE NORMALS FOR TODAY
                         NORMAL    RECORD    YEAR
 MAXIMUM TEMPERATURE (F)   33        65      1981
                                             1930
 MINIMUM TEMPERATURE (F)   13       -22      1918
                                             1889
                                             1885


SUNRISE AND SUNSET
FEBRUARY 20 2015......SUNRISE   725 AM CST   SUNSET   609 PM CST
FEBRUARY 21 2015......SUNRISE   724 AM CST   SUNSET   610 PM CST


-  INDICATES NEGATIVE NUMBERS.
R  INDICATES RECORD WAS SET OR TIED.
MM INDICATES DATA IS MISSING.
T  INDICATES TRACE AMOUNT.




$$
