000
CDUS43 KFSD 180630
CLIHON


CLIMATE REPORT
NATIONAL WEATHER SERVICE SIOUX FALLS SD
128 AM CDT MON MAY 18 2015


...................................

...THE HURON SD CLIMATE SUMMARY FOR MAY 17 2015...

CLIMATE NORMAL PERIOD 1981 TO 2010
CLIMATE RECORD PERIOD 1881 TO 2015


WEATHER ITEM   OBSERVED TIME   RECORD YEAR NORMAL DEPARTURE LAST
                VALUE   (LST)  VALUE       VALUE  FROM      YEAR
                                                  NORMAL
..................................................................
TEMPERATURE (F)
 YESTERDAY
  MAXIMUM         65   1214 AM 104    1934  71     -6       68
  MINIMUM         38   1159 PM  28    1968  47     -9       37
  AVERAGE         52                        58     -6       53

PRECIPITATION (IN)
  YESTERDAY        1.24          2.27 1892   0.10   1.14     0.00
  MONTH TO DATE    4.45                      1.60   2.85     1.24
  SINCE MAR 1      5.21                      5.37  -0.16     3.12
  SINCE JAN 1      5.82                      6.47  -0.65     3.68

SNOWFALL (IN)
  YESTERDAY        0.0           0.0    MM   0.0    0.0      0.0
  MONTH TO DATE    0.0                       0.1   -0.1      0.0
  SINCE MAR 1      1.2                      13.0  -11.8      6.9
  SINCE JUL 1     22.8                      44.0  -21.2     28.6
  SNOW DEPTH       0

DEGREE DAYS
 HEATING
  YESTERDAY       13                         7      6       12
  MONTH TO DATE  140                       166    -26      259
  SINCE MAR 1   1441                      1712   -271     1952
  SINCE JUL 1   7378                      7544   -166     8272

 COOLING
  YESTERDAY        0                         1     -1        0
  MONTH TO DATE    8                        14     -6        0
  SINCE MAR 1     10                        18     -8        0
  SINCE JAN 1     10                        18     -8        0
..................................................................


WIND (MPH)
  HIGHEST WIND SPEED    44   HIGHEST WIND DIRECTION    NW (300)
  HIGHEST GUST SPEED    53   HIGHEST GUST DIRECTION    NW (320)
  AVERAGE WIND SPEED    20.2


SKY COVER
  POSSIBLE SUNSHINE  MM
  AVERAGE SKY COVER 0.9


WEATHER CONDITIONS
 THE FOLLOWING WEATHER WAS RECORDED YESTERDAY.
  HEAVY RAIN
  RAIN
  LIGHT RAIN
  FOG
  HAZE


RELATIVE HUMIDITY (PERCENT)
 HIGHEST   100           500 AM
 LOWEST     76           700 PM
 AVERAGE    88

..........................................................


THE HURON SD CLIMATE NORMALS FOR TODAY
                         NORMAL    RECORD    YEAR
 MAXIMUM TEMPERATURE (F)   71       100      1934
 MINIMUM TEMPERATURE (F)   47        26      2002


SUNRISE AND SUNSET
MAY 18 2015...........SUNRISE   603 AM CDT   SUNSET   856 PM CDT
MAY 19 2015...........SUNRISE   602 AM CDT   SUNSET   858 PM CDT


-  INDICATES NEGATIVE NUMBERS.
R  INDICATES RECORD WAS SET OR TIED.
MM INDICATES DATA IS MISSING.
T  INDICATES TRACE AMOUNT.




$$
