000
CDUS43 KFSD 052222
CLIHON


CLIMATE REPORT
NATIONAL WEATHER SERVICE SIOUX FALLS SD
422 PM CST SUN MAR 5 2017


...................................

...THE HURON SD CLIMATE SUMMARY FOR MARCH 5 2017...
VALID TODAY AS OF 0400 PM LOCAL TIME.

CLIMATE NORMAL PERIOD 1981 TO 2010
CLIMATE RECORD PERIOD 1881 TO 2017


WEATHER ITEM   OBSERVED TIME   RECORD YEAR NORMAL DEPARTURE LAST
                VALUE   (LST)  VALUE       VALUE  FROM      YEAR
                                                  NORMAL
..................................................................
TEMPERATURE (F)
 TODAY
  MAXIMUM         67    340 PM  74    2000  39     28       51
  MINIMUM         34    749 AM -14    1989  18     16       22
  AVERAGE         51                        28     23       37

PRECIPITATION (IN)
  TODAY            0.00          0.81 1933   0.03  -0.03     0.00
  MONTH TO DATE    0.08                      0.16  -0.08      T
  SINCE MAR 1      0.08                      0.16  -0.08      T
  SINCE JAN 1      0.88                      1.26  -0.38     0.87

SNOWFALL (IN)
  TODAY            0.0           7.0  1933   0.3   -0.3      0.0
  MONTH TO DATE    1.7                       1.7    0.0       T
  SINCE MAR 1      1.7                       1.7    0.0       T
  SINCE JUL 1     23.7                      32.7   -9.0     30.7
  SNOW DEPTH       0

DEGREE DAYS
 HEATING
  TODAY           14                        37    -23       28
  MONTH TO DATE  166                       187    -21      187
  SINCE MAR 1    166                       187    -21      187
  SINCE JUL 1   5315                      6019   -704     5263

 COOLING
  TODAY            0                         0      0        0
  MONTH TO DATE    0                         0      0        0
  SINCE MAR 1      0                         0      0        0
  SINCE JAN 1      0                         0      0        0
..................................................................


WIND (MPH)
  HIGHEST WIND SPEED    16   HIGHEST WIND DIRECTION     S (180)
  HIGHEST GUST SPEED    24   HIGHEST GUST DIRECTION     S (200)
  AVERAGE WIND SPEED     9.4


SKY COVER
  POSSIBLE SUNSHINE  MM
  AVERAGE SKY COVER 0.0


WEATHER CONDITIONS
 THE FOLLOWING WEATHER WAS RECORDED TODAY.
  NO SIGNIFICANT WEATHER WAS OBSERVED.


RELATIVE HUMIDITY (PERCENT)
 HIGHEST    89           100 AM
 LOWEST     34           400 PM
 AVERAGE    62

..........................................................


THE HURON SD CLIMATE NORMALS FOR TOMORROW
                         NORMAL    RECORD    YEAR
 MAXIMUM TEMPERATURE (F)   39        79      1987
 MINIMUM TEMPERATURE (F)   19       -17      1989


SUNRISE AND SUNSET
MARCH  5 2017.........SUNRISE   703 AM CST   SUNSET   627 PM CST
MARCH  6 2017.........SUNRISE   701 AM CST   SUNSET   628 PM CST


-  INDICATES NEGATIVE NUMBERS.
R  INDICATES RECORD WAS SET OR TIED.
MM INDICATES DATA IS MISSING.
T  INDICATES TRACE AMOUNT.




$$
