000
CDUS43 KFSD 302230
CLIHON


CLIMATE REPORT
NATIONAL WEATHER SERVICE SIOUX FALLS SD
430 PM CST FRI DEC 30 2016


...................................

...THE HURON SD CLIMATE SUMMARY FOR DECEMBER 30 2016...
VALID TODAY AS OF 0400 PM LOCAL TIME.

CLIMATE NORMAL PERIOD 1981 TO 2010
CLIMATE RECORD PERIOD 1881 TO 2016


WEATHER ITEM   OBSERVED TIME   RECORD YEAR NORMAL DEPARTURE LAST
                VALUE   (LST)  VALUE       VALUE  FROM      YEAR
                                                  NORMAL
..................................................................
TEMPERATURE (F)
 TODAY
  MAXIMUM         35    325 PM  58    2004  27      8       21
  MINIMUM         14    200 AM -29    1990   7      7        4
  AVERAGE         25                        17      8       13

PRECIPITATION (IN)
  TODAY            0.00          1.34 1931   0.01  -0.01     0.00
  MONTH TO DATE    1.39                      0.50   0.89     1.28
  SINCE DEC 1      1.39                      0.50   0.89     1.28
  SINCE JAN 1     19.52                     22.88  -3.36    25.58

SNOWFALL (IN)
  TODAY            0.0          10.0  1931   0.2   -0.2      0.0
  MONTH TO DATE   10.0                       7.7    2.3     14.3
  SINCE DEC 1     10.0                       7.7    2.3     14.3
  SINCE JUL 1     14.7                      16.0   -1.3     19.9
  SNOW DEPTH       T

DEGREE DAYS
 HEATING
  TODAY           40                        48     -8       52
  MONTH TO DATE 1459                      1369     90     1205
  SINCE DEC 1   1459                      1369     90     1205
  SINCE JUL 1   2667                      3071   -404     2495

 COOLING
  TODAY            0                         0      0        0
  MONTH TO DATE    0                         0      0        0
  SINCE DEC 1      0                         0      0        0
  SINCE JAN 1    887                       742    145      797
..................................................................


WIND (MPH)
  HIGHEST WIND SPEED    17   HIGHEST WIND DIRECTION     S (160)
  HIGHEST GUST SPEED    23   HIGHEST GUST DIRECTION     S (160)
  AVERAGE WIND SPEED     7.8


SKY COVER
  POSSIBLE SUNSHINE  MM
  AVERAGE SKY COVER 0.2


WEATHER CONDITIONS
 THE FOLLOWING WEATHER WAS RECORDED TODAY.
  NO SIGNIFICANT WEATHER WAS OBSERVED.


RELATIVE HUMIDITY (PERCENT)
 HIGHEST    91           600 AM
 LOWEST     61           200 PM
 AVERAGE    76

..........................................................


THE HURON SD CLIMATE NORMALS FOR TOMORROW
                         NORMAL    RECORD    YEAR
 MAXIMUM TEMPERATURE (F)   27        53      1999
 MINIMUM TEMPERATURE (F)    7       -23      1973
                                             1967
                                             1884


SUNRISE AND SUNSET
DECEMBER 30 2016......SUNRISE   809 AM CST   SUNSET   503 PM CST
DECEMBER 31 2016......SUNRISE   809 AM CST   SUNSET   504 PM CST


-  INDICATES NEGATIVE NUMBERS.
R  INDICATES RECORD WAS SET OR TIED.
MM INDICATES DATA IS MISSING.
T  INDICATES TRACE AMOUNT.




$$
