000
CDUS43 KFSD 170918
CLIHON


CLIMATE REPORT
NATIONAL WEATHER SERVICE SIOUX FALLS SD
415 AM CDT WED JUN 17 2015


...................................

...THE HURON SD CLIMATE SUMMARY FOR JUNE 16 2015...

CLIMATE NORMAL PERIOD 1981 TO 2010
CLIMATE RECORD PERIOD 1881 TO 2015


WEATHER ITEM   OBSERVED TIME   RECORD YEAR NORMAL DEPARTURE LAST
                VALUE   (LST)  VALUE       VALUE  FROM      YEAR
                                                  NORMAL
..................................................................
TEMPERATURE (F)
 YESTERDAY
  MAXIMUM         67   1158 AM 101    1933  80    -13       76
  MINIMUM         56    422 AM  38    1974  56      0       51
  AVERAGE         62                        68     -6       64

PRECIPITATION (IN)
  YESTERDAY        0.18          1.98 1891   0.13   0.05     0.09
  MONTH TO DATE    1.04                      2.23  -1.19     0.53
  SINCE JUN 1      1.04                      2.23  -1.19     0.53
  SINCE JAN 1      6.98                     10.21  -3.23     5.02

SNOWFALL (IN)
  YESTERDAY        0.0           0.0    MM   0.0    0.0      0.0
  MONTH TO DATE    0.0                       0.0    0.0      0.0
  SINCE JUN 1      0.0                       0.0    0.0      0.0
  SINCE JUL 1     22.8                      43.9  -21.1     28.6
  SNOW DEPTH       0

DEGREE DAYS
 HEATING
  YESTERDAY        3                         1      2        1
  MONTH TO DATE    7                        39    -32       40
  SINCE JUN 1      7                        39    -32       40
  SINCE JUL 1   7501                      7660   -159     8327

 COOLING
  YESTERDAY        0                         4     -4        0
  MONTH TO DATE   76                        48     28       16
  SINCE JUN 1     76                        48     28       16
  SINCE JAN 1     96                        81     15       78
..................................................................


WIND (MPH)
  HIGHEST WIND SPEED    17   HIGHEST WIND DIRECTION    SE (120)
  HIGHEST GUST SPEED    24   HIGHEST GUST DIRECTION    SE (120)
  AVERAGE WIND SPEED    10.1


SKY COVER
  POSSIBLE SUNSHINE  MM
  AVERAGE SKY COVER 0.7


WEATHER CONDITIONS
 THE FOLLOWING WEATHER WAS RECORDED YESTERDAY.
  RAIN
  LIGHT RAIN
  FOG


RELATIVE HUMIDITY (PERCENT)
 HIGHEST    90           300 PM
 LOWEST     56          1000 AM
 AVERAGE    73

..........................................................


THE HURON SD CLIMATE NORMALS FOR TODAY
                         NORMAL    RECORD    YEAR
 MAXIMUM TEMPERATURE (F)   80        99      1940
                                             1933
 MINIMUM TEMPERATURE (F)   57        40      1974


SUNRISE AND SUNSET
JUNE 17 2015..........SUNRISE   548 AM CDT   SUNSET   920 PM CDT
JUNE 18 2015..........SUNRISE   548 AM CDT   SUNSET   920 PM CDT


-  INDICATES NEGATIVE NUMBERS.
R  INDICATES RECORD WAS SET OR TIED.
MM INDICATES DATA IS MISSING.
T  INDICATES TRACE AMOUNT.




$$
