000
CDUS43 KFSD 010656
CLIHON


CLIMATE REPORT
NATIONAL WEATHER SERVICE SIOUX FALLS SD
155 AM CDT SUN OCT 1 2017


...................................

...THE HURON SD CLIMATE SUMMARY FOR SEPTEMBER 30 2017...

CLIMATE NORMAL PERIOD 1981 TO 2010
CLIMATE RECORD PERIOD 1881 TO 2017


WEATHER ITEM   OBSERVED TIME   RECORD YEAR NORMAL DEPARTURE LAST
                VALUE   (LST)  VALUE       VALUE  FROM      YEAR
                                                  NORMAL
..................................................................
TEMPERATURE (F)
 YESTERDAY
  MAXIMUM         65    310 PM  92    1989  68     -3       73
  MINIMUM         53   1258 AM  19    1974  42     11       45
  AVERAGE         59                        55      4       59

PRECIPITATION (IN)
  YESTERDAY        0.01          1.07 1995   0.07  -0.06     0.00
  MONTH TO DATE    5.97                      2.46   3.51     1.29
  SINCE SEP 1      5.97                      2.46   3.51     1.29
  SINCE JAN 1     18.28                     19.72  -1.44    15.84

SNOWFALL (IN)
  YESTERDAY        0.0           T    1944   0.0    0.0      0.0
  MONTH TO DATE    0.0                       0.0    0.0      0.0
  SINCE SEP 1      0.0                       0.0    0.0      0.0
  SINCE JUL 1      0.0                       0.0    0.0      0.0
  SNOW DEPTH       0

DEGREE DAYS
 HEATING
  YESTERDAY        6                        11     -5        6
  MONTH TO DATE  123                       167    -44      100
  SINCE SEP 1    123                       167    -44      100
  SINCE JUL 1    132                       196    -64      117

 COOLING
  YESTERDAY        0                         0      0        0
  MONTH TO DATE  107                        69     38       76
  SINCE SEP 1    107                        69     38       76
  SINCE JAN 1    727                       738    -11      882
..................................................................


WIND (MPH)
  HIGHEST WIND SPEED    31   HIGHEST WIND DIRECTION     S (160)
  HIGHEST GUST SPEED    44   HIGHEST GUST DIRECTION     S (160)
  AVERAGE WIND SPEED    16.4


SKY COVER
  POSSIBLE SUNSHINE  MM
  AVERAGE SKY COVER 0.8


WEATHER CONDITIONS
 THE FOLLOWING WEATHER WAS RECORDED YESTERDAY.
  LIGHT RAIN
  FOG


RELATIVE HUMIDITY (PERCENT)
 HIGHEST    84           400 PM
 LOWEST     61           200 AM
 AVERAGE    73

..........................................................


THE HURON SD CLIMATE NORMALS FOR TODAY
                         NORMAL    RECORD    YEAR
 MAXIMUM TEMPERATURE (F)   68        94      1892
 MINIMUM TEMPERATURE (F)   41        20      2003


SUNRISE AND SUNSET
OCTOBER  1 2017.......SUNRISE   731 AM CDT   SUNSET   713 PM CDT
OCTOBER  2 2017.......SUNRISE   732 AM CDT   SUNSET   711 PM CDT


-  INDICATES NEGATIVE NUMBERS.
R  INDICATES RECORD WAS SET OR TIED.
MM INDICATES DATA IS MISSING.
T  INDICATES TRACE AMOUNT.




$$
