000
CDUS43 KFSD 050703
CLIHON


CLIMATE REPORT
NATIONAL WEATHER SERVICE SIOUX FALLS SD
102 AM CST THU JAN 5 2017


...................................

...THE HURON SD CLIMATE SUMMARY FOR JANUARY 4 2017...

CLIMATE NORMAL PERIOD 1981 TO 2010
CLIMATE RECORD PERIOD 1881 TO 2017


WEATHER ITEM   OBSERVED TIME   RECORD YEAR NORMAL DEPARTURE LAST
                VALUE   (LST)  VALUE       VALUE  FROM      YEAR
                                                  NORMAL
..................................................................
TEMPERATURE (F)
 YESTERDAY
  MAXIMUM          4    336 PM  57    2012  26    -22       21
  MINIMUM        -12    815 AM -38    1884   7    -19       10
  AVERAGE         -4                        16    -20       16

PRECIPITATION (IN)
  YESTERDAY        0.00          1.05 1897   0.02  -0.02      T
  MONTH TO DATE    0.07                      0.07   0.00      T
  SINCE DEC 1      1.46                      0.59   0.87     1.28
  SINCE JAN 1      0.07                      0.07   0.00      T

SNOWFALL (IN)
  YESTERDAY        0.0          10.5  1897   0.2   -0.2       T
  MONTH TO DATE    0.8                       1.0   -0.2       T
  SINCE DEC 1     10.8                       9.0    1.8     14.3
  SINCE JUL 1     15.5                      17.3   -1.8     19.9
  SNOW DEPTH       1

DEGREE DAYS
 HEATING
  YESTERDAY       69                        49     20       49
  MONTH TO DATE  223                       194     29      190
  SINCE DEC 1   1722                      1612    110     1448
  SINCE JUL 1   2930                      3314   -384     2738

 COOLING
  YESTERDAY        0                         0      0        0
  MONTH TO DATE    0                         0      0        0
  SINCE DEC 1      0                         0      0        0
  SINCE JAN 1      0                         0      0        0
..................................................................


WIND (MPH)
  HIGHEST WIND SPEED    15   HIGHEST WIND DIRECTION     W (280)
  HIGHEST GUST SPEED    24   HIGHEST GUST DIRECTION    SW (230)
  AVERAGE WIND SPEED     9.2


SKY COVER
  POSSIBLE SUNSHINE  MM
  AVERAGE SKY COVER 0.0


WEATHER CONDITIONS
 THE FOLLOWING WEATHER WAS RECORDED YESTERDAY.
  NO SIGNIFICANT WEATHER WAS OBSERVED.


RELATIVE HUMIDITY (PERCENT)
 HIGHEST    91           900 PM
 LOWEST     69          1200 PM
 AVERAGE    80

..........................................................


THE HURON SD CLIMATE NORMALS FOR TODAY
                         NORMAL    RECORD    YEAR
 MAXIMUM TEMPERATURE (F)   26        65      2012
 MINIMUM TEMPERATURE (F)    7       -35      1884


SUNRISE AND SUNSET
JANUARY  5 2017.......SUNRISE   809 AM CST   SUNSET   508 PM CST
JANUARY  6 2017.......SUNRISE   809 AM CST   SUNSET   509 PM CST


-  INDICATES NEGATIVE NUMBERS.
R  INDICATES RECORD WAS SET OR TIED.
MM INDICATES DATA IS MISSING.
T  INDICATES TRACE AMOUNT.




$$
