000
CDUS43 KFSD 222226
CLIHON


CLIMATE REPORT
NATIONAL WEATHER SERVICE SIOUX FALLS SD
525 PM CDT WED JUL 22 2015


...................................

...THE HURON SD CLIMATE SUMMARY FOR JULY 22 2015...
VALID TODAY AS OF 0500 PM LOCAL TIME.

CLIMATE NORMAL PERIOD 1981 TO 2010
CLIMATE RECORD PERIOD 1881 TO 2015


WEATHER ITEM   OBSERVED TIME   RECORD YEAR NORMAL DEPARTURE LAST
                VALUE   (LST)  VALUE       VALUE  FROM      YEAR
                                                  NORMAL
..................................................................
TEMPERATURE (F)
 TODAY
  MAXIMUM         84    353 PM 109    1936  87     -3       83
  MINIMUM         67    705 AM  46    1904  62      5       63
  AVERAGE         76                        74      2       73

PRECIPITATION (IN)
  TODAY            0.00          1.01 1911   0.10  -0.10      T
  MONTH TO DATE    1.73                      1.98  -0.25     3.45
  SINCE JUN 1      6.33                      5.91   0.42     5.82
  SINCE JAN 1     12.27                     13.89  -1.62    10.31

SNOWFALL (IN)
  TODAY            0.0           0.0    MM   0.0    0.0      0.0
  MONTH TO DATE    0.0                       0.0    0.0      0.0
  SINCE JUN 1      T                         0.0    0.0      0.0
  SINCE JUL 1      0.0                       0.0    0.0      0.0
  SNOW DEPTH       0

DEGREE DAYS
 HEATING
  TODAY            0                         0      0        0
  MONTH TO DATE    4                         0      4       16
  SINCE JUN 1     15                        51    -36       56
  SINCE JUL 1      4                         0      4       16

 COOLING
  TODAY           11                         9      2        8
  MONTH TO DATE  190                       192     -2      142
  SINCE JUN 1    340                       325     15      245
  SINCE JAN 1    360                       358      2      307
..................................................................


WIND (MPH)
  HIGHEST WIND SPEED    21   HIGHEST WIND DIRECTION    SE (150)
  HIGHEST GUST SPEED    26   HIGHEST GUST DIRECTION     S (160)
  AVERAGE WIND SPEED    12.9


SKY COVER
  POSSIBLE SUNSHINE  MM
  AVERAGE SKY COVER 0.2


WEATHER CONDITIONS
 THE FOLLOWING WEATHER WAS RECORDED TODAY.
  NO SIGNIFICANT WEATHER WAS OBSERVED.


RELATIVE HUMIDITY (PERCENT)
 HIGHEST    81           600 AM
 LOWEST     48           300 PM
 AVERAGE    65

..........................................................


THE HURON SD CLIMATE NORMALS FOR TOMORROW
                         NORMAL    RECORD    YEAR
 MAXIMUM TEMPERATURE (F)   87       109      2005
 MINIMUM TEMPERATURE (F)   62        44      1904
                                             1887


SUNRISE AND SUNSET
JULY 22 2015..........SUNRISE   609 AM CDT   SUNSET   909 PM CDT
JULY 23 2015..........SUNRISE   610 AM CDT   SUNSET   908 PM CDT


-  INDICATES NEGATIVE NUMBERS.
R  INDICATES RECORD WAS SET OR TIED.
MM INDICATES DATA IS MISSING.
T  INDICATES TRACE AMOUNT.




$$
