138
CDUS43 KFSD 070629
CLIHON


CLIMATE REPORT
NATIONAL WEATHER SERVICE SIOUX FALLS SD
127 AM CDT MON AUG 7 2017


...................................

...THE HURON SD CLIMATE SUMMARY FOR AUGUST 6 2017...

CLIMATE NORMAL PERIOD 1981 TO 2010
CLIMATE RECORD PERIOD 1881 TO 2017


WEATHER ITEM   OBSERVED TIME   RECORD YEAR NORMAL DEPARTURE LAST
                VALUE   (LST)  VALUE       VALUE  FROM      YEAR
                                                  NORMAL
..................................................................
TEMPERATURE (F)
 YESTERDAY
  MAXIMUM         73    506 PM 106    1980  86    -13       84
  MINIMUM         56    539 AM  43    1976  61     -5       57
  AVERAGE         65                        73     -8       71

PRECIPITATION (IN)
  YESTERDAY        0.01          1.10 1897   0.09  -0.08     0.00
  MONTH TO DATE    0.27                      0.59  -0.32     0.79
  SINCE JUN 1      6.71                      7.44  -0.73     3.70
  SINCE JAN 1     10.80                     15.42  -4.62    12.51

SNOWFALL (IN)
  YESTERDAY        0.0           0.0    MM   0.0    0.0      0.0
  MONTH TO DATE    0.0                       0.0    0.0      0.0
  SINCE JUN 1      0.0                       0.0    0.0      0.0
  SINCE JUL 1      0.0                       0.0    0.0      0.0
  SNOW DEPTH       0

DEGREE DAYS
 HEATING
  YESTERDAY        0                         0      0        0
  MONTH TO DATE    6                         0      6        0
  SINCE JUN 1     37                        59    -22       23
  SINCE JUL 1      6                         8     -2        6

 COOLING
  YESTERDAY        0                         9     -9        6
  MONTH TO DATE   12                        54    -42       60
  SINCE JUN 1    515                       464     51      582
  SINCE JAN 1    536                       497     39      613
..................................................................


WIND (MPH)
  HIGHEST WIND SPEED    14   HIGHEST WIND DIRECTION     E (80)
  HIGHEST GUST SPEED    16   HIGHEST GUST DIRECTION     E (80)
  AVERAGE WIND SPEED     4.7


SKY COVER
  POSSIBLE SUNSHINE  MM
  AVERAGE SKY COVER 0.7


WEATHER CONDITIONS
 THE FOLLOWING WEATHER WAS RECORDED YESTERDAY.
  LIGHT RAIN


RELATIVE HUMIDITY (PERCENT)
 HIGHEST   100           100 AM
 LOWEST     61          1100 AM
 AVERAGE    81

..........................................................


THE HURON SD CLIMATE NORMALS FOR TODAY
                         NORMAL    RECORD    YEAR
 MAXIMUM TEMPERATURE (F)   86       102      1890
 MINIMUM TEMPERATURE (F)   61        43      1904


SUNRISE AND SUNSET
AUGUST  7 2017........SUNRISE   627 AM CDT   SUNSET   849 PM CDT
AUGUST  8 2017........SUNRISE   628 AM CDT   SUNSET   848 PM CDT


-  INDICATES NEGATIVE NUMBERS.
R  INDICATES RECORD WAS SET OR TIED.
MM INDICATES DATA IS MISSING.
T  INDICATES TRACE AMOUNT.




$$
