804
CDUS43 KFSD 170625
CLIHON


CLIMATE REPORT
NATIONAL WEATHER SERVICE SIOUX FALLS SD
123 AM CDT SAT SEP 17 2016


...................................

...THE HURON SD CLIMATE SUMMARY FOR SEPTEMBER 16 2016...

CLIMATE NORMAL PERIOD 1981 TO 2010
CLIMATE RECORD PERIOD 1881 TO 2016


WEATHER ITEM   OBSERVED TIME   RECORD YEAR NORMAL DEPARTURE LAST
                VALUE   (LST)  VALUE       VALUE  FROM      YEAR
                                                  NORMAL
..................................................................
TEMPERATURE (F)
 YESTERDAY
  MAXIMUM         72    234 PM  97    1925  75     -3       86
  MINIMUM         54   1106 PM  25    1903  49      5       64
  AVERAGE         63                        62      1       75

PRECIPITATION (IN)
  YESTERDAY        0.01          1.65 1896   0.08  -0.07      T
  MONTH TO DATE    1.20                      1.40  -0.20     0.16
  SINCE SEP 1      1.20                      1.40  -0.20     0.16
  SINCE JAN 1     15.75                     18.66  -2.91    19.35

SNOWFALL (IN)
  YESTERDAY        0.0           0.0    MM   0.0    0.0      0.0
  MONTH TO DATE    0.0                       0.0    0.0      0.0
  SINCE SEP 1      0.0                       0.0    0.0      0.0
  SINCE JUL 1      0.0                       0.0    0.0      0.0
  SNOW DEPTH       0

DEGREE DAYS
 HEATING
  YESTERDAY        2                         5     -3        0
  MONTH TO DATE   42                        54    -12       29
  SINCE SEP 1     42                        54    -12       29
  SINCE JUL 1     59                        83    -24       69

 COOLING
  YESTERDAY        0                         2     -2       10
  MONTH TO DATE   43                        55    -12      104
  SINCE SEP 1     43                        55    -12      104
  SINCE JAN 1    849                       724    125      760
..................................................................


WIND (MPH)
  HIGHEST WIND SPEED    23   HIGHEST WIND DIRECTION    NW (300)
  HIGHEST GUST SPEED    30   HIGHEST GUST DIRECTION     W (270)
  AVERAGE WIND SPEED    10.0


SKY COVER
  POSSIBLE SUNSHINE  MM
  AVERAGE SKY COVER 0.6


WEATHER CONDITIONS
 THE FOLLOWING WEATHER WAS RECORDED YESTERDAY.
  THUNDERSTORM
  LIGHT RAIN
  FOG


RELATIVE HUMIDITY (PERCENT)
 HIGHEST   100          1200 AM
 LOWEST     57           200 PM
 AVERAGE    79

..........................................................


THE HURON SD CLIMATE NORMALS FOR TODAY
                         NORMAL    RECORD    YEAR
 MAXIMUM TEMPERATURE (F)   74       103      1895
 MINIMUM TEMPERATURE (F)   48        30      1900
                                             1888


SUNRISE AND SUNSET
SEPTEMBER 17 2016.....SUNRISE   715 AM CDT   SUNSET   739 PM CDT
SEPTEMBER 18 2016.....SUNRISE   716 AM CDT   SUNSET   737 PM CDT


-  INDICATES NEGATIVE NUMBERS.
R  INDICATES RECORD WAS SET OR TIED.
MM INDICATES DATA IS MISSING.
T  INDICATES TRACE AMOUNT.




$$
