000
CDUS43 KFSD 230658
CLIHON


CLIMATE REPORT
NATIONAL WEATHER SERVICE SIOUX FALLS SD
158 AM CDT TUE JUN 23 2015


...................................

...THE HURON SD CLIMATE SUMMARY FOR JUNE 22 2015...

CLIMATE NORMAL PERIOD 1981 TO 2010
CLIMATE RECORD PERIOD 1881 TO 2015


WEATHER ITEM   OBSERVED TIME   RECORD YEAR NORMAL DEPARTURE LAST
                VALUE   (LST)  VALUE       VALUE  FROM      YEAR
                                                  NORMAL
..................................................................
TEMPERATURE (F)
 YESTERDAY
  MAXIMUM         79    352 PM  99    1922  82     -3       82
                                      1911
  MINIMUM         57   1149 PM  40    1885  58     -1       60
  AVERAGE         68                        70     -2       71

PRECIPITATION (IN)
  YESTERDAY        0.59          3.10 1948   0.13   0.46     0.00
  MONTH TO DATE    3.79                      3.02   0.77     1.60
  SINCE JUN 1      3.79                      3.02   0.77     1.60
  SINCE JAN 1      9.73                     11.00  -1.27     6.09

SNOWFALL (IN)
  YESTERDAY        0.0           0.0    MM   0.0    0.0      0.0
  MONTH TO DATE    T                         0.0    0.0      0.0
  SINCE JUN 1      T                         0.0    0.0      0.0
  SINCE JUL 1     22.8                      43.9  -21.1     28.6
  SNOW DEPTH       0

DEGREE DAYS
 HEATING
  YESTERDAY        0                         1     -1        0
  MONTH TO DATE   11                        45    -34       40
  SINCE JUN 1     11                        45    -34       40
  SINCE JUL 1   7505                      7666   -161     8327

 COOLING
  YESTERDAY        3                         6     -3        6
  MONTH TO DATE  100                        80     20       51
  SINCE JUN 1    100                        80     20       51
  SINCE JAN 1    120                       113      7      113
..................................................................


WIND (MPH)
  HIGHEST WIND SPEED    40   HIGHEST WIND DIRECTION     N (350)
  HIGHEST GUST SPEED    52   HIGHEST GUST DIRECTION     N (350)
  AVERAGE WIND SPEED    14.8


SKY COVER
  POSSIBLE SUNSHINE  MM
  AVERAGE SKY COVER 0.1


WEATHER CONDITIONS
 THE FOLLOWING WEATHER WAS RECORDED YESTERDAY.
  THUNDERSTORM
  HEAVY RAIN
  LIGHT RAIN
  FOG


RELATIVE HUMIDITY (PERCENT)
 HIGHEST    93           600 AM
 LOWEST     36          1200 PM
 AVERAGE    65

..........................................................


THE HURON SD CLIMATE NORMALS FOR TODAY
                         NORMAL    RECORD    YEAR
 MAXIMUM TEMPERATURE (F)   82       106      1937
 MINIMUM TEMPERATURE (F)   58        39      1887


SUNRISE AND SUNSET
JUNE 23 2015..........SUNRISE   549 AM CDT   SUNSET   921 PM CDT
JUNE 24 2015..........SUNRISE   549 AM CDT   SUNSET   921 PM CDT


-  INDICATES NEGATIVE NUMBERS.
R  INDICATES RECORD WAS SET OR TIED.
MM INDICATES DATA IS MISSING.
T  INDICATES TRACE AMOUNT.




$$
