000
CDUS43 KFSD 230650
CLIHON


CLIMATE REPORT
NATIONAL WEATHER SERVICE SIOUX FALLS SD
149 AM CDT SUN AUG 23 2015


...................................

...THE HURON SD CLIMATE SUMMARY FOR AUGUST 22 2015...

CLIMATE NORMAL PERIOD 1981 TO 2010
CLIMATE RECORD PERIOD 1881 TO 2015


WEATHER ITEM   OBSERVED TIME   RECORD YEAR NORMAL DEPARTURE LAST
                VALUE   (LST)  VALUE       VALUE  FROM      YEAR
                                                  NORMAL
..................................................................
TEMPERATURE (F)
 YESTERDAY
  MAXIMUM         81   1113 AM 105    1971  83     -2       86
                                      1938
  MINIMUM         56   1106 PM  35    1890  58     -2       57
  AVERAGE         69                        71     -2       72

PRECIPITATION (IN)
  YESTERDAY        0.00          1.11 1954   0.07  -0.07     0.00
  MONTH TO DATE    4.96                      1.80   3.16     0.69
  SINCE JUN 1     13.17                      8.65   4.52     6.73
  SINCE JAN 1     19.11                     16.63   2.48    11.22

SNOWFALL (IN)
  YESTERDAY        0.0           0.0    MM   0.0    0.0      0.0
  MONTH TO DATE    0.0                       0.0    0.0      0.0
  SINCE JUN 1      T                         0.0    0.0      0.0
  SINCE JUL 1      0.0                       0.0    0.0      0.0
  SNOW DEPTH       0

DEGREE DAYS
 HEATING
  YESTERDAY        0                         1     -1        0
  MONTH TO DATE   16                         6     10        1
  SINCE JUN 1     31                        65    -34       64
  SINCE JUL 1     20                        14      6       24

 COOLING
  YESTERDAY        4                         7     -3        7
  MONTH TO DATE  162                       175    -13      140
  SINCE JUN 1    594                       585      9      420
  SINCE JAN 1    614                       618     -4      482
..................................................................


WIND (MPH)
  HIGHEST WIND SPEED    38   HIGHEST WIND DIRECTION    NW (310)
  HIGHEST GUST SPEED    47   HIGHEST GUST DIRECTION    NW (310)
  AVERAGE WIND SPEED    20.8


SKY COVER
  POSSIBLE SUNSHINE  MM
  AVERAGE SKY COVER 0.4


WEATHER CONDITIONS
 THE FOLLOWING WEATHER WAS RECORDED YESTERDAY.
  HAZE


RELATIVE HUMIDITY (PERCENT)
 HIGHEST    93           500 AM
 LOWEST     49           300 PM
 AVERAGE    71

..........................................................


THE HURON SD CLIMATE NORMALS FOR TODAY
                         NORMAL    RECORD    YEAR
 MAXIMUM TEMPERATURE (F)   83       107      2003
 MINIMUM TEMPERATURE (F)   58        34      1891


SUNRISE AND SUNSET
AUGUST 23 2015........SUNRISE   645 AM CDT   SUNSET   825 PM CDT
AUGUST 24 2015........SUNRISE   646 AM CDT   SUNSET   824 PM CDT


-  INDICATES NEGATIVE NUMBERS.
R  INDICATES RECORD WAS SET OR TIED.
MM INDICATES DATA IS MISSING.
T  INDICATES TRACE AMOUNT.




$$
