000
CDUS43 KFSD 020642
CLIHON


CLIMATE REPORT
NATIONAL WEATHER SERVICE SIOUX FALLS SD
141 AM CDT SAT SEP 2 2017


...................................

...THE HURON SD CLIMATE SUMMARY FOR SEPTEMBER 1 2017...

CLIMATE NORMAL PERIOD 1981 TO 2010
CLIMATE RECORD PERIOD 1881 TO 2017


WEATHER ITEM   OBSERVED TIME   RECORD YEAR NORMAL DEPARTURE LAST
                VALUE   (LST)  VALUE       VALUE  FROM      YEAR
                                                  NORMAL
..................................................................
TEMPERATURE (F)
 YESTERDAY
  MAXIMUM         74    452 PM 101    1913  81     -7       84
  MINIMUM         65   1159 PM  33    1946  55     10       59
  AVERAGE         70                        68      2       72

PRECIPITATION (IN)
  YESTERDAY        0.12          2.43 2006   0.08   0.04     0.00
  MONTH TO DATE    0.12                      0.08   0.04     0.00
  SINCE SEP 1      0.12                      0.08   0.04     0.00
  SINCE JAN 1     12.43                     17.34  -4.91    14.55

SNOWFALL (IN)
  YESTERDAY        0.0           0.0    MM   0.0    0.0      0.0
  MONTH TO DATE    0.0                       0.0    0.0      0.0
  SINCE SEP 1      0.0                       0.0    0.0      0.0
  SINCE JUL 1      0.0                       0.0    0.0      0.0
  SNOW DEPTH       0

DEGREE DAYS
 HEATING
  YESTERDAY        0                         2     -2        0
  MONTH TO DATE    0                         2     -2        0
  SINCE SEP 1      0                         2     -2        0
  SINCE JUL 1      9                        31    -22       17

 COOLING
  YESTERDAY        5                         5      0        7
  MONTH TO DATE    5                         5      0        7
  SINCE SEP 1      5                         5      0        7
  SINCE JAN 1    625                       674    -49      813
..................................................................


WIND (MPH)
  HIGHEST WIND SPEED    21   HIGHEST WIND DIRECTION     S (170)
  HIGHEST GUST SPEED    28   HIGHEST GUST DIRECTION     S (170)
  AVERAGE WIND SPEED    13.0


SKY COVER
  POSSIBLE SUNSHINE  MM
  AVERAGE SKY COVER 0.6


WEATHER CONDITIONS
 THE FOLLOWING WEATHER WAS RECORDED YESTERDAY.
  RAIN
  LIGHT RAIN
  FOG


RELATIVE HUMIDITY (PERCENT)
 HIGHEST   100          1200 AM
 LOWEST     79           400 PM
 AVERAGE    90

..........................................................


THE HURON SD CLIMATE NORMALS FOR TODAY
                         NORMAL    RECORD    YEAR
 MAXIMUM TEMPERATURE (F)   80       104      1983
                                             1929
 MINIMUM TEMPERATURE (F)   55        37      1893


SUNRISE AND SUNSET
SEPTEMBER  2 2017.....SUNRISE   657 AM CDT   SUNSET   807 PM CDT
SEPTEMBER  3 2017.....SUNRISE   658 AM CDT   SUNSET   805 PM CDT


-  INDICATES NEGATIVE NUMBERS.
R  INDICATES RECORD WAS SET OR TIED.
MM INDICATES DATA IS MISSING.
T  INDICATES TRACE AMOUNT.




$$
