000
CDUS43 KFSD 282235
CLIHON


CLIMATE REPORT
NATIONAL WEATHER SERVICE SIOUX FALLS SD
534 PM CDT SAT OCT 28 2017


...................................

...THE HURON SD CLIMATE SUMMARY FOR OCTOBER 28 2017...
VALID TODAY AS OF 0500 PM LOCAL TIME.

CLIMATE NORMAL PERIOD 1981 TO 2010
CLIMATE RECORD PERIOD 1881 TO 2017


WEATHER ITEM   OBSERVED TIME   RECORD YEAR NORMAL DEPARTURE LAST
                VALUE   (LST)  VALUE       VALUE  FROM      YEAR
                                                  NORMAL
..................................................................
TEMPERATURE (F)
 TODAY
  MAXIMUM         52    351 PM  85    1937  54     -2       80
  MINIMUM         11    438 AM   3    1919  31    -20       51
  AVERAGE         32                        43    -11       66

PRECIPITATION (IN)
  TODAY            0.00          1.88 2004   0.05  -0.05     0.00
  MONTH TO DATE    1.74                      1.66   0.08     1.01
  SINCE SEP 1      7.71                      4.12   3.59     2.30
  SINCE JAN 1     20.02                     21.38  -1.36    16.85

SNOWFALL (IN)
  TODAY            0.0           3.5  1971   0.0    0.0      0.0
  MONTH TO DATE    T                         0.8   -0.8      0.0
  SINCE SEP 1      T                         0.8   -0.8      0.0
  SINCE JUL 1      T                         0.8   -0.8      0.0
  SNOW DEPTH       0

DEGREE DAYS
 HEATING
  TODAY           33                        22     11        0
  MONTH TO DATE  418                       464    -46      352
  SINCE SEP 1    541                       631    -90      452
  SINCE JUL 1    550                       660   -110      469

 COOLING
  TODAY            0                         0      0        1
  MONTH TO DATE    3                         0      3        5
  SINCE SEP 1    110                        69     41       81
  SINCE JAN 1    730                       738     -8      887
..................................................................


WIND (MPH)
  HIGHEST WIND SPEED    15   HIGHEST WIND DIRECTION    NW (320)
  HIGHEST GUST SPEED    21   HIGHEST GUST DIRECTION     W (290)
  AVERAGE WIND SPEED     6.2


SKY COVER
  POSSIBLE SUNSHINE  MM
  AVERAGE SKY COVER 0.0


WEATHER CONDITIONS
 THE FOLLOWING WEATHER WAS RECORDED TODAY.
  NO SIGNIFICANT WEATHER WAS OBSERVED.


RELATIVE HUMIDITY (PERCENT)
 HIGHEST    92           600 AM
 LOWEST     19           100 PM
 AVERAGE    56

..........................................................


THE HURON SD CLIMATE NORMALS FOR TOMORROW
                         NORMAL    RECORD    YEAR
 MAXIMUM TEMPERATURE (F)   54        85      1933
 MINIMUM TEMPERATURE (F)   31        -6      1925


SUNRISE AND SUNSET
OCTOBER 28 2017.......SUNRISE   805 AM CDT   SUNSET   627 PM CDT
OCTOBER 29 2017.......SUNRISE   806 AM CDT   SUNSET   626 PM CDT


-  INDICATES NEGATIVE NUMBERS.
R  INDICATES RECORD WAS SET OR TIED.
MM INDICATES DATA IS MISSING.
T  INDICATES TRACE AMOUNT.




$$
