000
CDUS43 KFSD 032238
CLIHON


CLIMATE REPORT
NATIONAL WEATHER SERVICE SIOUX FALLS SD
438 PM CST MON NOV 3 2014


...................................

...THE HURON SD CLIMATE SUMMARY FOR NOVEMBER 3 2014...
VALID TODAY AS OF 0400 PM LOCAL TIME.

CLIMATE NORMAL PERIOD 1981 TO 2010
CLIMATE RECORD PERIOD 1881 TO 2014


WEATHER ITEM   OBSERVED TIME   RECORD YEAR NORMAL DEPARTURE LAST
                VALUE   (LST)  VALUE       VALUE  FROM      YEAR
                                                  NORMAL
..................................................................
TEMPERATURE (F)
 TODAY
  MAXIMUM         52   1041 AM  76    1978  51      1       56
  MINIMUM         34    330 AM   1    1991  28      6       37
  AVERAGE         43                        40      3       47

PRECIPITATION (IN)
  TODAY            0.06          0.48 2003   0.04   0.02     0.00
  MONTH TO DATE    0.06                      0.11  -0.05     0.01
  SINCE SEP 1      1.44                      4.36  -2.92     6.83
  SINCE JAN 1     15.00                     21.62  -6.62    24.03

SNOWFALL (IN)
  TODAY            0.0           5.8  2003   0.1   -0.1      0.0
  MONTH TO DATE    0.0                       0.4   -0.4      0.0
  SINCE SEP 1      0.0                       1.5   -1.5      0.9
  SINCE JUL 1      0.0                       1.5   -1.5      0.9
  SNOW DEPTH       0

DEGREE DAYS
 HEATING
  TODAY           22                        25     -3       18
  MONTH TO DATE   61                        74    -13       65
  SINCE SEP 1    675                       775   -100      682
  SINCE JUL 1    708                       804    -96      704

 COOLING
  TODAY            0                         0      0        0
  MONTH TO DATE    0                         0      0        0
  SINCE SEP 1     74                        73      1      160
  SINCE JAN 1    597                       742   -145      848
..................................................................


WIND (MPH)
  HIGHEST WIND SPEED    26   HIGHEST WIND DIRECTION    NW (320)
  HIGHEST GUST SPEED    31   HIGHEST GUST DIRECTION    NW (320)
  AVERAGE WIND SPEED    10.1


SKY COVER
  POSSIBLE SUNSHINE  MM
  AVERAGE SKY COVER 0.4


WEATHER CONDITIONS
 THE FOLLOWING WEATHER WAS RECORDED TODAY.
  LIGHT RAIN
  FOG


RELATIVE HUMIDITY (PERCENT)
 HIGHEST    MM
 LOWEST     MM
 AVERAGE    MM

..........................................................


THE HURON SD CLIMATE NORMALS FOR TOMORROW
                         NORMAL    RECORD    YEAR
 MAXIMUM TEMPERATURE (F)   50        75      1975
 MINIMUM TEMPERATURE (F)   28         0      1991


SUNRISE AND SUNSET
NOVEMBER  3 2014......SUNRISE   713 AM CST   SUNSET   519 PM CST
NOVEMBER  4 2014......SUNRISE   714 AM CST   SUNSET   518 PM CST


-  INDICATES NEGATIVE NUMBERS.
R  INDICATES RECORD WAS SET OR TIED.
MM INDICATES DATA IS MISSING.
T  INDICATES TRACE AMOUNT.




$$
