000
CDUS43 KFSD 180640
CLIHON


CLIMATE REPORT
NATIONAL WEATHER SERVICE SIOUX FALLS SD
140 AM CDT WED MAR 18 2015


...................................

...THE HURON SD CLIMATE SUMMARY FOR MARCH 17 2015...

CLIMATE NORMAL PERIOD 1981 TO 2010
CLIMATE RECORD PERIOD 1881 TO 2015


WEATHER ITEM   OBSERVED TIME   RECORD YEAR NORMAL DEPARTURE LAST
                VALUE   (LST)  VALUE       VALUE  FROM      YEAR
                                                  NORMAL
..................................................................
TEMPERATURE (F)
 YESTERDAY
  MAXIMUM         45    511 PM  79    2012  44      1       56
  MINIMUM         16    628 AM  -9    1923  23     -7       30
                                      1902
  AVERAGE         31                        34     -3       43

PRECIPITATION (IN)
  YESTERDAY        0.00          2.15 1987   0.05  -0.05     0.00
  MONTH TO DATE    0.13                      0.65  -0.52     0.36
  SINCE MAR 1      0.13                      0.65  -0.52     0.36
  SINCE JAN 1      0.74                      1.75  -1.01     0.92

SNOWFALL (IN)
  YESTERDAY        0.0           8.1  1989   0.3   -0.3      0.0
  MONTH TO DATE    1.2                       5.5   -4.3      3.5
  SINCE MAR 1      1.2                       5.5   -4.3      3.5
  SINCE JUL 1     22.8                      36.5  -13.7     25.2
  SNOW DEPTH      MM

DEGREE DAYS
 HEATING
  YESTERDAY       34                        31      3       22
  MONTH TO DATE  503                       592    -89      646
  SINCE MAR 1    503                       592    -89      646
  SINCE JUL 1   6440                      6424     16     6966

 COOLING
  YESTERDAY        0                         0      0        0
  MONTH TO DATE    2                         0      2        0
  SINCE MAR 1      2                         0      2        0
  SINCE JAN 1      2                         0      2        0
..................................................................


WIND (MPH)
  HIGHEST WIND SPEED    13   HIGHEST WIND DIRECTION     N (350)
  HIGHEST GUST SPEED    16   HIGHEST GUST DIRECTION     N (20)
  AVERAGE WIND SPEED     5.3


SKY COVER
  POSSIBLE SUNSHINE  MM
  AVERAGE SKY COVER 0.4


WEATHER CONDITIONS
 THE FOLLOWING WEATHER WAS RECORDED YESTERDAY.
  NO SIGNIFICANT WEATHER WAS OBSERVED.


RELATIVE HUMIDITY (PERCENT)
 HIGHEST    92           400 AM
 LOWEST     27           400 PM
 AVERAGE    60

..........................................................


THE HURON SD CLIMATE NORMALS FOR TODAY
                         NORMAL    RECORD    YEAR
 MAXIMUM TEMPERATURE (F)   45        88      2012
 MINIMUM TEMPERATURE (F)   24       -13      1923


SUNRISE AND SUNSET
MARCH 18 2015.........SUNRISE   740 AM CDT   SUNSET   743 PM CDT
MARCH 19 2015.........SUNRISE   738 AM CDT   SUNSET   744 PM CDT


-  INDICATES NEGATIVE NUMBERS.
R  INDICATES RECORD WAS SET OR TIED.
MM INDICATES DATA IS MISSING.
T  INDICATES TRACE AMOUNT.




$$
