000
CDUS43 KFSD 142232
CLIHON


CLIMATE REPORT
NATIONAL WEATHER SERVICE SIOUX FALLS SD
532 PM CDT SAT MAR 14 2015


...................................

...THE HURON SD CLIMATE SUMMARY FOR MARCH 14 2015...
VALID TODAY AS OF 0500 PM LOCAL TIME.

CLIMATE NORMAL PERIOD 1981 TO 2010
CLIMATE RECORD PERIOD 1881 TO 2015


WEATHER ITEM   OBSERVED TIME   RECORD YEAR NORMAL DEPARTURE LAST
                VALUE   (LST)  VALUE       VALUE  FROM      YEAR
                                                  NORMAL
..................................................................
TEMPERATURE (F)
 TODAY
  MAXIMUM         71    319 PM  75    1935  43     28       51
  MINIMUM         25    659 AM -25    1897  22      3       32
  AVERAGE         48                        32     16       42

PRECIPITATION (IN)
  TODAY            0.00          1.27 2002   0.05  -0.05     0.00
  MONTH TO DATE    0.13                      0.51  -0.38     0.36
  SINCE MAR 1      0.13                      0.51  -0.38     0.36
  SINCE JAN 1      0.74                      1.61  -0.87     0.92

SNOWFALL (IN)
  TODAY            0.0          19.0  2002   0.3   -0.3      0.0
  MONTH TO DATE    1.2                       4.6   -3.4      3.5
  SINCE MAR 1      1.2                       4.6   -3.4      3.5
  SINCE JUL 1     22.8                      35.6  -12.8     25.2
  SNOW DEPTH       0

DEGREE DAYS
 HEATING
  TODAY           17                        33    -16       23
  MONTH TO DATE  453                       497    -44      549
  SINCE MAR 1    453                       497    -44      549
  SINCE JUL 1   6390                      6329     61     6869

 COOLING
  TODAY            0                         0      0        0
  MONTH TO DATE    0                         0      0        0
  SINCE MAR 1      0                         0      0        0
  SINCE JAN 1      0                         0      0        0
..................................................................


WIND (MPH)
  HIGHEST WIND SPEED    20   HIGHEST WIND DIRECTION     S (200)
  HIGHEST GUST SPEED    26   HIGHEST GUST DIRECTION     S (190)
  AVERAGE WIND SPEED     4.3


SKY COVER
  POSSIBLE SUNSHINE  MM
  AVERAGE SKY COVER 0.0


WEATHER CONDITIONS
 THE FOLLOWING WEATHER WAS RECORDED TODAY.
  NO SIGNIFICANT WEATHER WAS OBSERVED.


RELATIVE HUMIDITY (PERCENT)
 HIGHEST    92          1200 AM
 LOWEST     14           400 PM
 AVERAGE    53

..........................................................


THE HURON SD CLIMATE NORMALS FOR TOMORROW
                         NORMAL    RECORD    YEAR
 MAXIMUM TEMPERATURE (F)   43        69      1995
 MINIMUM TEMPERATURE (F)   22       -22      1897


SUNRISE AND SUNSET
MARCH 14 2015.........SUNRISE   747 AM CDT   SUNSET   737 PM CDT
MARCH 15 2015.........SUNRISE   746 AM CDT   SUNSET   739 PM CDT


-  INDICATES NEGATIVE NUMBERS.
R  INDICATES RECORD WAS SET OR TIED.
MM INDICATES DATA IS MISSING.
T  INDICATES TRACE AMOUNT.




$$
