000
CDUS43 KFSD 290629
CLIHON


CLIMATE REPORT
NATIONAL WEATHER SERVICE SIOUX FALLS SD
1228 AM CST WED NOV 29 2017


...................................

...THE HURON SD CLIMATE SUMMARY FOR NOVEMBER 28 2017...

CLIMATE NORMAL PERIOD 1981 TO 2010
CLIMATE RECORD PERIOD 1881 TO 2017


WEATHER ITEM   OBSERVED TIME   RECORD YEAR NORMAL DEPARTURE LAST
                VALUE   (LST)  VALUE       VALUE  FROM      YEAR
                                                  NORMAL
..................................................................
TEMPERATURE (F)
 YESTERDAY
  MAXIMUM         52    143 PM  61    1901  35     17       45
  MINIMUM         22   1159 PM -28    1887  16      6       31
  AVERAGE         37                        26     11       38

PRECIPITATION (IN)
  YESTERDAY        0.00          2.37 2005   0.02  -0.02     0.19
  MONTH TO DATE    0.08                      0.83  -0.75     1.19
  SINCE SEP 1      7.83                      5.08   2.75     3.53
  SINCE JAN 1     20.14                     22.34  -2.20    18.08

SNOWFALL (IN)
  YESTERDAY        0.0          14.8  2005   0.2   -0.2      0.3
  MONTH TO DATE    1.3                       6.6   -5.3      4.2
  SINCE SEP 1      1.3                       7.7   -6.4      4.2
  SINCE JUL 1      1.3                       7.7   -6.4      4.2
  SNOW DEPTH       0

DEGREE DAYS
 HEATING
  YESTERDAY       28                        39    -11       27
  MONTH TO DATE  869                       890    -21      632
  SINCE SEP 1   1504                      1591    -87     1124
  SINCE JUL 1   1513                      1620   -107     1141

 COOLING
  YESTERDAY        0                         0      0        0
  MONTH TO DATE    0                         0      0        0
  SINCE SEP 1    110                        73     37       81
  SINCE JAN 1    730                       742    -12      887
..................................................................


WIND (MPH)
  HIGHEST WIND SPEED    25   HIGHEST WIND DIRECTION     N (340)
  HIGHEST GUST SPEED    30   HIGHEST GUST DIRECTION     N (340)
  AVERAGE WIND SPEED    12.2


SKY COVER
  POSSIBLE SUNSHINE  MM
  AVERAGE SKY COVER 0.1


WEATHER CONDITIONS
 THE FOLLOWING WEATHER WAS RECORDED YESTERDAY.
  NO SIGNIFICANT WEATHER WAS OBSERVED.


RELATIVE HUMIDITY (PERCENT)
 HIGHEST    75           800 AM
 LOWEST     19           100 PM
 AVERAGE    47

..........................................................


THE HURON SD CLIMATE NORMALS FOR TODAY
                         NORMAL    RECORD    YEAR
 MAXIMUM TEMPERATURE (F)   35        62      1998
                                             1883
 MINIMUM TEMPERATURE (F)   15       -21      1964


SUNRISE AND SUNSET
NOVEMBER 29 2017......SUNRISE   747 AM CST   SUNSET   456 PM CST
NOVEMBER 30 2017......SUNRISE   748 AM CST   SUNSET   455 PM CST


-  INDICATES NEGATIVE NUMBERS.
R  INDICATES RECORD WAS SET OR TIED.
MM INDICATES DATA IS MISSING.
T  INDICATES TRACE AMOUNT.




$$
