000
CDUS43 KFSD 280635
CLIHON


CLIMATE REPORT
NATIONAL WEATHER SERVICE SIOUX FALLS SD
1232 AM CST WED DEC 28 2016


...................................

...THE HURON SD CLIMATE SUMMARY FOR DECEMBER 27 2016...

CLIMATE NORMAL PERIOD 1981 TO 2010
CLIMATE RECORD PERIOD 1881 TO 2016


WEATHER ITEM   OBSERVED TIME   RECORD YEAR NORMAL DEPARTURE LAST
                VALUE   (LST)  VALUE       VALUE  FROM      YEAR
                                                  NORMAL
..................................................................
TEMPERATURE (F)
 YESTERDAY
  MAXIMUM         32    426 PM  62    1928  27      5       11
  MINIMUM          8    558 AM -28    1886   7      1       -9
  AVERAGE         20                        17      3        1

PRECIPITATION (IN)
  YESTERDAY        0.00          0.71 1987   0.02  -0.02     0.00
  MONTH TO DATE    1.39                      0.45   0.94     1.28
  SINCE DEC 1      1.39                      0.45   0.94     1.28
  SINCE JAN 1     19.52                     22.83  -3.31    25.58

SNOWFALL (IN)
  YESTERDAY        0.0           9.0  1987   0.3   -0.3      0.0
  MONTH TO DATE   10.0                       7.0    3.0     14.3
  SINCE DEC 1     10.0                       7.0    3.0     14.3
  SINCE JUL 1     14.7                      15.3   -0.6     19.9
  SNOW DEPTH       2

DEGREE DAYS
 HEATING
  YESTERDAY       45                        48     -3       64
  MONTH TO DATE 1343                      1225    118     1044
  SINCE DEC 1   1343                      1225    118     1044
  SINCE JUL 1   2551                      2927   -376     2334

 COOLING
  YESTERDAY        0                         0      0        0
  MONTH TO DATE    0                         0      0        0
  SINCE DEC 1      0                         0      0        0
  SINCE JAN 1    887                       742    145      797
..................................................................


WIND (MPH)
  HIGHEST WIND SPEED    17   HIGHEST WIND DIRECTION    SE (150)
  HIGHEST GUST SPEED    28   HIGHEST GUST DIRECTION    SW (220)
  AVERAGE WIND SPEED     7.6


SKY COVER
  POSSIBLE SUNSHINE  MM
  AVERAGE SKY COVER 0.0


WEATHER CONDITIONS
 THE FOLLOWING WEATHER WAS RECORDED YESTERDAY.
  NO SIGNIFICANT WEATHER WAS OBSERVED.


RELATIVE HUMIDITY (PERCENT)
 HIGHEST    92           300 AM
 LOWEST     58           100 PM
 AVERAGE    75

..........................................................


THE HURON SD CLIMATE NORMALS FOR TODAY
                         NORMAL    RECORD    YEAR
 MAXIMUM TEMPERATURE (F)   27        58      1898
 MINIMUM TEMPERATURE (F)    7       -25      1917


SUNRISE AND SUNSET
DECEMBER 28 2016......SUNRISE   808 AM CST   SUNSET   501 PM CST
DECEMBER 29 2016......SUNRISE   809 AM CST   SUNSET   502 PM CST


-  INDICATES NEGATIVE NUMBERS.
R  INDICATES RECORD WAS SET OR TIED.
MM INDICATES DATA IS MISSING.
T  INDICATES TRACE AMOUNT.




$$
