000
CDUS43 KFSD 012233
CLIHON


CLIMATE REPORT
NATIONAL WEATHER SERVICE SIOUX FALLS SD
533 PM CDT THU JUN 1 2017


...................................

...THE HURON SD CLIMATE SUMMARY FOR JUNE 1 2017...
VALID TODAY AS OF 0500 PM LOCAL TIME.

CLIMATE NORMAL PERIOD 1981 TO 2010
CLIMATE RECORD PERIOD 1881 TO 2017


WEATHER ITEM   OBSERVED TIME   RECORD YEAR NORMAL DEPARTURE LAST
                VALUE   (LST)  VALUE       VALUE  FROM      YEAR
                                                  NORMAL
..................................................................
TEMPERATURE (F)
 TODAY
  MAXIMUM         84    318 PM 100    1940  75      9       70
  MINIMUM         44    407 AM  36    1989  52     -8       50
                                      1975
                                      1946
  AVERAGE         64                        63      1       60

PRECIPITATION (IN)
  TODAY            0.00          3.21 1991   0.13  -0.13     0.00
  MONTH TO DATE    0.00                      0.13  -0.13     0.00
  SINCE JUN 1      0.00                      0.13  -0.13     0.00
  SINCE JAN 1      4.09                      8.11  -4.02     8.81

SNOWFALL (IN)
  TODAY            0.0           0.0    MM   0.0    0.0      0.0
  MONTH TO DATE    0.0                       0.0    0.0      0.0
  SINCE JUN 1      0.0                       0.0    0.0      0.0
  SINCE JUL 1     35.9                      43.9   -8.0     33.0
  SNOW DEPTH       0

DEGREE DAYS
 HEATING
  TODAY            1                         4     -3        5
  MONTH TO DATE    1                         4     -3        5
  SINCE JUN 1      1                         4     -3        5
  SINCE JUL 1   6881                      7625   -744     6557

 COOLING
  TODAY            0                         2     -2        0
  MONTH TO DATE    0                         2     -2        0
  SINCE JUN 1      0                         2     -2        0
  SINCE JAN 1     21                        35    -14       31
..................................................................


WIND (MPH)
  HIGHEST WIND SPEED    21   HIGHEST WIND DIRECTION     S (170)
  HIGHEST GUST SPEED    28   HIGHEST GUST DIRECTION     S (170)
  AVERAGE WIND SPEED    10.2


SKY COVER
  POSSIBLE SUNSHINE  MM
  AVERAGE SKY COVER 0.0


WEATHER CONDITIONS
 THE FOLLOWING WEATHER WAS RECORDED TODAY.
  NO SIGNIFICANT WEATHER WAS OBSERVED.


RELATIVE HUMIDITY (PERCENT)
 HIGHEST    83           400 AM
 LOWEST     28          1200 PM
 AVERAGE    56

..........................................................


THE HURON SD CLIMATE NORMALS FOR TOMORROW
                         NORMAL    RECORD    YEAR
 MAXIMUM TEMPERATURE (F)   75       100      1940
 MINIMUM TEMPERATURE (F)   52        32      1964
                                             1946


SUNRISE AND SUNSET
JUNE  1 2017..........SUNRISE   552 AM CDT   SUNSET   910 PM CDT
JUNE  2 2017..........SUNRISE   551 AM CDT   SUNSET   911 PM CDT


-  INDICATES NEGATIVE NUMBERS.
R  INDICATES RECORD WAS SET OR TIED.
MM INDICATES DATA IS MISSING.
T  INDICATES TRACE AMOUNT.




$$
