000
CDUS43 KFSD 150636
CLIHON


CLIMATE REPORT
NATIONAL WEATHER SERVICE SIOUX FALLS SD
1235 AM CST SUN FEB 15 2015


...................................

...THE HURON SD CLIMATE SUMMARY FOR FEBRUARY 14 2015...

CLIMATE NORMAL PERIOD 1981 TO 2010
CLIMATE RECORD PERIOD 1881 TO 2015


WEATHER ITEM   OBSERVED TIME   RECORD YEAR NORMAL DEPARTURE LAST
                VALUE   (LST)  VALUE       VALUE  FROM      YEAR
                                                  NORMAL
..................................................................
TEMPERATURE (F)
 YESTERDAY
  MAXIMUM         26   1212 AM  60    1999  31     -5       13
                                      1934
  MINIMUM          1    923 AM -27    1936  11    -10        1
  AVERAGE         14                        21     -7        7

PRECIPITATION (IN)
  YESTERDAY        T             0.57 1918   0.02  -0.02     0.09
  MONTH TO DATE    0.06                      0.27  -0.21     0.26
  SINCE DEC 1      1.11                      1.29  -0.18     1.42
  SINCE JAN 1      0.41                      0.77  -0.36     0.41

SNOWFALL (IN)
  YESTERDAY        T             4.8  1969   0.2   -0.2      1.3
  MONTH TO DATE    0.7                       3.4   -2.7      4.2
  SINCE DEC 1     10.4                      18.7   -8.3     17.7
  SINCE JUL 1     18.3                      27.0   -8.7     20.2
  SNOW DEPTH       0

DEGREE DAYS
 HEATING
  YESTERDAY       51                        44      7       58
  MONTH TO DATE  644                       638      6      790
  SINCE DEC 1   3344                      3553   -209     4030
  SINCE JUL 1   5201                      5255    -54     5667

 COOLING
  YESTERDAY        0                         0      0        0
  MONTH TO DATE    0                         0      0        0
  SINCE DEC 1      0                         0      0        0
  SINCE JAN 1      0                         0      0        0
..................................................................


WIND (MPH)
  HIGHEST WIND SPEED    25   HIGHEST WIND DIRECTION    NE (30)
  HIGHEST GUST SPEED    31   HIGHEST GUST DIRECTION    NE (30)
  AVERAGE WIND SPEED    13.5


SKY COVER
  POSSIBLE SUNSHINE  MM
  AVERAGE SKY COVER 0.7


WEATHER CONDITIONS
 THE FOLLOWING WEATHER WAS RECORDED YESTERDAY.
  LIGHT SNOW
  FOG
  HAZE


RELATIVE HUMIDITY (PERCENT)
 HIGHEST    88           100 AM
 LOWEST     45           200 PM
 AVERAGE    67

..........................................................


THE HURON SD CLIMATE NORMALS FOR TODAY
                         NORMAL    RECORD    YEAR
 MAXIMUM TEMPERATURE (F)   32        66      1921
 MINIMUM TEMPERATURE (F)   11       -28      1958


SUNRISE AND SUNSET
FEBRUARY 15 2015......SUNRISE   733 AM CST   SUNSET   602 PM CST
FEBRUARY 16 2015......SUNRISE   731 AM CST   SUNSET   603 PM CST


-  INDICATES NEGATIVE NUMBERS.
R  INDICATES RECORD WAS SET OR TIED.
MM INDICATES DATA IS MISSING.
T  INDICATES TRACE AMOUNT.




$$
