000
CDUS43 KFSD 100719
CLIHON


CLIMATE REPORT
NATIONAL WEATHER SERVICE SIOUX FALLS SD
119 AM CST WED DEC 10 2014


...................................

...THE HURON SD CLIMATE SUMMARY FOR DECEMBER 9 2014...

CLIMATE NORMAL PERIOD 1981 TO 2010
CLIMATE RECORD PERIOD 1881 TO 2014


WEATHER ITEM   OBSERVED TIME   RECORD YEAR NORMAL DEPARTURE LAST
                VALUE   (LST)  VALUE       VALUE  FROM      YEAR
                                                  NORMAL
..................................................................
TEMPERATURE (F)
 YESTERDAY
  MAXIMUM         26    452 PM  64    1939  30     -4       24
  MINIMUM          7    541 AM -24    1955  11     -4      -11
  AVERAGE         17                        21     -4        7

PRECIPITATION (IN)
  YESTERDAY        0.00          0.23 1918   0.02  -0.02      T
  MONTH TO DATE    0.00                      0.16  -0.16     0.39
  SINCE DEC 1      0.00                      0.16  -0.16     0.39
  SINCE JAN 1     15.68                     22.54  -6.86    24.57

SNOWFALL (IN)
  YESTERDAY        0.0           2.0  1893   0.3   -0.3       T
  MONTH TO DATE    0.0                       2.3   -2.3      4.1
  SINCE DEC 1      0.0                       2.3   -2.3      4.1
  SINCE JUL 1      7.9                      10.6   -2.7      6.6
  SNOW DEPTH       0

DEGREE DAYS
 HEATING
  YESTERDAY       48                        44      4       58
  MONTH TO DATE  371                       384    -13      483
  SINCE DEC 1    371                       384    -13      483
  SINCE JUL 1   2228                      2086    142     2120

 COOLING
  YESTERDAY        0                         0      0        0
  MONTH TO DATE    0                         0      0        0
  SINCE DEC 1      0                         0      0        0
  SINCE JAN 1    597                       742   -145      848
..................................................................


WIND (MPH)
  HIGHEST WIND SPEED    20   HIGHEST WIND DIRECTION    SE (150)
  HIGHEST GUST SPEED    26   HIGHEST GUST DIRECTION    SE (150)
  AVERAGE WIND SPEED     9.2


SKY COVER
  POSSIBLE SUNSHINE  MM
  AVERAGE SKY COVER 0.3


WEATHER CONDITIONS
 THE FOLLOWING WEATHER WAS RECORDED YESTERDAY.
  FOG


RELATIVE HUMIDITY (PERCENT)
 HIGHEST   100           800 AM
 LOWEST     81           200 PM
 AVERAGE    91

..........................................................


THE HURON SD CLIMATE NORMALS FOR TODAY
                         NORMAL    RECORD    YEAR
 MAXIMUM TEMPERATURE (F)   30        59      1979
 MINIMUM TEMPERATURE (F)   11       -21      1917


SUNRISE AND SUNSET
DECEMBER 10 2014......SUNRISE   758 AM CST   SUNSET   453 PM CST
DECEMBER 11 2014......SUNRISE   759 AM CST   SUNSET   453 PM CST


-  INDICATES NEGATIVE NUMBERS.
R  INDICATES RECORD WAS SET OR TIED.
MM INDICATES DATA IS MISSING.
T  INDICATES TRACE AMOUNT.




$$
