000
CDUS43 KFSD 260629
CLIHON


CLIMATE REPORT
NATIONAL WEATHER SERVICE SIOUX FALLS SD
125 AM CDT TUE SEP 26 2017


...................................

...THE HURON SD CLIMATE SUMMARY FOR SEPTEMBER 25 2017...

CLIMATE NORMAL PERIOD 1981 TO 2010
CLIMATE RECORD PERIOD 1881 TO 2017


WEATHER ITEM   OBSERVED TIME   RECORD YEAR NORMAL DEPARTURE LAST
                VALUE   (LST)  VALUE       VALUE  FROM      YEAR
                                                  NORMAL
..................................................................
TEMPERATURE (F)
 YESTERDAY
  MAXIMUM         54    330 PM  93    1967  71    -17       69
  MINIMUM         49   1159 PM  19    1893  44      5       45
  AVERAGE         52                        57     -5       57

PRECIPITATION (IN)
  YESTERDAY        0.46          1.57 1901   0.08   0.38     0.00
  MONTH TO DATE    5.95                      2.10   3.85     1.29
  SINCE SEP 1      5.95                      2.10   3.85     1.29
  SINCE JAN 1     18.26                     19.36  -1.10    15.84

SNOWFALL (IN)
  YESTERDAY        0.0           T    1965   0.1   -0.1      0.0
                                      1939
  MONTH TO DATE    0.0                       0.1   -0.1      0.0
  SINCE SEP 1      0.0                       0.1   -0.1      0.0
  SINCE JUL 1      0.0                       0.1   -0.1      0.0
  SNOW DEPTH       0

DEGREE DAYS
 HEATING
  YESTERDAY       13                         9      4        8
  MONTH TO DATE   85                       118    -33       54
  SINCE SEP 1     85                       118    -33       54
  SINCE JUL 1     94                       147    -53       71

 COOLING
  YESTERDAY        0                         1     -1        0
  MONTH TO DATE  107                        66     41       76
  SINCE SEP 1    107                        66     41       76
  SINCE JAN 1    727                       735     -8      882
..................................................................


WIND (MPH)
  HIGHEST WIND SPEED    16   HIGHEST WIND DIRECTION     N (360)
  HIGHEST GUST SPEED    21   HIGHEST GUST DIRECTION    NE (40)
  AVERAGE WIND SPEED    10.5


SKY COVER
  POSSIBLE SUNSHINE  MM
  AVERAGE SKY COVER 1.0


WEATHER CONDITIONS
 THE FOLLOWING WEATHER WAS RECORDED YESTERDAY.
  HEAVY RAIN
  RAIN
  LIGHT RAIN
  FOG


RELATIVE HUMIDITY (PERCENT)
 HIGHEST   100           900 PM
 LOWEST     83          1000 AM
 AVERAGE    92

..........................................................


THE HURON SD CLIMATE NORMALS FOR TODAY
                         NORMAL    RECORD    YEAR
 MAXIMUM TEMPERATURE (F)   70        98      1974
 MINIMUM TEMPERATURE (F)   44        23      1965


SUNRISE AND SUNSET
SEPTEMBER 26 2017.....SUNRISE   725 AM CDT   SUNSET   722 PM CDT
SEPTEMBER 27 2017.....SUNRISE   726 AM CDT   SUNSET   720 PM CDT


-  INDICATES NEGATIVE NUMBERS.
R  INDICATES RECORD WAS SET OR TIED.
MM INDICATES DATA IS MISSING.
T  INDICATES TRACE AMOUNT.




$$
