510
CDUS43 KFSD 052223
CLIHON


CLIMATE REPORT
NATIONAL WEATHER SERVICE SIOUX FALLS SD
523 PM CDT SAT AUG 5 2017


...................................

...THE HURON SD CLIMATE SUMMARY FOR AUGUST 5 2017...
VALID TODAY AS OF 0500 PM LOCAL TIME.

CLIMATE NORMAL PERIOD 1981 TO 2010
CLIMATE RECORD PERIOD 1881 TO 2017


WEATHER ITEM   OBSERVED TIME   RECORD YEAR NORMAL DEPARTURE LAST
                VALUE   (LST)  VALUE       VALUE  FROM      YEAR
                                                  NORMAL
..................................................................
TEMPERATURE (F)
 TODAY
  MAXIMUM         73    117 PM 106    1937  86    -13       84
  MINIMUM         59    601 AM  45    1994  61     -2       53
                                      1974
  AVERAGE         66                        73     -7       69

PRECIPITATION (IN)
  TODAY            0.16          2.50 1900   0.10   0.06     0.00
  MONTH TO DATE    0.26                      0.50  -0.24     0.79
  SINCE JUN 1      6.70                      7.35  -0.65     3.70
  SINCE JAN 1     10.79                     15.33  -4.54    12.51

SNOWFALL (IN)
  TODAY            0.0           0.0    MM   0.0    0.0      0.0
  MONTH TO DATE    0.0                       0.0    0.0      0.0
  SINCE JUN 1      0.0                       0.0    0.0      0.0
  SINCE JUL 1      0.0                       0.0    0.0      0.0
  SNOW DEPTH       0

DEGREE DAYS
 HEATING
  TODAY            0                         0      0        0
  MONTH TO DATE    6                         0      6        0
  SINCE JUN 1     37                        59    -22       23
  SINCE JUL 1      6                         8     -2        6

 COOLING
  TODAY            1                         9     -8        4
  MONTH TO DATE   12                        45    -33       54
  SINCE JUN 1    515                       455     60      576
  SINCE JAN 1    536                       488     48      607
..................................................................


WIND (MPH)
  HIGHEST WIND SPEED    18   HIGHEST WIND DIRECTION     S (170)
  HIGHEST GUST SPEED    23   HIGHEST GUST DIRECTION     S (170)
  AVERAGE WIND SPEED     8.6


SKY COVER
  POSSIBLE SUNSHINE  MM
  AVERAGE SKY COVER 0.5


WEATHER CONDITIONS
 THE FOLLOWING WEATHER WAS RECORDED TODAY.
  THUNDERSTORM
  RAIN
  LIGHT RAIN
  FOG


RELATIVE HUMIDITY (PERCENT)
 HIGHEST    93           600 AM
 LOWEST     61          1100 AM
 AVERAGE    77

..........................................................


THE HURON SD CLIMATE NORMALS FOR TOMORROW
                         NORMAL    RECORD    YEAR
 MAXIMUM TEMPERATURE (F)   86       106      1980
 MINIMUM TEMPERATURE (F)   61        43      1976


SUNRISE AND SUNSET
AUGUST  5 2017........SUNRISE   625 AM CDT   SUNSET   852 PM CDT
AUGUST  6 2017........SUNRISE   626 AM CDT   SUNSET   851 PM CDT


-  INDICATES NEGATIVE NUMBERS.
R  INDICATES RECORD WAS SET OR TIED.
MM INDICATES DATA IS MISSING.
T  INDICATES TRACE AMOUNT.




$$
