000
CDUS43 KFSD 010644
CLIHON


CLIMATE REPORT
NATIONAL WEATHER SERVICE SIOUX FALLS SD
144 AM CDT FRI JUL 1 2016


...................................

...THE HURON SD CLIMATE SUMMARY FOR JUNE 30 2016...

CLIMATE NORMAL PERIOD 1981 TO 2010
CLIMATE RECORD PERIOD 1881 TO 2016


WEATHER ITEM   OBSERVED TIME   RECORD YEAR NORMAL DEPARTURE LAST
                VALUE   (LST)  VALUE       VALUE  FROM      YEAR
                                                  NORMAL
..................................................................
TEMPERATURE (F)
 YESTERDAY
  MAXIMUM         81    137 PM 104    1931  84     -3       73
  MINIMUM         54   1159 PM  44    1892  60     -6       66
  AVERAGE         68                        72     -4       70

PRECIPITATION (IN)
  YESTERDAY        0.00          2.26 1968   0.10  -0.10     0.05
  MONTH TO DATE    1.91                      3.93  -2.02     4.60
  SINCE JUN 1      1.91                      3.93  -2.02     4.60
  SINCE JAN 1     10.72                     11.91  -1.19    10.54

SNOWFALL (IN)
  YESTERDAY        0.0           0.0    MM   0.0    0.0      0.0
  MONTH TO DATE    0.0                       0.0    0.0       T
  SINCE JUN 1      0.0                       0.0    0.0       T
  SINCE JUL 1     33.0                      43.9  -10.9     22.8
  SNOW DEPTH       0

DEGREE DAYS
 HEATING
  YESTERDAY        0                         0      0        0
  MONTH TO DATE   17                        52    -35       11
  SINCE JUN 1     17                        51    -34       11
  SINCE JUL 1   6569                      7672  -1103     7505

 COOLING
  YESTERDAY        3                         7     -4        5
  MONTH TO DATE  228                       133     95      150
  SINCE JUN 1    228                       133     95      150
  SINCE JAN 1    259                       166     93      170
..................................................................


WIND (MPH)
  HIGHEST WIND SPEED    23   HIGHEST WIND DIRECTION     N (350)
  HIGHEST GUST SPEED    30   HIGHEST GUST DIRECTION    NE (40)
  AVERAGE WIND SPEED    11.0


SKY COVER
  POSSIBLE SUNSHINE  MM
  AVERAGE SKY COVER 0.2


WEATHER CONDITIONS
 THE FOLLOWING WEATHER WAS RECORDED YESTERDAY.
  NO SIGNIFICANT WEATHER WAS OBSERVED.


RELATIVE HUMIDITY (PERCENT)
 HIGHEST    93           500 AM
 LOWEST     27           600 PM
 AVERAGE    60

..........................................................


THE HURON SD CLIMATE NORMALS FOR TODAY
                         NORMAL    RECORD    YEAR
 MAXIMUM TEMPERATURE (F)   84       103      2002
 MINIMUM TEMPERATURE (F)   60        44      1945
                                             1904


SUNRISE AND SUNSET
JULY  1 2016..........SUNRISE   553 AM CDT   SUNSET   921 PM CDT
JULY  2 2016..........SUNRISE   553 AM CDT   SUNSET   921 PM CDT


-  INDICATES NEGATIVE NUMBERS.
R  INDICATES RECORD WAS SET OR TIED.
MM INDICATES DATA IS MISSING.
T  INDICATES TRACE AMOUNT.




$$
