000
CDUS43 KFSD 240624
CLIHON


CLIMATE REPORT
NATIONAL WEATHER SERVICE SIOUX FALLS SD
123 AM CDT FRI MAR 24 2017


...................................

...THE HURON SD CLIMATE SUMMARY FOR MARCH 23 2017...

CLIMATE NORMAL PERIOD 1981 TO 2010
CLIMATE RECORD PERIOD 1881 TO 2017


WEATHER ITEM   OBSERVED TIME   RECORD YEAR NORMAL DEPARTURE LAST
                VALUE   (LST)  VALUE       VALUE  FROM      YEAR
                                                  NORMAL
..................................................................
TEMPERATURE (F)
 YESTERDAY
  MAXIMUM         47    302 PM  85    1910  47      0       40
  MINIMUM         38    533 AM -15    1899  25     13       27
  AVERAGE         43                        36      7       34

PRECIPITATION (IN)
  YESTERDAY        T             0.91 1937   0.06  -0.06     0.38
  MONTH TO DATE    0.77                      0.96  -0.19     0.54
  SINCE MAR 1      0.77                      0.96  -0.19     0.54
  SINCE JAN 1      1.57                      2.06  -0.49     1.41

SNOWFALL (IN)
  YESTERDAY        0.0          12.0  1975   0.3   -0.3      0.2
  MONTH TO DATE   13.9                       7.0    6.9      1.7
  SINCE MAR 1     13.9                       7.0    6.9      1.7
  SINCE JUL 1     35.9                      38.0   -2.1     32.4
  SNOW DEPTH       0

DEGREE DAYS
 HEATING
  YESTERDAY       22                        29     -7       31
  MONTH TO DATE  786                       772     14      550
  SINCE MAR 1    786                       772     14      550
  SINCE JUL 1   5935                      6604   -669     5626

 COOLING
  YESTERDAY        0                         0      0        0
  MONTH TO DATE    0                         0      0        0
  SINCE MAR 1      0                         0      0        0
  SINCE JAN 1      0                         0      0        0
..................................................................


WIND (MPH)
  HIGHEST WIND SPEED    23   HIGHEST WIND DIRECTION    SE (150)
  HIGHEST GUST SPEED    34   HIGHEST GUST DIRECTION    SE (140)
  AVERAGE WIND SPEED    12.9


SKY COVER
  POSSIBLE SUNSHINE  MM
  AVERAGE SKY COVER 0.7


WEATHER CONDITIONS
 THE FOLLOWING WEATHER WAS RECORDED YESTERDAY.
  FOG


RELATIVE HUMIDITY (PERCENT)
 HIGHEST   100           700 PM
 LOWEST     57           900 AM
 AVERAGE    79

..........................................................


THE HURON SD CLIMATE NORMALS FOR TODAY
                         NORMAL    RECORD    YEAR
 MAXIMUM TEMPERATURE (F)   48        80      1907
 MINIMUM TEMPERATURE (F)   26        -2      1952


SUNRISE AND SUNSET
MARCH 24 2017.........SUNRISE   728 AM CDT   SUNSET   751 PM CDT
MARCH 25 2017.........SUNRISE   726 AM CDT   SUNSET   752 PM CDT


-  INDICATES NEGATIVE NUMBERS.
R  INDICATES RECORD WAS SET OR TIED.
MM INDICATES DATA IS MISSING.
T  INDICATES TRACE AMOUNT.




$$
