000
CDUS43 KFSD 230716
CLIHON


CLIMATE REPORT
NATIONAL WEATHER SERVICE SIOUX FALLS SD
215 AM CDT FRI JUN 23 2017


...................................

...THE HURON SD CLIMATE SUMMARY FOR JUNE 22 2017...

CLIMATE NORMAL PERIOD 1981 TO 2010
CLIMATE RECORD PERIOD 1881 TO 2017


WEATHER ITEM   OBSERVED TIME   RECORD YEAR NORMAL DEPARTURE LAST
                VALUE   (LST)  VALUE       VALUE  FROM      YEAR
                                                  NORMAL
..................................................................
TEMPERATURE (F)
 YESTERDAY
  MAXIMUM         78    604 PM  99    1922  82     -4       87
                                      1911
  MINIMUM         56   1159 PM  40    1885  58     -2       60
  AVERAGE         67                        70     -3       74

PRECIPITATION (IN)
  YESTERDAY        0.82          3.10 1948   0.13   0.69     0.03
  MONTH TO DATE    2.95                      3.02  -0.07     1.91
  SINCE JUN 1      2.95                      3.02  -0.07     1.91
  SINCE JAN 1      7.04                     11.00  -3.96    10.72

SNOWFALL (IN)
  YESTERDAY        0.0           0.0    MM   0.0    0.0      0.0
  MONTH TO DATE    0.0                       0.0    0.0      0.0
  SINCE JUN 1      0.0                       0.0    0.0      0.0
  SINCE JUL 1     35.9                      43.9   -8.0     33.0
  SNOW DEPTH       0

DEGREE DAYS
 HEATING
  YESTERDAY        0                         1     -1        0
  MONTH TO DATE    2                        45    -43       17
  SINCE JUN 1      2                        45    -43       17
  SINCE JUL 1   6882                      7666   -784     6569

 COOLING
  YESTERDAY        2                         6     -4        9
  MONTH TO DATE  144                        80     64      180
  SINCE JUN 1    144                        80     64      180
  SINCE JAN 1    165                       113     52      211
..................................................................


WIND (MPH)
  HIGHEST WIND SPEED    22   HIGHEST WIND DIRECTION    NW (320)
  HIGHEST GUST SPEED    32   HIGHEST GUST DIRECTION     N (10)
  AVERAGE WIND SPEED     8.7


SKY COVER
  POSSIBLE SUNSHINE  MM
  AVERAGE SKY COVER 0.5


WEATHER CONDITIONS
 THE FOLLOWING WEATHER WAS RECORDED YESTERDAY.
  THUNDERSTORM
  HEAVY RAIN
  RAIN
  LIGHT RAIN
  FOG


RELATIVE HUMIDITY (PERCENT)
 HIGHEST    97          1000 AM
 LOWEST     43           500 PM
 AVERAGE    70

..........................................................


THE HURON SD CLIMATE NORMALS FOR TODAY
                         NORMAL    RECORD    YEAR
 MAXIMUM TEMPERATURE (F)   82       106      1937
 MINIMUM TEMPERATURE (F)   58        39      1887


SUNRISE AND SUNSET
JUNE 23 2017..........SUNRISE   549 AM CDT   SUNSET   921 PM CDT
JUNE 24 2017..........SUNRISE   549 AM CDT   SUNSET   921 PM CDT


-  INDICATES NEGATIVE NUMBERS.
R  INDICATES RECORD WAS SET OR TIED.
MM INDICATES DATA IS MISSING.
T  INDICATES TRACE AMOUNT.




$$
