000
CDUS43 KFSD 290626
CLIHON


CLIMATE REPORT
NATIONAL WEATHER SERVICE SIOUX FALLS SD
126 AM CDT MON JUN 29 2015


...................................

...THE HURON SD CLIMATE SUMMARY FOR JUNE 28 2015...

CLIMATE NORMAL PERIOD 1981 TO 2010
CLIMATE RECORD PERIOD 1881 TO 2015


WEATHER ITEM   OBSERVED TIME   RECORD YEAR NORMAL DEPARTURE LAST
                VALUE   (LST)  VALUE       VALUE  FROM      YEAR
                                                  NORMAL
..................................................................
TEMPERATURE (F)
 YESTERDAY
  MAXIMUM         84    441 PM 108    1931  84      0       81
  MINIMUM         61    518 AM  40    1895  59      2       63
  AVERAGE         73                        72      1       72

PRECIPITATION (IN)
  YESTERDAY        0.00          1.76 1882   0.11  -0.11     0.03
  MONTH TO DATE    4.55                      3.73   0.82     2.37
  SINCE JUN 1      4.55                      3.73   0.82     2.37
  SINCE JAN 1     10.49                     11.71  -1.22     6.86

SNOWFALL (IN)
  YESTERDAY        0.0           0.0    MM   0.0    0.0      0.0
  MONTH TO DATE    T                         0.0    0.0      0.0
  SINCE JUN 1      T                         0.0    0.0      0.0
  SINCE JUL 1     22.8                      43.9  -21.1     28.6
  SNOW DEPTH       0

DEGREE DAYS
 HEATING
  YESTERDAY        0                         1     -1        0
  MONTH TO DATE   11                        51    -40       40
  SINCE JUN 1     11                        51    -40       40
  SINCE JUL 1   7505                      7672   -167     8327

 COOLING
  YESTERDAY        8                         7      1        7
  MONTH TO DATE  137                       119     18       89
  SINCE JUN 1    137                       119     18       89
  SINCE JAN 1    157                       152      5      151
..................................................................


WIND (MPH)
  HIGHEST WIND SPEED    18   HIGHEST WIND DIRECTION     N (360)
  HIGHEST GUST SPEED    25   HIGHEST GUST DIRECTION     N (360)
  AVERAGE WIND SPEED     9.3


SKY COVER
  POSSIBLE SUNSHINE  MM
  AVERAGE SKY COVER 0.1


WEATHER CONDITIONS
 THE FOLLOWING WEATHER WAS RECORDED YESTERDAY.
  NO SIGNIFICANT WEATHER WAS OBSERVED.


RELATIVE HUMIDITY (PERCENT)
 HIGHEST    93          1200 AM
 LOWEST     43           400 PM
 AVERAGE    68

..........................................................


THE HURON SD CLIMATE NORMALS FOR TODAY
                         NORMAL    RECORD    YEAR
 MAXIMUM TEMPERATURE (F)   84       104      1931
 MINIMUM TEMPERATURE (F)   60        43      1985
                                             1950


SUNRISE AND SUNSET
JUNE 29 2015..........SUNRISE   551 AM CDT   SUNSET   921 PM CDT
JUNE 30 2015..........SUNRISE   552 AM CDT   SUNSET   921 PM CDT


-  INDICATES NEGATIVE NUMBERS.
R  INDICATES RECORD WAS SET OR TIED.
MM INDICATES DATA IS MISSING.
T  INDICATES TRACE AMOUNT.




$$
