000
CDUS43 KFSD 140042
CLIHON


CLIMATE REPORT
NATIONAL WEATHER SERVICE SIOUX FALLS SD
737 PM CDT WED AUG 13 2014


...................................

...THE HURON SD CLIMATE SUMMARY FOR AUGUST 13 2014...
VALID AS OF 0700 PM LOCAL TIME.

CLIMATE NORMAL PERIOD 1981 TO 2010
CLIMATE RECORD PERIOD 1881 TO 2014


WEATHER ITEM   OBSERVED TIME   RECORD YEAR NORMAL DEPARTURE LAST
                VALUE   (LST)  VALUE       VALUE  FROM      YEAR
                                                  NORMAL
..................................................................
TEMPERATURE (F)
 TODAY
  MAXIMUM         86    324 PM 110    1965  85      1       80
  MINIMUM         55    602 AM  36    1964  60     -5       52
  AVERAGE         71                        72     -1       66

PRECIPITATION (IN)
  TODAY            0.00          1.49 1887   0.08  -0.08     0.00
  MONTH TO DATE    0.43                      1.17  -0.74     1.20
  SINCE JUN 1      6.47                      8.02  -1.55     6.59
  SINCE JAN 1     10.96                     16.00  -5.04    17.18

SNOWFALL (IN)
  TODAY            0.0           0.0    MM   0.0    0.0      0.0
  MONTH TO DATE    0.0                       0.0    0.0      0.0
  SINCE JUN 1      0.0                       0.0    0.0      0.0
  SINCE JUL 1      0.0                       0.0    0.0      0.0
  SNOW DEPTH       0

DEGREE DAYS
 HEATING
  TODAY            0                         0      0        0
  MONTH TO DATE    1                         0      1        0
  SINCE JUN 1     64                        59      5       87
  SINCE JUL 1     24                         8     16       21

 COOLING
  TODAY            6                         8     -2        1
  MONTH TO DATE   68                       110    -42       41
  SINCE JUN 1    348                       520   -172      431
  SINCE JAN 1    410                       553   -143      469
..................................................................


WIND (MPH)
  HIGHEST WIND SPEED    14   HIGHEST WIND DIRECTION     S (160)
  HIGHEST GUST SPEED    20   HIGHEST GUST DIRECTION    SE (150)
  AVERAGE WIND SPEED     6.2


SKY COVER
  POSSIBLE SUNSHINE  MM
  AVERAGE SKY COVER 0.0


WEATHER CONDITIONS
 THE FOLLOWING WEATHER WAS RECORDED TODAY.
  NO SIGNIFICANT WEATHER WAS OBSERVED.


RELATIVE HUMIDITY (PERCENT)
 HIGHEST    93           500 AM
 LOWEST     40           100 PM
 AVERAGE    67

..........................................................


THE HURON SD CLIMATE NORMALS FOR TOMORROW
                         NORMAL    RECORD    YEAR
 MAXIMUM TEMPERATURE (F)   85       102      2000
                                             1935
 MINIMUM TEMPERATURE (F)   60        42      1979
                                             1929


SUNRISE AND SUNSET
AUGUST 13 2014........SUNRISE   634 AM CDT   SUNSET   841 PM CDT
AUGUST 14 2014........SUNRISE   635 AM CDT   SUNSET   839 PM CDT


-  INDICATES NEGATIVE NUMBERS.
R  INDICATES RECORD WAS SET OR TIED.
MM INDICATES DATA IS MISSING.
T  INDICATES TRACE AMOUNT.




&&
.........................................................

ADDITIONAL WEATHER INFORMATION FOR TODAY
        TEMPERATURE / HUMIDITY
AT  4 AM      58    /    83%
AT  7 AM      55    /    89%
AT 10 AM      71    /    68%
AT  1 PM      83    /    42%
AT  4 PM      85    /    41%
AT  7 PM      83    /    38%

$$
