000
CDUS43 KFSD 302220
CLIHON


CLIMATE REPORT
NATIONAL WEATHER SERVICE SIOUX FALLS SD
520 PM CDT THU MAR 30 2017


...................................

...THE HURON SD CLIMATE SUMMARY FOR MARCH 30 2017...
VALID TODAY AS OF 0500 PM LOCAL TIME.

CLIMATE NORMAL PERIOD 1981 TO 2010
CLIMATE RECORD PERIOD 1881 TO 2017


WEATHER ITEM   OBSERVED TIME   RECORD YEAR NORMAL DEPARTURE LAST
                VALUE   (LST)  VALUE       VALUE  FROM      YEAR
                                                  NORMAL
..................................................................
TEMPERATURE (F)
 TODAY
  MAXIMUM         48    316 PM  89    1943  51     -3       53
  MINIMUM         36    545 AM  -4    1969  28      8       35
  AVERAGE         42                        39      3       44

PRECIPITATION (IN)
  TODAY            0.00          0.62 1891   0.07  -0.07     0.11
  MONTH TO DATE    0.77                      1.39  -0.62     0.82
  SINCE MAR 1      0.77                      1.39  -0.62     0.82
  SINCE JAN 1      1.57                      2.49  -0.92     1.69

SNOWFALL (IN)
  TODAY            0.0           1.8  2009   0.3   -0.3      0.0
                                      1949
  MONTH TO DATE   13.9                       8.7    5.2      2.3
  SINCE MAR 1     13.9                       8.7    5.2      2.3
  SINCE JUL 1     35.9                      39.7   -3.8     33.0
  SNOW DEPTH       0

DEGREE DAYS
 HEATING
  TODAY           23                        26     -3       21
  MONTH TO DATE  930                       962    -32      719
  SINCE MAR 1    930                       962    -32      719
  SINCE JUL 1   6079                      6794   -715     5795

 COOLING
  TODAY            0                         0      0        0
  MONTH TO DATE    0                         0      0        0
  SINCE MAR 1      0                         0      0        0
  SINCE JAN 1      0                         0      0        0
..................................................................


WIND (MPH)
  HIGHEST WIND SPEED    12   HIGHEST WIND DIRECTION     E (70)
  HIGHEST GUST SPEED    15   HIGHEST GUST DIRECTION     E (70)
  AVERAGE WIND SPEED     7.4


SKY COVER
  POSSIBLE SUNSHINE  MM
  AVERAGE SKY COVER 1.0


WEATHER CONDITIONS
 THE FOLLOWING WEATHER WAS RECORDED TODAY.
  NO SIGNIFICANT WEATHER WAS OBSERVED.


RELATIVE HUMIDITY (PERCENT)
 HIGHEST    92           200 AM
 LOWEST     65           100 PM
 AVERAGE    79

..........................................................


THE HURON SD CLIMATE NORMALS FOR TOMORROW
                         NORMAL    RECORD    YEAR
 MAXIMUM TEMPERATURE (F)   51        86      1963
                                             1946
 MINIMUM TEMPERATURE (F)   28         2      1975
                                             1924


SUNRISE AND SUNSET
MARCH 30 2017.........SUNRISE   717 AM CDT   SUNSET   758 PM CDT
MARCH 31 2017.........SUNRISE   715 AM CDT   SUNSET   759 PM CDT


-  INDICATES NEGATIVE NUMBERS.
R  INDICATES RECORD WAS SET OR TIED.
MM INDICATES DATA IS MISSING.
T  INDICATES TRACE AMOUNT.




$$
