197
CDUS43 KFSD 090700
CLIHON


CLIMATE REPORT
NATIONAL WEATHER SERVICE SIOUX FALLS SD
1259 AM CST MON JAN 9 2017


...................................

...THE HURON SD CLIMATE SUMMARY FOR JANUARY 8 2017...

CLIMATE NORMAL PERIOD 1981 TO 2010
CLIMATE RECORD PERIOD 1881 TO 2017


WEATHER ITEM   OBSERVED TIME   RECORD YEAR NORMAL DEPARTURE LAST
                VALUE   (LST)  VALUE       VALUE  FROM      YEAR
                                                  NORMAL
..................................................................
TEMPERATURE (F)
 YESTERDAY
  MAXIMUM         26    353 PM  61    1963  26      0       27
  MINIMUM         -4   1200 AM -43    1887   6    -10        3
  AVERAGE         11                        16     -5       15

PRECIPITATION (IN)
  YESTERDAY        T             0.34 1939   0.02  -0.02     0.02
  MONTH TO DATE    0.07                      0.14  -0.07     0.04
  SINCE DEC 1      1.46                      0.66   0.80     1.32
  SINCE JAN 1      0.07                      0.14  -0.07     0.04

SNOWFALL (IN)
  YESTERDAY        T             2.0  1982   0.3   -0.3      0.5
  MONTH TO DATE    0.8                       2.0   -1.2      0.5
  SINCE DEC 1     10.8                      10.0    0.8     14.8
  SINCE JUL 1     15.5                      18.3   -2.8     20.4
  SNOW DEPTH       1

DEGREE DAYS
 HEATING
  YESTERDAY       54                        49      5       50
  MONTH TO DATE  473                       390     83      363
  SINCE DEC 1   1972                      1808    164     1621
  SINCE JUL 1   3180                      3510   -330     2911

 COOLING
  YESTERDAY        0                         0      0        0
  MONTH TO DATE    0                         0      0        0
  SINCE DEC 1      0                         0      0        0
  SINCE JAN 1      0                         0      0        0
..................................................................


WIND (MPH)
  HIGHEST WIND SPEED    28   HIGHEST WIND DIRECTION    NW (320)
  HIGHEST GUST SPEED    38   HIGHEST GUST DIRECTION    SE (150)
  AVERAGE WIND SPEED    16.6


SKY COVER
  POSSIBLE SUNSHINE  MM
  AVERAGE SKY COVER 0.3


WEATHER CONDITIONS
 THE FOLLOWING WEATHER WAS RECORDED YESTERDAY.
  LIGHT SNOW


RELATIVE HUMIDITY (PERCENT)
 HIGHEST    87          1200 AM
 LOWEST     68           100 PM
 AVERAGE    78

..........................................................


THE HURON SD CLIMATE NORMALS FOR TODAY
                         NORMAL    RECORD    YEAR
 MAXIMUM TEMPERATURE (F)   26        57      2012
 MINIMUM TEMPERATURE (F)    6       -33      1886


SUNRISE AND SUNSET
JANUARY  9 2017.......SUNRISE   808 AM CST   SUNSET   513 PM CST
JANUARY 10 2017.......SUNRISE   808 AM CST   SUNSET   514 PM CST


-  INDICATES NEGATIVE NUMBERS.
R  INDICATES RECORD WAS SET OR TIED.
MM INDICATES DATA IS MISSING.
T  INDICATES TRACE AMOUNT.




$$
