035
CDUS43 KFSD 240654
CLIHON


CLIMATE REPORT
NATIONAL WEATHER SERVICE SIOUX FALLS SD
1254 AM CST SUN JAN 24 2016


...................................

...THE HURON SD CLIMATE SUMMARY FOR JANUARY 23 2016...

CLIMATE NORMAL PERIOD 1981 TO 2010
CLIMATE RECORD PERIOD 1881 TO 2016


WEATHER ITEM   OBSERVED TIME   RECORD YEAR NORMAL DEPARTURE LAST
                VALUE   (LST)  VALUE       VALUE  FROM      YEAR
                                                  NORMAL
..................................................................
TEMPERATURE (F)
 YESTERDAY
  MAXIMUM         32    340 PM  57    1981  27      5       44
  MINIMUM         15   1124 PM -24    2003   7      8       22
                                      1948
                                      1883
  AVERAGE         24                        17      7       33

PRECIPITATION (IN)
  YESTERDAY        0.00          0.28 1894   0.02  -0.02     0.00
  MONTH TO DATE    0.22                      0.37  -0.15     0.32
  SINCE DEC 1      1.50                      0.89   0.61     1.02
  SINCE JAN 1      0.22                      0.37  -0.15     0.32

SNOWFALL (IN)
  YESTERDAY        0.0           3.4  1982   0.3   -0.3      0.0
  MONTH TO DATE    3.5                       5.4   -1.9      4.1
  SINCE DEC 1     17.8                      13.4    4.4      9.5
  SINCE JUL 1     23.4                      21.7    1.7     17.4
  SNOW DEPTH       6

DEGREE DAYS
 HEATING
  YESTERDAY       41                        48     -7       32
  MONTH TO DATE 1197                      1119     78     1141
  SINCE DEC 1   2455                      2537    -82     2439
  SINCE JUL 1   3745                      4239   -494     4296

 COOLING
  YESTERDAY        0                         0      0        0
  MONTH TO DATE    0                         0      0        0
  SINCE DEC 1      0                         0      0        0
  SINCE JAN 1      0                         0      0        0
..................................................................


WIND (MPH)
  HIGHEST WIND SPEED    24   HIGHEST WIND DIRECTION     S (170)
  HIGHEST GUST SPEED    34   HIGHEST GUST DIRECTION     S (160)
  AVERAGE WIND SPEED    10.9


SKY COVER
  POSSIBLE SUNSHINE  MM
  AVERAGE SKY COVER 0.5


WEATHER CONDITIONS
 THE FOLLOWING WEATHER WAS RECORDED YESTERDAY.
  FOG


RELATIVE HUMIDITY (PERCENT)
 HIGHEST   100           100 AM
 LOWEST     78          1100 AM
 AVERAGE    89

..........................................................


THE HURON SD CLIMATE NORMALS FOR TODAY
                         NORMAL    RECORD    YEAR
 MAXIMUM TEMPERATURE (F)   27        62      1981
 MINIMUM TEMPERATURE (F)    7       -35      1894


SUNRISE AND SUNSET
JANUARY 24 2016.......SUNRISE   800 AM CST   SUNSET   531 PM CST
JANUARY 25 2016.......SUNRISE   759 AM CST   SUNSET   532 PM CST


-  INDICATES NEGATIVE NUMBERS.
R  INDICATES RECORD WAS SET OR TIED.
MM INDICATES DATA IS MISSING.
T  INDICATES TRACE AMOUNT.




$$
