000
CDUS43 KFSD 142223
CLIHON


CLIMATE REPORT
NATIONAL WEATHER SERVICE SIOUX FALLS SD
523 PM CDT MON JUL 14 2014


...................................

...THE HURON SD CLIMATE SUMMARY FOR JULY 14 2014...
VALID TODAY AS OF 0500 PM LOCAL TIME.

CLIMATE NORMAL PERIOD 1981 TO 2010
CLIMATE RECORD PERIOD 1881 TO 2014


WEATHER ITEM   OBSERVED TIME   RECORD YEAR NORMAL DEPARTURE LAST
                VALUE   (LST)  VALUE       VALUE  FROM      YEAR
                                                  NORMAL
..................................................................
TEMPERATURE (F)
 TODAY
  MAXIMUM         71    357 PM 104    1931  86    -15       79
  MINIMUM         51    528 AM  41    1967  62    -11       72
  AVERAGE         61                        74    -13       76

PRECIPITATION (IN)
  TODAY            0.00          1.76 1900   0.09  -0.09     0.63
  MONTH TO DATE    3.45                      1.23   2.22     1.44
  SINCE JUN 1      5.82                      5.16   0.66     4.90
  SINCE JAN 1     10.31                     13.14  -2.83    15.49

SNOWFALL (IN)
  TODAY            0.0           0.0    MM   0.0    0.0      0.0
  MONTH TO DATE    0.0                       0.0    0.0      0.0
  SINCE JUN 1      0.0                       0.0    0.0      0.0
  SINCE JUL 1      0.0                       0.0    0.0      0.0
  SNOW DEPTH       0

DEGREE DAYS
 HEATING
  TODAY            4                         0      4        0
  MONTH TO DATE   10                         0     10        0
  SINCE JUN 1     50                        51     -1       66
  SINCE JUL 1     10                         0     10        0

 COOLING
  TODAY            0                         9     -9       11
  MONTH TO DATE   89                       120    -31      147
  SINCE JUN 1    192                       253    -61      282
  SINCE JAN 1    254                       286    -32      320
..................................................................


WIND (MPH)
  HIGHEST WIND SPEED    25   HIGHEST WIND DIRECTION     N (340)
  HIGHEST GUST SPEED    31   HIGHEST GUST DIRECTION     N (360)
  AVERAGE WIND SPEED    14.2


SKY COVER
  POSSIBLE SUNSHINE  MM
  AVERAGE SKY COVER 0.3


WEATHER CONDITIONS
 THE FOLLOWING WEATHER WAS RECORDED TODAY.
  NO SIGNIFICANT WEATHER WAS OBSERVED.


RELATIVE HUMIDITY (PERCENT)
 HIGHEST    89           200 AM
 LOWEST     38           400 PM
 AVERAGE    64

..........................................................


THE HURON SD CLIMATE NORMALS FOR TOMORROW
                         NORMAL    RECORD    YEAR
 MAXIMUM TEMPERATURE (F)   86       109      2006
 MINIMUM TEMPERATURE (F)   62        41      1912


SUNRISE AND SUNSET
JULY 14 2014..........SUNRISE   602 AM CDT   SUNSET   915 PM CDT
JULY 15 2014..........SUNRISE   603 AM CDT   SUNSET   915 PM CDT


-  INDICATES NEGATIVE NUMBERS.
R  INDICATES RECORD WAS SET OR TIED.
MM INDICATES DATA IS MISSING.
T  INDICATES TRACE AMOUNT.




$$
