000
CDUS43 KFSD 292243
CLIHON


CLIMATE REPORT
NATIONAL WEATHER SERVICE SIOUX FALLS SD
441 PM CST SUN JAN 29 2017


...................................

...THE HURON SD CLIMATE SUMMARY FOR JANUARY 29 2017...
VALID TODAY AS OF 0400 PM LOCAL TIME.

CLIMATE NORMAL PERIOD 1981 TO 2010
CLIMATE RECORD PERIOD 1881 TO 2017


WEATHER ITEM   OBSERVED TIME   RECORD YEAR NORMAL DEPARTURE LAST
                VALUE   (LST)  VALUE       VALUE  FROM      YEAR
                                                  NORMAL
..................................................................
TEMPERATURE (F)
 TODAY
  MAXIMUM         37    359 PM  63    1931  28      9       44
  MINIMUM         24    447 AM -34    1966   7     17       28
  AVERAGE         31                        18     13       36

PRECIPITATION (IN)
  TODAY            T             1.03 2001   0.02  -0.02     0.00
  MONTH TO DATE    0.58                      0.47   0.11     0.29
  SINCE DEC 1      1.97                      0.99   0.98     1.57
  SINCE JAN 1      0.58                      0.47   0.11     0.29

SNOWFALL (IN)
  TODAY            T            10.7  2001   0.2   -0.2      0.0
  MONTH TO DATE    7.0                       6.8    0.2      5.3
  SINCE DEC 1     17.0                      14.8    2.2     19.6
  SINCE JUL 1     21.7                      23.1   -1.4     25.2
  SNOW DEPTH       3

DEGREE DAYS
 HEATING
  TODAY           34                        48    -14       29
  MONTH TO DATE 1430                      1407     23     1426
  SINCE DEC 1   2929                      2825    104     2684
  SINCE JUL 1   4137                      4527   -390     3974

 COOLING
  TODAY            0                         0      0        0
  MONTH TO DATE    0                         0      0        0
  SINCE DEC 1      0                         0      0        0
  SINCE JAN 1      0                         0      0        0
..................................................................


WIND (MPH)
  HIGHEST WIND SPEED    14   HIGHEST WIND DIRECTION    NW (330)
  HIGHEST GUST SPEED    25   HIGHEST GUST DIRECTION     E (90)
  AVERAGE WIND SPEED     6.8


SKY COVER
  POSSIBLE SUNSHINE  MM
  AVERAGE SKY COVER 0.9


WEATHER CONDITIONS
 THE FOLLOWING WEATHER WAS RECORDED TODAY.
  NO SIGNIFICANT WEATHER WAS OBSERVED.


RELATIVE HUMIDITY (PERCENT)
 HIGHEST   100           500 AM
 LOWEST     85          1200 AM
 AVERAGE    93

..........................................................


THE HURON SD CLIMATE NORMALS FOR TOMORROW
                         NORMAL    RECORD    YEAR
 MAXIMUM TEMPERATURE (F)   28        59      1989
 MINIMUM TEMPERATURE (F)    7       -29      1994


SUNRISE AND SUNSET
JANUARY 29 2017.......SUNRISE   754 AM CST   SUNSET   539 PM CST
JANUARY 30 2017.......SUNRISE   753 AM CST   SUNSET   540 PM CST


-  INDICATES NEGATIVE NUMBERS.
R  INDICATES RECORD WAS SET OR TIED.
MM INDICATES DATA IS MISSING.
T  INDICATES TRACE AMOUNT.




$$
