000
CDUS43 KFSD 080626
CLIHON


CLIMATE REPORT
NATIONAL WEATHER SERVICE SIOUX FALLS SD
125 AM CDT WED OCT 8 2014


...................................

...THE HURON SD CLIMATE SUMMARY FOR OCTOBER 7 2014...

CLIMATE NORMAL PERIOD 1981 TO 2010
CLIMATE RECORD PERIOD 1881 TO 2014


WEATHER ITEM   OBSERVED TIME   RECORD YEAR NORMAL DEPARTURE LAST
                VALUE   (LST)  VALUE       VALUE  FROM      YEAR
                                                  NORMAL
..................................................................
TEMPERATURE (F)
 YESTERDAY
  MAXIMUM         66    253 PM  90    2003  65      1       73
  MINIMUM         38   1107 PM  18    1952  39     -1       36
  AVERAGE         52                        52      0       55

PRECIPITATION (IN)
  YESTERDAY        0.00          1.08 1946   0.06  -0.06     0.00
  MONTH TO DATE    0.02                      0.47  -0.45     1.69
  SINCE SEP 1      1.12                      2.93  -1.81     3.10
  SINCE JAN 1     14.68                     20.19  -5.51    20.30

SNOWFALL (IN)
  YESTERDAY        0.0           5.0  1970   0.0    0.0      0.0
  MONTH TO DATE    0.0                       0.1   -0.1      0.0
  SINCE SEP 1      0.0                       0.1   -0.1      0.0
  SINCE JUL 1      0.0                       0.1   -0.1      0.0
  SNOW DEPTH       0

DEGREE DAYS
 HEATING
  YESTERDAY       13                        13      0       10
  MONTH TO DATE  104                        85     19       75
  SINCE SEP 1    243                       252     -9      128
  SINCE JUL 1    276                       281     -5      150

 COOLING
  YESTERDAY        0                         0      0        0
  MONTH TO DATE    0                         0      0        0
  SINCE SEP 1     74                        69      5      160
  SINCE JAN 1    597                       738   -141      848
..................................................................


WIND (MPH)
  HIGHEST WIND SPEED    32   HIGHEST WIND DIRECTION    NW (320)
  HIGHEST GUST SPEED    38   HIGHEST GUST DIRECTION    NW (310)
  AVERAGE WIND SPEED    16.7


SKY COVER
  POSSIBLE SUNSHINE  MM
  AVERAGE SKY COVER 0.2


WEATHER CONDITIONS
 THE FOLLOWING WEATHER WAS RECORDED YESTERDAY.
  NO SIGNIFICANT WEATHER WAS OBSERVED.


RELATIVE HUMIDITY (PERCENT)
 HIGHEST    66           100 AM
 LOWEST     31           300 PM
 AVERAGE    49

..........................................................


THE HURON SD CLIMATE NORMALS FOR TODAY
                         NORMAL    RECORD    YEAR
 MAXIMUM TEMPERATURE (F)   64        86      2003
 MINIMUM TEMPERATURE (F)   38        15      1917
                                             1895


SUNRISE AND SUNSET
OCTOBER  8 2014.......SUNRISE   739 AM CDT   SUNSET   701 PM CDT
OCTOBER  9 2014.......SUNRISE   740 AM CDT   SUNSET   659 PM CDT


-  INDICATES NEGATIVE NUMBERS.
R  INDICATES RECORD WAS SET OR TIED.
MM INDICATES DATA IS MISSING.
T  INDICATES TRACE AMOUNT.




$$
