000
CDUS43 KFSD 120646
CLIHON


CLIMATE REPORT
NATIONAL WEATHER SERVICE SIOUX FALLS SD
146 AM CDT FRI SEP 12 2014


...................................

...THE HURON SD CLIMATE SUMMARY FOR SEPTEMBER 11 2014...

CLIMATE NORMAL PERIOD 1981 TO 2010
CLIMATE RECORD PERIOD 1881 TO 2014


WEATHER ITEM   OBSERVED TIME   RECORD YEAR NORMAL DEPARTURE LAST
                VALUE   (LST)  VALUE       VALUE  FROM      YEAR
                                                  NORMAL
..................................................................
TEMPERATURE (F)
 YESTERDAY
  MAXIMUM         54    119 PM 100    1931  77    -23       89
  MINIMUM         42    709 AM  29    1955  51     -9       56
  AVERAGE         48                        64    -16       73

PRECIPITATION (IN)
  YESTERDAY        T             2.19 1901   0.09  -0.09     0.00
  MONTH TO DATE    0.22                      0.96  -0.74      T
  SINCE SEP 1      0.22                      0.96  -0.74      T
  SINCE JAN 1     13.78                     18.22  -4.44    17.20

SNOWFALL (IN)
  YESTERDAY       MM             0.0    MM   0.0   MM        0.0
  MONTH TO DATE    0.0                       0.0    0.0      0.0
  SINCE SEP 1      0.0                       0.0    0.0      0.0
  SINCE JUL 1      0.0                       0.0    0.0      0.0
  SNOW DEPTH       0

DEGREE DAYS
 HEATING
  YESTERDAY       17                         4     13        0
  MONTH TO DATE   46                        31     15        2
  SINCE SEP 1     46                        31     15        2
  SINCE JUL 1     79                        60     19       24

 COOLING
  YESTERDAY        0                         3     -3        8
  MONTH TO DATE   28                        43    -15      107
  SINCE SEP 1     28                        43    -15      107
  SINCE JAN 1    551                       712   -161      795
..................................................................


WIND (MPH)
  HIGHEST WIND SPEED    16   HIGHEST WIND DIRECTION     N (360)
  HIGHEST GUST SPEED    20   HIGHEST GUST DIRECTION     N (10)
  AVERAGE WIND SPEED     8.9


SKY COVER
  POSSIBLE SUNSHINE  MM
  AVERAGE SKY COVER 0.9


WEATHER CONDITIONS
 THE FOLLOWING WEATHER WAS RECORDED YESTERDAY.
  NO SIGNIFICANT WEATHER WAS OBSERVED.


RELATIVE HUMIDITY (PERCENT)
 HIGHEST    92           100 AM
 LOWEST     59           100 PM
 AVERAGE    76

..........................................................


THE HURON SD CLIMATE NORMALS FOR TODAY
                         NORMAL    RECORD    YEAR
 MAXIMUM TEMPERATURE (F)   76       100      1990
                                             1939
 MINIMUM TEMPERATURE (F)   51        25      1902


SUNRISE AND SUNSET
SEPTEMBER 12 2014.....SUNRISE   708 AM CDT   SUNSET   749 PM CDT
SEPTEMBER 13 2014.....SUNRISE   710 AM CDT   SUNSET   747 PM CDT


-  INDICATES NEGATIVE NUMBERS.
R  INDICATES RECORD WAS SET OR TIED.
MM INDICATES DATA IS MISSING.
T  INDICATES TRACE AMOUNT.




$$
