000
CDUS43 KFSD 250654
CLIHON


CLIMATE REPORT
NATIONAL WEATHER SERVICE SIOUX FALLS SD
153 AM CDT WED MAR 25 2015


...................................

...THE HURON SD CLIMATE SUMMARY FOR MARCH 24 2015...

CLIMATE NORMAL PERIOD 1981 TO 2010
CLIMATE RECORD PERIOD 1881 TO 2015


WEATHER ITEM   OBSERVED TIME   RECORD YEAR NORMAL DEPARTURE LAST
                VALUE   (LST)  VALUE       VALUE  FROM      YEAR
                                                  NORMAL
..................................................................
TEMPERATURE (F)
 YESTERDAY
  MAXIMUM         43    242 PM  80    1907  48     -5       36
  MINIMUM         33    647 AM  -2    1952  26      7       13
  AVERAGE         38                        37      1       25

PRECIPITATION (IN)
  YESTERDAY        T             1.15 1987   0.05  -0.05     0.02
  MONTH TO DATE    0.13                      1.01  -0.88     0.40
  SINCE MAR 1      0.13                      1.01  -0.88     0.40
  SINCE JAN 1      0.74                      2.11  -1.37     0.96

SNOWFALL (IN)
  YESTERDAY        0.0           9.5  1975   0.2   -0.2      0.2
  MONTH TO DATE    1.2                       7.2   -6.0      3.8
  SINCE MAR 1      1.2                       7.2   -6.0      3.8
  SINCE JUL 1     22.8                      38.2  -15.4     25.5
  SNOW DEPTH       0

DEGREE DAYS
 HEATING
  YESTERDAY       27                        28     -1       40
  MONTH TO DATE  687                       800   -113      889
  SINCE MAR 1    687                       800   -113      889
  SINCE JUL 1   6624                      6632     -8     7209

 COOLING
  YESTERDAY        0                         0      0        0
  MONTH TO DATE    2                         0      2        0
  SINCE MAR 1      2                         0      2        0
  SINCE JAN 1      2                         0      2        0
..................................................................


WIND (MPH)
  HIGHEST WIND SPEED    26   HIGHEST WIND DIRECTION    SE (150)
  HIGHEST GUST SPEED    34   HIGHEST GUST DIRECTION     S (160)
  AVERAGE WIND SPEED    16.3


SKY COVER
  POSSIBLE SUNSHINE  MM
  AVERAGE SKY COVER 0.8


WEATHER CONDITIONS
 THE FOLLOWING WEATHER WAS RECORDED YESTERDAY.
  LIGHT RAIN
  FOG


RELATIVE HUMIDITY (PERCENT)
 HIGHEST   100           800 PM
 LOWEST     65          1200 AM
 AVERAGE    83

..........................................................


THE HURON SD CLIMATE NORMALS FOR TODAY
                         NORMAL    RECORD    YEAR
 MAXIMUM TEMPERATURE (F)   48        80      1908
 MINIMUM TEMPERATURE (F)   26       -14      1893


SUNRISE AND SUNSET
MARCH 25 2015.........SUNRISE   727 AM CDT   SUNSET   751 PM CDT
MARCH 26 2015.........SUNRISE   725 AM CDT   SUNSET   753 PM CDT


-  INDICATES NEGATIVE NUMBERS.
R  INDICATES RECORD WAS SET OR TIED.
MM INDICATES DATA IS MISSING.
T  INDICATES TRACE AMOUNT.




$$
