329
CDUS43 KFSD 202224
CLIHON


CLIMATE REPORT
NATIONAL WEATHER SERVICE SIOUX FALLS SD
423 PM CST FRI JAN 20 2017


...................................

...THE HURON SD CLIMATE SUMMARY FOR JANUARY 20 2017...
VALID TODAY AS OF 0400 PM LOCAL TIME.

CLIMATE NORMAL PERIOD 1981 TO 2010
CLIMATE RECORD PERIOD 1881 TO 2017


WEATHER ITEM   OBSERVED TIME   RECORD YEAR NORMAL DEPARTURE LAST
                VALUE   (LST)  VALUE       VALUE  FROM      YEAR
                                                  NORMAL
..................................................................
TEMPERATURE (F)
 TODAY
  MAXIMUM         44    359 PM  63    1944  27     17       29
                                      1908
  MINIMUM         36    927 AM -30    1883   7     29       22
  AVERAGE         40                        17     23       26

PRECIPITATION (IN)
  TODAY            0.00          0.48 1917   0.01  -0.01      T
  MONTH TO DATE    0.33                      0.32   0.01     0.13
  SINCE DEC 1      1.72                      0.84   0.88     1.41
  SINCE JAN 1      0.33                      0.32   0.01     0.13

SNOWFALL (IN)
  TODAY            0.0           4.7  1917   0.2   -0.2       T
  MONTH TO DATE    4.0                       4.7   -0.7      2.2
  SINCE DEC 1     14.0                      12.7    1.3     16.5
  SINCE JUL 1     18.7                      21.0   -2.3     22.1
  SNOW DEPTH       1

DEGREE DAYS
 HEATING
  TODAY           25                        48    -23       39
  MONTH TO DATE 1072                       975     97     1055
  SINCE DEC 1   2571                      2393    178     2313
  SINCE JUL 1   3779                      4095   -316     3603

 COOLING
  TODAY            0                         0      0        0
  MONTH TO DATE    0                         0      0        0
  SINCE DEC 1      0                         0      0        0
  SINCE JAN 1      0                         0      0        0
..................................................................


WIND (MPH)
  HIGHEST WIND SPEED    16   HIGHEST WIND DIRECTION     S (160)
  HIGHEST GUST SPEED    22   HIGHEST GUST DIRECTION     S (160)
  AVERAGE WIND SPEED    10.7


SKY COVER
  POSSIBLE SUNSHINE  MM
  AVERAGE SKY COVER 0.9


WEATHER CONDITIONS
 THE FOLLOWING WEATHER WAS RECORDED TODAY.
  FOG


RELATIVE HUMIDITY (PERCENT)
 HIGHEST   100          1200 AM
 LOWEST     70           400 PM
 AVERAGE    85

..........................................................


THE HURON SD CLIMATE NORMALS FOR TOMORROW
                         NORMAL    RECORD    YEAR
 MAXIMUM TEMPERATURE (F)   27        59      1900
 MINIMUM TEMPERATURE (F)    7       -34      1949


SUNRISE AND SUNSET
JANUARY 20 2017.......SUNRISE   802 AM CST   SUNSET   526 PM CST
JANUARY 21 2017.......SUNRISE   801 AM CST   SUNSET   528 PM CST


-  INDICATES NEGATIVE NUMBERS.
R  INDICATES RECORD WAS SET OR TIED.
MM INDICATES DATA IS MISSING.
T  INDICATES TRACE AMOUNT.




$$
