706
CDUS43 KFSD 280659
CLIHON


CLIMATE REPORT
NATIONAL WEATHER SERVICE SIOUX FALLS SD
158 AM CDT SUN MAY 28 2017


...................................

...THE HURON SD CLIMATE SUMMARY FOR MAY 27 2017...

CLIMATE NORMAL PERIOD 1981 TO 2010
CLIMATE RECORD PERIOD 1881 TO 2017


WEATHER ITEM   OBSERVED TIME   RECORD YEAR NORMAL DEPARTURE LAST
                VALUE   (LST)  VALUE       VALUE  FROM      YEAR
                                                  NORMAL
..................................................................
TEMPERATURE (F)
 YESTERDAY
  MAXIMUM         73    439 PM  94    1934  73      0       72
  MINIMUM         54   1159 PM  31    1907  50      4       56
  AVERAGE         64                        62      2       64

PRECIPITATION (IN)
  YESTERDAY        T             2.00 1995   0.10  -0.10     0.01
  MONTH TO DATE    1.34                      2.65  -1.31     1.96
  SINCE MAR 1      3.29                      6.42  -3.13     7.17
  SINCE JAN 1      4.09                      7.52  -3.43     8.04

SNOWFALL (IN)
  YESTERDAY        0.0           T    1965   0.0    0.0      0.0
  MONTH TO DATE    0.0                       0.1   -0.1      0.0
  SINCE MAR 1     13.9                      13.0    0.9      2.3
  SINCE JUL 1     35.9                      44.0   -8.1     33.0
  SNOW DEPTH       0

DEGREE DAYS
 HEATING
  YESTERDAY        1                         5     -4        1
  MONTH TO DATE  212                       226    -14      195
  SINCE MAR 1   1702                      1772    -70     1471
  SINCE JUL 1   6851                      7604   -753     6547

 COOLING
  YESTERDAY        0                         1     -1        0
  MONTH TO DATE   21                        24     -3       24
  SINCE MAR 1     21                        28     -7       25
  SINCE JAN 1     21                        28     -7       25
..................................................................


WIND (MPH)
  HIGHEST WIND SPEED    21   HIGHEST WIND DIRECTION    NW (310)
  HIGHEST GUST SPEED    24   HIGHEST GUST DIRECTION    NW (310)
  AVERAGE WIND SPEED     7.7


SKY COVER
  POSSIBLE SUNSHINE  MM
  AVERAGE SKY COVER 0.8


WEATHER CONDITIONS
 THE FOLLOWING WEATHER WAS RECORDED YESTERDAY.
  LIGHT RAIN


RELATIVE HUMIDITY (PERCENT)
 HIGHEST    86           200 AM
 LOWEST     37          1100 AM
 AVERAGE    62

..........................................................


THE HURON SD CLIMATE NORMALS FOR TODAY
                         NORMAL    RECORD    YEAR
 MAXIMUM TEMPERATURE (F)   74       104      1934
 MINIMUM TEMPERATURE (F)   50        28      1947


SUNRISE AND SUNSET
MAY 28 2017...........SUNRISE   554 AM CDT   SUNSET   907 PM CDT
MAY 29 2017...........SUNRISE   553 AM CDT   SUNSET   908 PM CDT


-  INDICATES NEGATIVE NUMBERS.
R  INDICATES RECORD WAS SET OR TIED.
MM INDICATES DATA IS MISSING.
T  INDICATES TRACE AMOUNT.




$$
