000
CDUS43 KFSD 212236
CLIHON


CLIMATE REPORT
NATIONAL WEATHER SERVICE SIOUX FALLS SD
435 PM CST WED FEB 21 2018


...................................

...THE HURON SD CLIMATE SUMMARY FOR FEBRUARY 21 2018...
VALID TODAY AS OF 0400 PM LOCAL TIME.

CLIMATE NORMAL PERIOD 1981 TO 2010
CLIMATE RECORD PERIOD 1881 TO 2018


WEATHER ITEM   OBSERVED TIME   RECORD YEAR NORMAL DEPARTURE LAST
                VALUE   (LST)  VALUE       VALUE  FROM      YEAR
                                                  NORMAL
..................................................................
TEMPERATURE (F)
 TODAY
  MAXIMUM         18    359 PM  70    2000  34    -16       69
  MINIMUM        -11    750 AM -22    1918  13    -24       34
  AVERAGE          4                        24    -20       52

PRECIPITATION (IN)
  TODAY            0.00          0.15 1962   0.02  -0.02     0.00
                                      1957
  MONTH TO DATE    0.47                      0.42   0.05     0.15
  SINCE DEC 1      1.35                      1.44  -0.09     2.12
  SINCE JAN 1      0.85                      0.92  -0.07     0.73

SNOWFALL (IN)
  TODAY            0.0           3.8  1962   0.3   -0.3      0.0
  MONTH TO DATE    6.4                       5.4    1.0       T
  SINCE DEC 1     19.4                      20.7   -1.3     17.0
  SINCE JUL 1     20.7                      29.0   -8.3     21.7
  SNOW DEPTH       2

DEGREE DAYS
 HEATING
  TODAY           61                        41     20       13
  MONTH TO DATE 1169                       936    233      713
  SINCE DEC 1   4035                      3851    184     3708
  SINCE JUL 1   5600                      5553     47     4916

 COOLING
  TODAY            0                         0      0        0
  MONTH TO DATE    0                         0      0        0
  SINCE DEC 1      0                         0      0        0
  SINCE JAN 1      0                         0      0        0
..................................................................


WIND (MPH)
  HIGHEST WIND SPEED    15   HIGHEST WIND DIRECTION     S (170)
  HIGHEST GUST SPEED    18   HIGHEST GUST DIRECTION     S (170)
  AVERAGE WIND SPEED     6.4


SKY COVER
  POSSIBLE SUNSHINE  MM
  AVERAGE SKY COVER 0.0


WEATHER CONDITIONS
 THE FOLLOWING WEATHER WAS RECORDED TODAY.
  NO SIGNIFICANT WEATHER WAS OBSERVED.


RELATIVE HUMIDITY (PERCENT)
 HIGHEST    83           600 AM
 LOWEST     49           400 PM
 AVERAGE    66

..........................................................


THE HURON SD CLIMATE NORMALS FOR TOMORROW
                         NORMAL    RECORD    YEAR
 MAXIMUM TEMPERATURE (F)   34        67      2000
 MINIMUM TEMPERATURE (F)   14       -29      1962


SUNRISE AND SUNSET
FEBRUARY 21 2018......SUNRISE   723 AM CST   SUNSET   610 PM CST
FEBRUARY 22 2018......SUNRISE   722 AM CST   SUNSET   612 PM CST


-  INDICATES NEGATIVE NUMBERS.
R  INDICATES RECORD WAS SET OR TIED.
MM INDICATES DATA IS MISSING.
T  INDICATES TRACE AMOUNT.




$$
