000
CDUS43 KFSD 210619
CLIHON


CLIMATE REPORT
NATIONAL WEATHER SERVICE SIOUX FALLS SD
1219 AM CST TUE NOV 21 2017


...................................

...THE HURON SD CLIMATE SUMMARY FOR NOVEMBER 20 2017...

CLIMATE NORMAL PERIOD 1981 TO 2010
CLIMATE RECORD PERIOD 1881 TO 2017


WEATHER ITEM   OBSERVED TIME   RECORD YEAR NORMAL DEPARTURE LAST
                VALUE   (LST)  VALUE       VALUE  FROM      YEAR
                                                  NORMAL
..................................................................
TEMPERATURE (F)
 YESTERDAY
  MAXIMUM         63    255 PM  77    1962  40     23       32
  MINIMUM         24    714 AM  -9    1985  20      4       19
  AVERAGE         44                        30     14       26

PRECIPITATION (IN)
  YESTERDAY        0.00          0.88 1930   0.03  -0.03     0.00
  MONTH TO DATE    0.08                      0.64  -0.56     0.35
  SINCE SEP 1      7.83                      4.89   2.94     2.69
  SINCE JAN 1     20.14                     22.15  -2.01    17.24

SNOWFALL (IN)
  YESTERDAY        0.0          10.0  1953   0.4   -0.4      0.0
  MONTH TO DATE    1.3                       4.3   -3.0      3.9
  SINCE SEP 1      1.3                       5.4   -4.1      3.9
  SINCE JUL 1      1.3                       5.4   -4.1      3.9
  SNOW DEPTH       0

DEGREE DAYS
 HEATING
  YESTERDAY       21                        35    -14       39
  MONTH TO DATE  650                       590     60      387
  SINCE SEP 1   1285                      1291     -6      879
  SINCE JUL 1   1294                      1320    -26      896

 COOLING
  YESTERDAY        0                         0      0        0
  MONTH TO DATE    0                         0      0        0
  SINCE SEP 1    110                        73     37       81
  SINCE JAN 1    730                       742    -12      887
..................................................................


WIND (MPH)
  HIGHEST WIND SPEED    23   HIGHEST WIND DIRECTION     W (290)
  HIGHEST GUST SPEED    29   HIGHEST GUST DIRECTION     W (280)
  AVERAGE WIND SPEED     8.6


SKY COVER
  POSSIBLE SUNSHINE  MM
  AVERAGE SKY COVER 0.0


WEATHER CONDITIONS
 THE FOLLOWING WEATHER WAS RECORDED YESTERDAY.
  NO SIGNIFICANT WEATHER WAS OBSERVED.


RELATIVE HUMIDITY (PERCENT)
 HIGHEST    88           700 AM
 LOWEST     17           300 PM
 AVERAGE    53

..........................................................


THE HURON SD CLIMATE NORMALS FOR TODAY
                         NORMAL    RECORD    YEAR
 MAXIMUM TEMPERATURE (F)   39        68      2012
                                             1960
 MINIMUM TEMPERATURE (F)   19       -13      1964


SUNRISE AND SUNSET
NOVEMBER 21 2017......SUNRISE   737 AM CST   SUNSET   500 PM CST
NOVEMBER 22 2017......SUNRISE   738 AM CST   SUNSET   459 PM CST


-  INDICATES NEGATIVE NUMBERS.
R  INDICATES RECORD WAS SET OR TIED.
MM INDICATES DATA IS MISSING.
T  INDICATES TRACE AMOUNT.




$$
