000
CDUS43 KFSD 290632
CLIHON


CLIMATE REPORT
NATIONAL WEATHER SERVICE SIOUX FALLS SD
131 AM CDT MON SEP 29 2014


...................................

...THE HURON SD CLIMATE SUMMARY FOR SEPTEMBER 28 2014...

CLIMATE NORMAL PERIOD 1981 TO 2010
CLIMATE RECORD PERIOD 1881 TO 2014


WEATHER ITEM   OBSERVED TIME   RECORD YEAR NORMAL DEPARTURE LAST
                VALUE   (LST)  VALUE       VALUE  FROM      YEAR
                                                  NORMAL
..................................................................
TEMPERATURE (F)
 YESTERDAY
  MAXIMUM         83    258 PM  93    2011  69     14       69
  MINIMUM         58   1159 PM  20    1951  43     15       48
  AVERAGE         71                        56     15       59

PRECIPITATION (IN)
  YESTERDAY        0.00          0.88 1968   0.07  -0.07     0.62
  MONTH TO DATE    0.74                      2.32  -1.58     1.41
  SINCE SEP 1      0.74                      2.32  -1.58     1.41
  SINCE JAN 1     14.30                     19.58  -5.28    18.61

SNOWFALL (IN)
  YESTERDAY        0.0           0.0    MM   0.0    0.0      0.0
  MONTH TO DATE    0.0                       0.1   -0.1      0.0
  SINCE SEP 1      0.0                       0.1   -0.1      0.0
  SINCE JUL 1      0.0                       0.1   -0.1      0.0
  SNOW DEPTH       0

DEGREE DAYS
 HEATING
  YESTERDAY        0                        10    -10        6
  MONTH TO DATE  137                       146     -9       51
  SINCE SEP 1    137                       146     -9       51
  SINCE JUL 1    170                       175     -5       73

 COOLING
  YESTERDAY        6                         1      5        0
  MONTH TO DATE   73                        69      4      155
  SINCE SEP 1     73                        69      4      155
  SINCE JAN 1    596                       738   -142      843
..................................................................


WIND (MPH)
  HIGHEST WIND SPEED    20   HIGHEST WIND DIRECTION    NE (30)
  HIGHEST GUST SPEED    26   HIGHEST GUST DIRECTION     N (10)
  AVERAGE WIND SPEED    10.4


SKY COVER
  POSSIBLE SUNSHINE  MM
  AVERAGE SKY COVER 0.3


WEATHER CONDITIONS
 THE FOLLOWING WEATHER WAS RECORDED YESTERDAY.
  NO SIGNIFICANT WEATHER WAS OBSERVED.


RELATIVE HUMIDITY (PERCENT)
 HIGHEST    86          1000 PM
 LOWEST     45           100 PM
 AVERAGE    66

..........................................................


THE HURON SD CLIMATE NORMALS FOR TODAY
                         NORMAL    RECORD    YEAR
 MAXIMUM TEMPERATURE (F)   69        94      1897
 MINIMUM TEMPERATURE (F)   42        18      1899


SUNRISE AND SUNSET
SEPTEMBER 29 2014.....SUNRISE   728 AM CDT   SUNSET   717 PM CDT
SEPTEMBER 30 2014.....SUNRISE   729 AM CDT   SUNSET   715 PM CDT


-  INDICATES NEGATIVE NUMBERS.
R  INDICATES RECORD WAS SET OR TIED.
MM INDICATES DATA IS MISSING.
T  INDICATES TRACE AMOUNT.




$$
