824
CDUS43 KFSD 292220
CLIHON


CLIMATE REPORT
NATIONAL WEATHER SERVICE SIOUX FALLS SD
518 PM CDT MON AUG 29 2016


...................................

...THE HURON SD CLIMATE SUMMARY FOR AUGUST 29 2016...
VALID TODAY AS OF 0500 PM LOCAL TIME.

CLIMATE NORMAL PERIOD 1981 TO 2010
CLIMATE RECORD PERIOD 1881 TO 2016


WEATHER ITEM   OBSERVED TIME   RECORD YEAR NORMAL DEPARTURE LAST
                VALUE   (LST)  VALUE       VALUE  FROM      YEAR
                                                  NORMAL
..................................................................
TEMPERATURE (F)
 TODAY
  MAXIMUM         90    343 PM 101    2012  82      8       83
                                      1961
  MINIMUM         67    619 AM  36    1946  56     11       58
  AVERAGE         79                        69     10       71

PRECIPITATION (IN)
  TODAY            0.00          1.29 1924   0.07  -0.07     0.00
  MONTH TO DATE    2.72                      2.29   0.43     5.04
  SINCE JUN 1      5.63                      9.14  -3.51    13.25
  SINCE JAN 1     14.44                     17.12  -2.68    19.19

SNOWFALL (IN)
  TODAY            0.0           0.0    MM   0.0    0.0      0.0
  MONTH TO DATE    0.0                       0.0    0.0      0.0
  SINCE JUN 1      0.0                       0.0    0.0       T
  SINCE JUL 1      0.0                       0.0    0.0      0.0
  SNOW DEPTH       0

DEGREE DAYS
 HEATING
  TODAY            0                         2     -2        0
  MONTH TO DATE   11                        14     -3       36
  SINCE JUN 1     34                        73    -39       51
  SINCE JUL 1     17                        22     -5       40

 COOLING
  TODAY           14                         5      9        6
  MONTH TO DATE  234                       216     18      184
  SINCE JUN 1    756                       626    130      616
  SINCE JAN 1    787                       659    128      636
..................................................................


WIND (MPH)
  HIGHEST WIND SPEED    16   HIGHEST WIND DIRECTION     S (180)
  HIGHEST GUST SPEED    22   HIGHEST GUST DIRECTION     S (170)
  AVERAGE WIND SPEED     9.2


SKY COVER
  POSSIBLE SUNSHINE  MM
  AVERAGE SKY COVER 0.0


WEATHER CONDITIONS
 THE FOLLOWING WEATHER WAS RECORDED TODAY.
  NO SIGNIFICANT WEATHER WAS OBSERVED.


RELATIVE HUMIDITY (PERCENT)
 HIGHEST    97           400 AM
 LOWEST     47           200 PM
 AVERAGE    72

..........................................................


THE HURON SD CLIMATE NORMALS FOR TOMORROW
                         NORMAL    RECORD    YEAR
 MAXIMUM TEMPERATURE (F)   81       102      1898
 MINIMUM TEMPERATURE (F)   56        36      1893


SUNRISE AND SUNSET
AUGUST 29 2016........SUNRISE   653 AM CDT   SUNSET   814 PM CDT
AUGUST 30 2016........SUNRISE   654 AM CDT   SUNSET   812 PM CDT


-  INDICATES NEGATIVE NUMBERS.
R  INDICATES RECORD WAS SET OR TIED.
MM INDICATES DATA IS MISSING.
T  INDICATES TRACE AMOUNT.




$$
