710
CDUS43 KFSD 150727
CLIHON


CLIMATE REPORT
NATIONAL WEATHER SERVICE SIOUX FALLS SD
127 AM CST WED NOV 15 2017


...................................

...THE HURON SD CLIMATE SUMMARY FOR NOVEMBER 14 2017...

CLIMATE NORMAL PERIOD 1981 TO 2010
CLIMATE RECORD PERIOD 1881 TO 2017


WEATHER ITEM   OBSERVED TIME   RECORD YEAR NORMAL DEPARTURE LAST
                VALUE   (LST)  VALUE       VALUE  FROM      YEAR
                                                  NORMAL
..................................................................
TEMPERATURE (F)
 YESTERDAY
  MAXIMUM         53    139 PM  71    1942  44      9       55
                                      1939
  MINIMUM         33   1129 PM -18    1959  23     10       28
  AVERAGE         43                        34      9       42

PRECIPITATION (IN)
  YESTERDAY        0.00          0.44 1928   0.03  -0.03     0.00
  MONTH TO DATE    0.08                      0.47  -0.39      T
  SINCE SEP 1      7.83                      4.72   3.11     2.34
  SINCE JAN 1     20.14                     21.98  -1.84    16.89

SNOWFALL (IN)
  YESTERDAY        0.0           4.5  1927   0.3   -0.3      0.0
  MONTH TO DATE    1.3                       2.5   -1.2      0.0
  SINCE SEP 1      1.3                       3.6   -2.3      0.0
  SINCE JUL 1      1.3                       3.6   -2.3      0.0
  SNOW DEPTH       0

DEGREE DAYS
 HEATING
  YESTERDAY       22                        32    -10       23
  MONTH TO DATE  466                       389     77      208
  SINCE SEP 1   1101                      1090     11      700
  SINCE JUL 1   1110                      1119     -9      717

 COOLING
  YESTERDAY        0                         0      0        0
  MONTH TO DATE    0                         0      0        0
  SINCE SEP 1    110                        73     37       81
  SINCE JAN 1    730                       742    -12      887
..................................................................


WIND (MPH)
  HIGHEST WIND SPEED    20   HIGHEST WIND DIRECTION    NW (320)
  HIGHEST GUST SPEED    24   HIGHEST GUST DIRECTION    NW (320)
  AVERAGE WIND SPEED    10.2


SKY COVER
  POSSIBLE SUNSHINE  MM
  AVERAGE SKY COVER 0.7


WEATHER CONDITIONS
 THE FOLLOWING WEATHER WAS RECORDED YESTERDAY.
  FOG
  FOG W/VISIBILITY <= 1/4 MILE


RELATIVE HUMIDITY (PERCENT)
 HIGHEST   100          1200 AM
 LOWEST     77           200 PM
 AVERAGE    89

..........................................................


THE HURON SD CLIMATE NORMALS FOR TODAY
                         NORMAL    RECORD    YEAR
 MAXIMUM TEMPERATURE (F)   43        75      1953
 MINIMUM TEMPERATURE (F)   23        -4      1883


SUNRISE AND SUNSET
NOVEMBER 15 2017......SUNRISE   729 AM CST   SUNSET   505 PM CST
NOVEMBER 16 2017......SUNRISE   731 AM CST   SUNSET   504 PM CST


-  INDICATES NEGATIVE NUMBERS.
R  INDICATES RECORD WAS SET OR TIED.
MM INDICATES DATA IS MISSING.
T  INDICATES TRACE AMOUNT.




$$
