000
CDUS43 KFSD 200624
CLIHON


CLIMATE REPORT
NATIONAL WEATHER SERVICE SIOUX FALLS SD
1224 AM CST SAT JAN 20 2018


...................................

...THE HURON SD CLIMATE SUMMARY FOR JANUARY 19 2018...

CLIMATE NORMAL PERIOD 1981 TO 2010
CLIMATE RECORD PERIOD 1881 TO 2018


WEATHER ITEM   OBSERVED TIME   RECORD YEAR NORMAL DEPARTURE LAST
                VALUE   (LST)  VALUE       VALUE  FROM      YEAR
                                                  NORMAL
..................................................................
TEMPERATURE (F)
 YESTERDAY
  MAXIMUM         47    339 PM  64    1900  27     20       37
  MINIMUM         26   1119 PM -35    1970   6     20       31
  AVERAGE         37                        17     20       34

PRECIPITATION (IN)
  YESTERDAY        0.00          0.50 1926   0.02  -0.02     0.00
  MONTH TO DATE    0.12                      0.31  -0.19     0.33
  SINCE DEC 1      0.62                      0.83  -0.21     1.72
  SINCE JAN 1      0.12                      0.31  -0.19     0.33

SNOWFALL (IN)
  YESTERDAY        0.0           6.5  1926   0.3   -0.3      0.0
  MONTH TO DATE    1.3                       4.5   -3.2      4.0
  SINCE DEC 1      8.2                      12.5   -4.3     14.0
  SINCE JUL 1      9.5                      20.8  -11.3     18.7
  SNOW DEPTH       T

DEGREE DAYS
 HEATING
  YESTERDAY       28                        48    -20       31
  MONTH TO DATE 1009                       927     82     1047
  SINCE DEC 1   2372                      2345     27     2546
  SINCE JUL 1   3937                      4047   -110     3754

 COOLING
  YESTERDAY        0                         0      0        0
  MONTH TO DATE    0                         0      0        0
  SINCE DEC 1      0                         0      0        0
  SINCE JAN 1      0                         0      0        0
..................................................................


WIND (MPH)
  HIGHEST WIND SPEED    14   HIGHEST WIND DIRECTION    NW (330)
  HIGHEST GUST SPEED    18   HIGHEST GUST DIRECTION    NW (330)
  AVERAGE WIND SPEED     6.8


SKY COVER
  POSSIBLE SUNSHINE  MM
  AVERAGE SKY COVER 0.0


WEATHER CONDITIONS
 THE FOLLOWING WEATHER WAS RECORDED YESTERDAY.
  NO SIGNIFICANT WEATHER WAS OBSERVED.


RELATIVE HUMIDITY (PERCENT)
 HIGHEST    92          1200 AM
 LOWEST     58           200 PM
 AVERAGE    75

..........................................................


THE HURON SD CLIMATE NORMALS FOR TODAY
                         NORMAL    RECORD    YEAR
 MAXIMUM TEMPERATURE (F)   27        63      1944
                                             1908
 MINIMUM TEMPERATURE (F)    7       -30      1883


SUNRISE AND SUNSET
JANUARY 20 2018.......SUNRISE   802 AM CST   SUNSET   526 PM CST
JANUARY 21 2018.......SUNRISE   802 AM CST   SUNSET   527 PM CST


-  INDICATES NEGATIVE NUMBERS.
R  INDICATES RECORD WAS SET OR TIED.
MM INDICATES DATA IS MISSING.
T  INDICATES TRACE AMOUNT.




$$
