000
CDUS43 KFSD 020638
CLIHON


CLIMATE REPORT
NATIONAL WEATHER SERVICE SIOUX FALLS SD
136 AM CDT MON MAY 2 2016


...................................

...THE HURON SD CLIMATE SUMMARY FOR MAY 1 2016...

CLIMATE NORMAL PERIOD 1981 TO 2010
CLIMATE RECORD PERIOD 1881 TO 2016


WEATHER ITEM   OBSERVED TIME   RECORD YEAR NORMAL DEPARTURE LAST
                VALUE   (LST)  VALUE       VALUE  FROM      YEAR
                                                  NORMAL
..................................................................
TEMPERATURE (F)
 YESTERDAY
  MAXIMUM         62    458 PM  99    1959  66     -4       76
  MINIMUM         33    551 AM  17    1961  40     -7       49
  AVERAGE         48                        53     -5       63

PRECIPITATION (IN)
  YESTERDAY        0.00          0.90 1972   0.09  -0.09      T
  MONTH TO DATE    0.00                      0.09  -0.09      T
  SINCE MAR 1      5.21                      3.86   1.35     0.76
  SINCE JAN 1      6.08                      4.96   1.12     1.37

SNOWFALL (IN)
  YESTERDAY        0.0           0.7  1967   0.0    0.0      0.0
  MONTH TO DATE    0.0                       0.0    0.0      0.0
  SINCE MAR 1      2.3                      12.9  -10.6      1.2
  SINCE JUL 1     33.0                      43.9  -10.9     22.8
  SNOW DEPTH       0

DEGREE DAYS
 HEATING
  YESTERDAY       17                        12      5        2
  MONTH TO DATE   17                        12      5        2
  SINCE MAR 1   1293                      1558   -265     1303
  SINCE JUL 1   6369                      7390  -1021     7240

 COOLING
  YESTERDAY        0                         0      0        0
  MONTH TO DATE    0                         0      0        0
  SINCE MAR 1      1                         4     -3        2
  SINCE JAN 1      1                         4     -3        2
..................................................................


WIND (MPH)
  HIGHEST WIND SPEED    22   HIGHEST WIND DIRECTION     N (20)
  HIGHEST GUST SPEED    28   HIGHEST GUST DIRECTION     N (20)
  AVERAGE WIND SPEED     9.1


SKY COVER
  POSSIBLE SUNSHINE  MM
  AVERAGE SKY COVER 0.0


WEATHER CONDITIONS
 THE FOLLOWING WEATHER WAS RECORDED YESTERDAY.
  NO SIGNIFICANT WEATHER WAS OBSERVED.


RELATIVE HUMIDITY (PERCENT)
 HIGHEST    89           600 AM
 LOWEST     35           500 PM
 AVERAGE    62

..........................................................


THE HURON SD CLIMATE NORMALS FOR TODAY
                         NORMAL    RECORD    YEAR
 MAXIMUM TEMPERATURE (F)   66        92      1955
 MINIMUM TEMPERATURE (F)   41        20      2005


SUNRISE AND SUNSET
MAY  2 2016...........SUNRISE   621 AM CDT   SUNSET   839 PM CDT
MAY  3 2016...........SUNRISE   620 AM CDT   SUNSET   840 PM CDT


-  INDICATES NEGATIVE NUMBERS.
R  INDICATES RECORD WAS SET OR TIED.
MM INDICATES DATA IS MISSING.
T  INDICATES TRACE AMOUNT.




$$
