000
CDUS43 KFSD 200648
CLIHON


CLIMATE REPORT
NATIONAL WEATHER SERVICE SIOUX FALLS SD
148 AM CDT THU JUL 20 2017


...................................

...THE HURON SD CLIMATE SUMMARY FOR JULY 19 2017...

CLIMATE NORMAL PERIOD 1981 TO 2010
CLIMATE RECORD PERIOD 1881 TO 2017


WEATHER ITEM   OBSERVED TIME   RECORD YEAR NORMAL DEPARTURE LAST
                VALUE   (LST)  VALUE       VALUE  FROM      YEAR
                                                  NORMAL
..................................................................
TEMPERATURE (F)
 YESTERDAY
  MAXIMUM         89    547 PM 106    1934  87      2       91
  MINIMUM         64    532 AM  47    1971  62      2       73
  AVERAGE         77                        74      3       82

PRECIPITATION (IN)
  YESTERDAY        1.17          1.73 1972   0.09   1.08     0.00
  MONTH TO DATE    2.70                      1.68   1.02     0.49
  SINCE JUN 1      5.74                      5.61   0.13     2.40
  SINCE JAN 1      9.83                     13.59  -3.76    11.21

SNOWFALL (IN)
  YESTERDAY        0.0           0.0    MM   0.0    0.0      0.0
  MONTH TO DATE    0.0                       0.0    0.0      0.0
  SINCE JUN 1      0.0                       0.0    0.0      0.0
  SINCE JUL 1      0.0                       0.0    0.0      0.0
  SNOW DEPTH       0

DEGREE DAYS
 HEATING
  YESTERDAY        0                         0      0        0
  MONTH TO DATE    0                         0      0        6
  SINCE JUN 1     31                        51    -20       23
  SINCE JUL 1      0                         0      0        6

 COOLING
  YESTERDAY       12                         9      3       17
  MONTH TO DATE  225                       165     60      143
  SINCE JUN 1    379                       298     81      371
  SINCE JAN 1    400                       331     69      402
..................................................................


WIND (MPH)
  HIGHEST WIND SPEED    56   HIGHEST WIND DIRECTION    NW (300)
  HIGHEST GUST SPEED    83   HIGHEST GUST DIRECTION     W (290)
  AVERAGE WIND SPEED    10.7


SKY COVER
  POSSIBLE SUNSHINE  MM
  AVERAGE SKY COVER 0.2


WEATHER CONDITIONS
 THE FOLLOWING WEATHER WAS RECORDED YESTERDAY.
  THUNDERSTORM
  HEAVY RAIN
  RAIN
  LIGHT RAIN
  FOG


RELATIVE HUMIDITY (PERCENT)
 HIGHEST    93           500 AM
 LOWEST     61           300 PM
 AVERAGE    77

..........................................................


THE HURON SD CLIMATE NORMALS FOR TODAY
                         NORMAL    RECORD    YEAR
 MAXIMUM TEMPERATURE (F)   87       111      1934
 MINIMUM TEMPERATURE (F)   62        46      1970


SUNRISE AND SUNSET
JULY 20 2017..........SUNRISE   608 AM CDT   SUNSET   910 PM CDT
JULY 21 2017..........SUNRISE   609 AM CDT   SUNSET   909 PM CDT


-  INDICATES NEGATIVE NUMBERS.
R  INDICATES RECORD WAS SET OR TIED.
MM INDICATES DATA IS MISSING.
T  INDICATES TRACE AMOUNT.




$$
