000
CDUS43 KFSD 310631
CLIHON


CLIMATE REPORT
NATIONAL WEATHER SERVICE SIOUX FALLS SD
131 AM CDT THU JUL 31 2014


...................................

...THE HURON SD CLIMATE SUMMARY FOR JULY 30 2014...

CLIMATE NORMAL PERIOD 1981 TO 2010
CLIMATE RECORD PERIOD 1881 TO 2014


WEATHER ITEM   OBSERVED TIME   RECORD YEAR NORMAL DEPARTURE LAST
                VALUE   (LST)  VALUE       VALUE  FROM      YEAR
                                                  NORMAL
..................................................................
TEMPERATURE (F)
 YESTERDAY
  MAXIMUM         83    336 PM 108    2006  86     -3       73
  MINIMUM         48    525 AM  37    1971  62    -14       57
  AVERAGE         66                        74     -8       65

PRECIPITATION (IN)
  YESTERDAY        0.00          1.26 1938   0.10  -0.10      T
  MONTH TO DATE    3.67                      2.81   0.86     1.93
  SINCE JUN 1      6.04                      6.74  -0.70     5.39
  SINCE JAN 1     10.53                     14.72  -4.19    15.98

SNOWFALL (IN)
  YESTERDAY        0.0           0.0    MM   0.0    0.0      0.0
  MONTH TO DATE    0.0                       0.0    0.0      0.0
  SINCE JUN 1      0.0                       0.0    0.0      0.0
  SINCE JUL 1      0.0                       0.0    0.0      0.0
  SNOW DEPTH       0

DEGREE DAYS
 HEATING
  YESTERDAY        0                         0      0        0
  MONTH TO DATE   23                         0     23       21
  SINCE JUN 1     63                        51     12       87
  SINCE JUL 1     23                         0     23       21

 COOLING
  YESTERDAY        1                         9     -8        0
  MONTH TO DATE  171                       264    -93      250
  SINCE JUN 1    274                       397   -123      385
  SINCE JAN 1    336                       430    -94      423
..................................................................


WIND (MPH)
  HIGHEST WIND SPEED     9   HIGHEST WIND DIRECTION     N (10)
  HIGHEST GUST SPEED    13   HIGHEST GUST DIRECTION    NE (30)
  AVERAGE WIND SPEED     2.7


SKY COVER
  POSSIBLE SUNSHINE  MM
  AVERAGE SKY COVER 0.1


WEATHER CONDITIONS
 THE FOLLOWING WEATHER WAS RECORDED YESTERDAY.
  FOG
  FOG W/VISIBILITY <= 1/4 MILE


RELATIVE HUMIDITY (PERCENT)
 HIGHEST   100           500 AM
 LOWEST     34           500 PM
 AVERAGE    67

..........................................................


THE HURON SD CLIMATE NORMALS FOR TODAY
                         NORMAL    RECORD    YEAR
 MAXIMUM TEMPERATURE (F)   86       106      1988
 MINIMUM TEMPERATURE (F)   62        46      1971
                                             1903


SUNRISE AND SUNSET
JULY 31 2014..........SUNRISE   619 AM CDT   SUNSET   859 PM CDT
AUGUST  1 2014........SUNRISE   620 AM CDT   SUNSET   858 PM CDT


-  INDICATES NEGATIVE NUMBERS.
R  INDICATES RECORD WAS SET OR TIED.
MM INDICATES DATA IS MISSING.
T  INDICATES TRACE AMOUNT.




$$
