000
CXUS53 KFSD 011958
CLMHON

CLIMATE REPORT
NATIONAL WEATHER SERVICE SIOUX FALLS SD
152 PM CST THU DEC 1 2016

...................................

...THE HURON SD CLIMATE SUMMARY FOR THE MONTH OF NOVEMBER 2016...

CLIMATE NORMAL PERIOD 1981 TO 2010
CLIMATE RECORD PERIOD 1881 TO 2016

WEATHER         OBSERVED          NORMAL  DEPART  LAST YEAR`S
                 VALUE   DATE(S)  VALUE   FROM    VALUE  DATE(S)
                                          NORMAL
................................................................
TEMPERATURE (F)
RECORD
 HIGH              86   11/08/1999
 LOW              -28   11/28/1887
HIGHEST            77   11/05        MM      MM       70  11/02
LOWEST             12   11/19        MM      MM        6  11/27
AVG. MAXIMUM     53.2              43.0    10.2     49.6
AVG. MINIMUM     29.8              22.2     7.6     28.2
MEAN             41.5              32.6     8.9     38.9
DAYS MAX >= 90      0               0.0     0.0        0
DAYS MAX <= 32      3               6.7    -3.7        3
DAYS MIN <= 32     20              24.9    -4.9       19
DAYS MIN <= 0       0               1.1    -1.1        0

PRECIPITATION (INCHES)
RECORD
 MAXIMUM         3.95   2005
 MINIMUM            T   1939
                        1914
                        1912
TOTALS           1.24              0.87    0.37     1.44
DAILY AVG.       0.04              0.03    0.01     0.05
DAYS >= .01         8               5.7     2.3        6
DAYS >= .10         3               2.1     0.9        4
DAYS >= .50         1               0.3     0.7        1
DAYS >= 1.00        0               0.1    -0.1        0
GREATEST
 24 HR. TOTAL    0.76   11/27 TO 11/28

SNOWFALL (INCHES)
RECORDS
 TOTAL           32.7   1985
TOTALS            4.7               7.2    -2.5      5.6
SINCE 7/1         4.7               8.3    -3.6      5.6
SNOWDEPTH AVG.      0                MM      MM        0
DAYS >= 1.0         1               1.8    -0.8        1
GREATEST
 SNOW DEPTH         4   11/19                          0  MM
                        11/18
 24 HR TOTAL      3.9   11/18 TO 11/18

DEGREE_DAYS
HEATING TOTAL     699               972    -273      776
 SINCE 7/1       1208              1702    -494     1290
COOLING TOTAL       0                 0       0        0
 SINCE 1/1        887               742     145      797
.................................................................

WIND (MPH)
AVERAGE WIND SPEED              10.8
HIGHEST WIND SPEED/DIRECTION    39/340    DATE  11/18
HIGHEST GUST SPEED/DIRECTION    49/340    DATE  11/18

SKY COVER
POSSIBLE SUNSHINE (PERCENT)   MM
AVERAGE SKY COVER           0.30
NUMBER OF DAYS FAIR           20
NUMBER OF DAYS PC              3
NUMBER OF DAYS CLOUDY          7

AVERAGE RH (PERCENT)     75

WEATHER CONDITIONS. NUMBER OF DAYS WITH
THUNDERSTORM              0     MIXED PRECIP               0
HEAVY RAIN                0     RAIN                       1
LIGHT RAIN                4     FREEZING RAIN              0
LT FREEZING RAIN          0     HAIL                       0
HEAVY SNOW                0     SNOW                       1
LIGHT SNOW                6     SLEET                      0
FOG                      10     FOG W/VIS <= 1/4 MILE      0
HAZE                      0

-  INDICATES NEGATIVE NUMBERS.
R  INDICATES RECORD WAS SET OR TIED.
MM INDICATES DATA IS MISSING.
T  INDICATES TRACE AMOUNT.

$$
