000
CXUS53 KFSD 012229
CLMHON

CLIMATE REPORT
NATIONAL WEATHER SERVICE SIOUX FALLS SD
425 PM CST MON DEC 1 2014

...................................

...THE HURON SD CLIMATE SUMMARY FOR THE MONTH OF NOVEMBER 2014...

CLIMATE NORMAL PERIOD 1981 TO 2010
CLIMATE RECORD PERIOD 1881 TO 2014

WEATHER         OBSERVED          NORMAL  DEPART  LAST YEAR`S
                 VALUE   DATE(S)  VALUE   FROM    VALUE  DATE(S)
                                          NORMAL
................................................................
TEMPERATURE (F)
RECORD
 HIGH              86   11/08/1999
 LOW              -28   11/28/1887
HIGHEST            69   11/07        MM      MM       60  11/19
                                                          11/13
LOWEST             -9   11/14        MM      MM       -1  11/23
AVG. MAXIMUM     35.1              43.0    -7.9     44.3
AVG. MINIMUM     13.8              22.2    -8.4     18.6
MEAN             24.4              32.6    -8.2     31.5
DAYS MAX >= 90      0               0.0     0.0        0
DAYS MAX <= 32     15               6.7     8.3        5
DAYS MIN <= 32     25              24.9     0.1       28
DAYS MIN <= 0       8               1.1     6.9        1

PRECIPITATION (INCHES)
RECORD
 MAXIMUM         3.95   2005
 MINIMUM            T   1939
                        1914
                        1912
TOTALS           0.74              0.87   -0.13     0.16
DAILY AVG.       0.02              0.03   -0.01     0.01
DAYS >= .01         7               5.7     1.3        4
DAYS >= .10         3               2.1     0.9        0
DAYS >= .50         0               0.3    -0.3        0
DAYS >= 1.00        0               0.1    -0.1        0
GREATEST
 24 HR. TOTAL    0.29   11/10 TO 11/10

SNOWFALL (INCHES)
RECORDS
 TOTAL           32.7   1985
TOTALS            7.9               7.2     0.7      1.6
SINCE 7/1         7.9               8.3    -0.4      2.5
SNOWDEPTH AVG.      2                MM      MM        0
DAYS >= 1.0         2               1.8     0.2        1
GREATEST
 SNOW DEPTH         8   11/17                          1  11/12
                        11/16                             11/11
 24 HR TOTAL      4.4   11/15 TO 11/15

DEGREE_DAYS
HEATING TOTAL    1210               972     238      998
 SINCE 7/1       1857              1702     155     1637
COOLING TOTAL       0                 0       0        0
 SINCE 1/1        597               742    -145      848
.................................................................

WIND (MPH)
AVERAGE WIND SPEED              12.9
HIGHEST WIND SPEED/DIRECTION    43/330    DATE  11/07
HIGHEST GUST SPEED/DIRECTION    52/330    DATE  11/07

SKY COVER
POSSIBLE SUNSHINE (PERCENT)   MM
AVERAGE SKY COVER           0.40
NUMBER OF DAYS FAIR           13
NUMBER OF DAYS PC             12
NUMBER OF DAYS CLOUDY          5

AVERAGE RH (PERCENT)     71

WEATHER CONDITIONS. NUMBER OF DAYS WITH
THUNDERSTORM              0     MIXED PRECIP               0
HEAVY RAIN                0     RAIN                       0
LIGHT RAIN                3     FREEZING RAIN              0
LT FREEZING RAIN          1     HAIL                       0
HEAVY SNOW                1     SNOW                       1
LIGHT SNOW               14     SLEET                      0
FOG                      16     FOG W/VIS <= 1/4 MILE      0
HAZE                      0

-  INDICATES NEGATIVE NUMBERS.
R  INDICATES RECORD WAS SET OR TIED.
MM INDICATES DATA IS MISSING.
T  INDICATES TRACE AMOUNT.

$$
