000
CXUS53 KFSD 011627
CLMHON

CLIMATE REPORT
NATIONAL WEATHER SERVICE SIOUX FALLS SD
1024 AM CST SAT FEB 1 2014

...................................

...THE HURON SD CLIMATE SUMMARY FOR THE MONTH OF JANUARY 2014...

CLIMATE NORMAL PERIOD 1981 TO 2010
CLIMATE RECORD PERIOD 1881 TO 2014

WEATHER         OBSERVED          NORMAL  DEPART  LAST YEAR`S
                 VALUE   DATE(S)  VALUE   FROM    VALUE  DATE(S)
                                          NORMAL
................................................................
TEMPERATURE (F)
RECORD
 HIGH              65   01/05/2012
 LOW              -43   01/12/1912
                        01/08/1887
HIGHEST            47   01/19        MM      MM       49  01/18
LOWEST            -19   01/06        MM      MM      -10  01/31
                        01/02
AVG. MAXIMUM     27.5              26.8     0.7     26.2
AVG. MINIMUM      1.8               6.6    -4.8      6.9
MEAN             14.6              16.7    -2.1     16.5
DAYS MAX >= 90      0               0.0     0.0        0
DAYS MAX <= 32     15              18.9    -3.9       20
DAYS MIN <= 32     31              30.6     0.4       30
DAYS MIN <= 0      16              10.4     5.6        9

PRECIPITATION (INCHES)
RECORD
 MAXIMUM         2.87   1897
 MINIMUM         0.01   1898
TOTALS           0.15              0.50   -0.35     0.29
DAILY AVG.       0.00              0.02   -0.02     0.01
DAYS >= .01         8               5.6     2.4        5
DAYS >= .10         0               1.4    -1.4        1
DAYS >= .50         0               0.2    -0.2        0
DAYS >= 1.00        0               0.0     0.0        0
GREATEST
 24 HR. TOTAL    0.18   12/31 TO 01/01

SNOWFALL (INCHES)
RECORDS
 TOTAL           28.7   2001
TOTALS            0.6               7.3    -6.7      5.3
SINCE 7/1        16.0              23.6    -7.6     19.4
SNOWDEPTH AVG.      2                 4      -2        4
DAYS >= 1.0         0               2.3    -2.3        2
GREATEST
 SNOW DEPTH         5   01/03                          5  01/07
                        01/02                             01/06
                        01/01                             01/05
 24 HR TOTAL      0.5   01/16 TO 01/16

DEGREE_DAYS
HEATING TOTAL    1554              1497      57     1493
 SINCE 7/1       4877              4617     260     4567
COOLING TOTAL       0                 0       0        0
 SINCE 1/1          0                 0       0        0
.................................................................

WIND (MPH)
AVERAGE WIND SPEED              12.4
HIGHEST WIND SPEED/DIRECTION    47/330    DATE  01/16
HIGHEST GUST SPEED/DIRECTION    62/350    DATE  01/16

SKY COVER
POSSIBLE SUNSHINE (PERCENT)   MM
AVERAGE SKY COVER           0.40
NUMBER OF DAYS FAIR           13
NUMBER OF DAYS PC             14
NUMBER OF DAYS CLOUDY          4

AVERAGE RH (PERCENT)     71

WEATHER CONDITIONS. NUMBER OF DAYS WITH
THUNDERSTORM              0     MIXED PRECIP               0
HEAVY RAIN                0     RAIN                       0
LIGHT RAIN                5     FREEZING RAIN              0
LT FREEZING RAIN          0     HAIL                       0
HEAVY SNOW                3     SNOW                       4
LIGHT SNOW               15     SLEET                      0
FOG                      13     FOG W/VIS <= 1/4 MILE      3
HAZE                     10

-  INDICATES NEGATIVE NUMBERS.
R  INDICATES RECORD WAS SET OR TIED.
MM INDICATES DATA IS MISSING.
T  INDICATES TRACE AMOUNT.

$$
