000
CXUS53 KFSD 011917
CLMHON

CLIMATE REPORT
NATIONAL WEATHER SERVICE SIOUX FALLS SD
114 PM CST SUN MAR 1 2015

...................................

...THE HURON SD CLIMATE SUMMARY FOR THE MONTH OF FEBRUARY 2015...

CLIMATE NORMAL PERIOD 1981 TO 2010
CLIMATE RECORD PERIOD 1881 TO 2015

WEATHER         OBSERVED          NORMAL  DEPART  LAST YEAR`S
                 VALUE   DATE(S)  VALUE   FROM    VALUE  DATE(S)
                                          NORMAL
................................................................
TEMPERATURE (F)
RECORD
 HIGH              71   02/25/1958
 LOW              -41   02/09/1994
HIGHEST            54   02/07        MM      MM       57  02/19
LOWEST            -18   02/27        MM      MM      -14  02/25
                        02/26                             02/10
AVG. MAXIMUM     27.5              31.8    -4.3     24.8
AVG. MINIMUM      3.5              11.4    -7.9      1.9
MEAN             15.5              21.6    -6.1     13.3
DAYS MAX >= 90      0               0.0     0.0        0
DAYS MAX <= 32     19              13.7     5.3       22
DAYS MIN <= 32     28              26.8     1.2       28
DAYS MIN <= 0      14               6.6     7.4       12

PRECIPITATION (INCHES)
RECORD
 MAXIMUM         3.87   1962
 MINIMUM         0.03   1968
                        1921
TOTALS           0.26              0.60   -0.34     0.41
DAILY AVG.       0.01              0.02   -0.01     0.01
DAYS >= .01         6               6.3    -0.3        7
DAYS >= .10         1               1.9    -0.9        2
DAYS >= .50         0               0.1    -0.1        0
DAYS >= 1.00        0               0.0     0.0        0
GREATEST
 24 HR. TOTAL    0.19   02/24 TO 02/25

SNOWFALL (INCHES)
RECORDS
 TOTAL           39.9   1962
TOTALS            4.0               7.4    -3.4      5.7
SINCE 7/1        21.6              31.0    -9.4     21.7
SNOWDEPTH AVG.      0                 4      -4        1
DAYS >= 1.0         1               2.2    -1.2        3
GREATEST
 SNOW DEPTH         3   02/28                          4  02/14
                        02/27
                        02/26
 24 HR TOTAL      3.0   02/24 TO 02/25

DEGREE_DAYS
HEATING TOTAL    1380              1215     165     1443
 SINCE 7/1       5937              5832     105     6320
COOLING TOTAL       0                 0       0        0
 SINCE 1/1          0                 0       0        0
.................................................................

WIND (MPH)
AVERAGE WIND SPEED              11.4
HIGHEST WIND SPEED/DIRECTION    38/330    DATE  02/10
HIGHEST GUST SPEED/DIRECTION    45/330    DATE  02/10

SKY COVER
POSSIBLE SUNSHINE (PERCENT)   MM
AVERAGE SKY COVER           0.50
NUMBER OF DAYS FAIR           12
NUMBER OF DAYS PC              6
NUMBER OF DAYS CLOUDY         10

AVERAGE RH (PERCENT)     70

WEATHER CONDITIONS. NUMBER OF DAYS WITH
THUNDERSTORM              0     MIXED PRECIP               0
HEAVY RAIN                0     RAIN                       0
LIGHT RAIN                3     FREEZING RAIN              0
LT FREEZING RAIN          2     HAIL                       0
HEAVY SNOW                0     SNOW                       0
LIGHT SNOW               10     SLEET                      0
FOG                      15     FOG W/VIS <= 1/4 MILE      0
HAZE                      1

-  INDICATES NEGATIVE NUMBERS.
R  INDICATES RECORD WAS SET OR TIED.
MM INDICATES DATA IS MISSING.
T  INDICATES TRACE AMOUNT.

$$
