000
CXUS53 KFSD 011600
CLMHON

CLIMATE REPORT
NATIONAL WEATHER SERVICE SIOUX FALLS SD
1100 AM CDT SAT JUL 1 2017

...................................

...THE HURON CLIMATE SUMMARY FOR THE MONTH OF JUNE 2017...

CLIMATE NORMAL PERIOD 1981 TO 2010
CLIMATE RECORD PERIOD 1881 TO 2017

WEATHER         OBSERVED          NORMAL  DEPART  LAST YEAR`S
                 VALUE   DATE(S)  VALUE   FROM    VALUE  DATE(S)
                                          NORMAL
................................................................
TEMPERATURE (F)
RECORD
 HIGH             109   06/24/1988
                        06/21/1988
                        06/25/1936
 LOW               31   06/05/1894
HIGHEST            95   06/02        MM      MM       97  06/19
LOWEST             43   06/26        MM      MM       44  06/07
                        06/25                             06/02
AVG. MAXIMUM     83.6              79.6     4.0     85.1
AVG. MINIMUM     54.1              55.9    -1.8     58.4
MEAN             68.8              67.8     1.0     71.8
DAYS MAX >= 90      8               3.2     4.8       10
DAYS MAX <= 32      0               0.0     0.0        0
DAYS MIN <= 32      0               0.0     0.0        0
DAYS MIN <= 0       0               0.0     0.0        0

PRECIPITATION (INCHES)
RECORD
 MAXIMUM        11.56   1914
 MINIMUM         0.67   1950
TOTALS           3.04              3.93   -0.89     1.91
DAILY AVG.       0.10              0.13   -0.03     0.06
DAYS >= .01        10              11.2    -1.2        6
DAYS >= .10         3               6.7    -3.7        4
DAYS >= .50         3               2.9     0.1        2
DAYS >= 1.00        1               1.0     0.0        0
GREATEST
 24 HR. TOTAL    1.16   06/11

DEGREE_DAYS
HEATING TOTAL      31                51     -20       17
 SINCE 7/1       6911              7672    -761     6569
COOLING TOTAL     154               133      21      228
 SINCE 1/1        175               166       9      259
.................................................................

WIND (MPH)
AVERAGE WIND SPEED              9.8
HIGHEST WIND SPEED/DIRECTION    44/310    DATE  06/11
HIGHEST GUST SPEED/DIRECTION    58/220    DATE  06/13

SKY COVER
POSSIBLE SUNSHINE (PERCENT)   MM
AVERAGE SKY COVER           0.20
NUMBER OF DAYS FAIR           25
NUMBER OF DAYS PC              5
NUMBER OF DAYS CLOUDY          0

AVERAGE RH (PERCENT)     61

WEATHER CONDITIONS. NUMBER OF DAYS WITH
THUNDERSTORM              9     MIXED PRECIP               0
HEAVY RAIN                3     RAIN                       4
LIGHT RAIN               13     FREEZING RAIN              0
LT FREEZING RAIN          0     HAIL                       0
HEAVY SNOW                0     SNOW                       0
LIGHT SNOW                0     SLEET                      0
FOG                       6     FOG W/VIS <= 1/4 MILE      0
HAZE                      0

-  INDICATES NEGATIVE NUMBERS.
R  INDICATES RECORD WAS SET OR TIED.
MM INDICATES DATA IS MISSING.
T  INDICATES TRACE AMOUNT.

$$
