000
CXUS53 KFSD 011303
CLMHON

CLIMATE REPORT
NATIONAL WEATHER SERVICE SIOUX FALLS SD
702 AM CST SAT MAR 1 2014

...................................

...THE HURON SD CLIMATE SUMMARY FOR THE MONTH OF FEBRUARY 2014...

CLIMATE NORMAL PERIOD 1981 TO 2010
CLIMATE RECORD PERIOD 1881 TO 2014

WEATHER         OBSERVED          NORMAL  DEPART  LAST YEAR`S
                 VALUE   DATE(S)  VALUE   FROM    VALUE  DATE(S)
                                          NORMAL
................................................................
TEMPERATURE (F)
RECORD
 HIGH              71   02/25/1958
 LOW              -41   02/09/1994
HIGHEST            57   02/19        MM      MM       41  02/13
                                                          02/06
LOWEST            -14   02/25        MM      MM      -12  02/01
                        02/10
AVG. MAXIMUM     24.8              31.8    -7.0     28.8
AVG. MINIMUM      1.9              11.4    -9.5     10.7
MEAN             13.3              21.6    -8.3     19.7
DAYS MAX >= 90      0               0.0     0.0        0
DAYS MAX <= 32     22              13.7     8.3       17
DAYS MIN <= 32     28              26.8     1.2       28
DAYS MIN <= 0      12               6.6     5.4        4

PRECIPITATION (INCHES)
RECORD
 MAXIMUM         3.87   1962
 MINIMUM         0.03   1968
                        1921
TOTALS           0.42              0.60   -0.18     1.10
DAILY AVG.       0.01              0.02   -0.01     0.04
DAYS >= .01         8               6.3     1.7        7
DAYS >= .10         2               1.9     0.1        3
DAYS >= .50         0               0.1    -0.1        1
DAYS >= 1.00        0               0.0     0.0        0
GREATEST
 24 HR. TOTAL    0.21   02/13 TO 02/14

SNOWFALL (INCHES)
RECORDS
 TOTAL           39.9   1962
TOTALS            5.8               7.4    -1.6     13.8
SINCE 7/1        21.8              31.0    -9.2     33.2
SNOWDEPTH AVG.      1                 4      -3        7
DAYS >= 1.0         3               2.2     0.8        3
GREATEST
 SNOW DEPTH         4   02/14                         11  02/12
                                                          02/11
 24 HR TOTAL      2.3   MM

DEGREE_DAYS
HEATING TOTAL    1443              1215     228     1259
 SINCE 7/1       6320              5832     488     5826
COOLING TOTAL       0                 0       0        0
 SINCE 1/1          0                 0       0        0
.................................................................

WIND (MPH)
AVERAGE WIND SPEED              10.9
HIGHEST WIND SPEED/DIRECTION    37/330    DATE  02/20
HIGHEST GUST SPEED/DIRECTION    47/330    DATE  02/20

SKY COVER
POSSIBLE SUNSHINE (PERCENT)   MM
AVERAGE SKY COVER           0.30
NUMBER OF DAYS FAIR           18
NUMBER OF DAYS PC              8
NUMBER OF DAYS CLOUDY          2

AVERAGE RH (PERCENT)     69

WEATHER CONDITIONS. NUMBER OF DAYS WITH
THUNDERSTORM              0     MIXED PRECIP               0
HEAVY RAIN                0     RAIN                       0
LIGHT RAIN                0     FREEZING RAIN              0
LT FREEZING RAIN          0     HAIL                       0
HEAVY SNOW                1     SNOW                       2
LIGHT SNOW               13     SLEET                      0
FOG                      11     FOG W/VIS <= 1/4 MILE      1
HAZE                      7

-  INDICATES NEGATIVE NUMBERS.
R  INDICATES RECORD WAS SET OR TIED.
MM INDICATES DATA IS MISSING.
T  INDICATES TRACE AMOUNT.

$$
