000
CXUS53 KFSD 011418
CLMHON

CLIMATE REPORT
NATIONAL WEATHER SERVICE SIOUX FALLS SD
917 AM CDT THU AUG 1 2013

...................................

...THE HURON SD CLIMATE SUMMARY FOR THE MONTH OF JULY 2013...

CLIMATE NORMAL PERIOD 1981 TO 2010
CLIMATE RECORD PERIOD 1881 TO 2013

WEATHER         OBSERVED          NORMAL  DEPART  LAST YEAR`S
                 VALUE   DATE(S)  VALUE   FROM    VALUE  DATE(S)
                                          NORMAL
................................................................
TEMPERATURE (F)
RECORD
 HIGH             112   07/10/1966
 LOW               37   07/30/1971
HIGHEST            93   07/18        MM      MM      104  07/16
                        07/12
LOWEST             41   07/28        MM      MM       55  07/27
AVG. MAXIMUM     83.4              86.0    -2.6     92.9
AVG. MINIMUM     61.2              61.4    -0.2     67.6
MEAN             72.3              73.7    -1.4     80.3
DAYS MAX >= 90      3               9.7    -6.7       21
DAYS MAX <= 32      0               0.0     0.0        0
DAYS MIN <= 32      0               0.0     0.0        0
DAYS MIN <= 0       0               0.0     0.0        0

PRECIPITATION (INCHES)
RECORD
 MAXIMUM         6.69   1993
 MINIMUM         0.15   1932
TOTALS           1.93              2.92   -0.99     0.50
DAILY AVG.       0.06              0.09   -0.03     0.02
DAYS >= .01         9               8.8     0.2        9
DAYS >= .10         5               5.7    -0.7        2
DAYS >= .50         1               1.6    -0.6        0
DAYS >= 1.00        0               0.7    -0.7        0
GREATEST
 24 HR. TOTAL    0.90   07/14 TO 07/15

DEGREE_DAYS
HEATING TOTAL      21                 8      13        0
 SINCE 7/1         21                 8      13        0
COOLING TOTAL     255               277     -22      482
 SINCE 1/1        428               443     -15      803
.................................................................

WIND (MPH)
AVERAGE WIND SPEED              6.8
HIGHEST WIND SPEED/DIRECTION    37/300    DATE  07/09
HIGHEST GUST SPEED/DIRECTION    47/300    DATE  07/09

SKY COVER
POSSIBLE SUNSHINE (PERCENT)   MM
AVERAGE SKY COVER           0.20
NUMBER OF DAYS FAIR           26
NUMBER OF DAYS PC              3
NUMBER OF DAYS CLOUDY          2

AVERAGE RH (PERCENT)     71

WEATHER CONDITIONS. NUMBER OF DAYS WITH
THUNDERSTORM              0     MIXED PRECIP               0
HEAVY RAIN                5     RAIN                       6
LIGHT RAIN               14     FREEZING RAIN              0
LT FREEZING RAIN          0     HAIL                       0
HEAVY SNOW                0     SNOW                       0
LIGHT SNOW                0     SLEET                      0
FOG                      18     FOG W/VIS <= 1/4 MILE      3
HAZE                      2

-  INDICATES NEGATIVE NUMBERS.
R  INDICATES RECORD WAS SET OR TIED.
MM INDICATES DATA IS MISSING.
T  INDICATES TRACE AMOUNT.

$$
