000
CXUS53 KFSD 011926
CLMHON

CLIMATE REPORT
NATIONAL WEATHER SERVICE SIOUX FALLS SD
226 PM CDT THU OCT 1 2015

...................................

...THE HURON SD CLIMATE SUMMARY FOR THE MONTH OF SEPTEMBER 2015...

CLIMATE NORMAL PERIOD 1981 TO 2010
CLIMATE RECORD PERIOD 1881 TO 2015

WEATHER         OBSERVED          NORMAL  DEPART  LAST YEAR`S
                 VALUE   DATE(S)  VALUE   FROM    VALUE  DATE(S)
                                          NORMAL
................................................................
TEMPERATURE (F)
RECORD
 HIGH             106   09/06/1970
                        09/09/1904
 LOW               18   09/29/1899
                        09/27/1893
HIGHEST            92   09/03        MM      MM       92  09/04
LOWEST             37   09/19        MM      MM       35  09/14
                        09/11
AVG. MAXIMUM     79.0              74.7     4.3     75.0
AVG. MINIMUM     54.5              48.8     5.7     50.2
MEAN             66.8              61.7     5.1     62.6
DAYS MAX >= 90      3               2.1     0.9        1
DAYS MAX <= 32      0               0.0     0.0        0
DAYS MIN <= 32      0               0.8    -0.8        0
DAYS MIN <= 0       0               0.0     0.0        0

PRECIPITATION (INCHES)
RECORD
 MAXIMUM         6.75   1901
 MINIMUM            T   1998
TOTALS           2.16              2.46   -0.30     1.10
DAILY AVG.       0.07              0.08   -0.01     0.04
DAYS >= .01         6               7.5    -1.5        8
DAYS >= .10         3               4.7    -1.7        2
DAYS >= .50         2               1.9     0.1        0
DAYS >= 1.00        1               0.6     0.4        0
GREATEST
 24 HR. TOTAL    1.70   09/23 TO 09/24

DEGREE_DAYS
HEATING TOTAL      71               167     -96      139
 SINCE 7/1        111               196     -85      172
COOLING TOTAL     134                69      65       74
 SINCE 1/1        790               738      52      597
.................................................................

WIND (MPH)
AVERAGE WIND SPEED              9.3
HIGHEST WIND SPEED/DIRECTION    25/200    DATE  09/27
HIGHEST GUST SPEED/DIRECTION    34/190    DATE  09/27

SKY COVER
POSSIBLE SUNSHINE (PERCENT)   MM
AVERAGE SKY COVER           0.20
NUMBER OF DAYS FAIR           24
NUMBER OF DAYS PC              5
NUMBER OF DAYS CLOUDY          1

AVERAGE RH (PERCENT)     69

WEATHER CONDITIONS. NUMBER OF DAYS WITH
THUNDERSTORM              3     MIXED PRECIP               0
HEAVY RAIN                1     RAIN                       2
LIGHT RAIN               13     FREEZING RAIN              0
LT FREEZING RAIN          0     HAIL                       0
HEAVY SNOW                0     SNOW                       0
LIGHT SNOW                0     SLEET                      0
FOG                      12     FOG W/VIS <= 1/4 MILE      0
HAZE                      1

-  INDICATES NEGATIVE NUMBERS.
R  INDICATES RECORD WAS SET OR TIED.
MM INDICATES DATA IS MISSING.
T  INDICATES TRACE AMOUNT.

$$
