000
CXUS53 KFSD 011816 RRA
CLMHON

CLIMATE REPORT NATIONAL WEATHER SERVICE SIOUX FALLS SD

113 PM CDT MON AUG 1 2016

...................................

...THE HURON SD CLIMATE SUMMARY FOR THE MONTH OF JULY 2016...

CLIMATE NORMAL PERIOD 1981 TO 2010
CLIMATE RECORD PERIOD 1881 TO 2016

WEATHER         OBSERVED          NORMAL  DEPART  LAST YEAR`S
                 VALUE   DATE(S)  VALUE   FROM    VALUE  DATE(S)
                                          NORMAL
................................................................
TEMPERATURE (F)
RECORD
 HIGH             112   07/10/1966
 LOW               37   07/30/1971
HIGHEST            99   07/22        MM      MM       98  07/12
                        07/20
LOWEST             42   07/01        MM      MM       50  07/07
AVG. MAXIMUM     87.0              86.0     1.0     85.5
AVG. MINIMUM     60.9              61.4    -0.5     61.9
MEAN             74.0              73.7     0.3     73.7
DAYS MAX >= 90      9               9.7    -0.7        8
DAYS MAX <= 32      0               0.0     0.0        0
DAYS MIN <= 32      0               0.0     0.0        0
DAYS MIN <= 0       0               0.0     0.0        0

PRECIPITATION (INCHES)
RECORD
 MAXIMUM         6.69   1993
 MINIMUM         0.15   1932
TOTALS           1.00              2.92   -1.92     3.61
DAILY AVG.       0.03              0.09   -0.06     0.12
DAYS >= .01         5               8.8    -3.8       10
DAYS >= .10         3               5.7    -2.7        8
DAYS >= .50         1               1.6    -0.6        3
DAYS >= 1.00        0               0.7    -0.7        1
GREATEST
 24 HR. TOTAL    0.50   07/23 TO 07/23
                        07/22 TO 07/23
                        07/23 TO 07/23

DEGREE_DAYS
HEATING TOTAL       6                 8      -2        4
 SINCE 7/1          6                 8      -2        4
COOLING TOTAL     294               277      17      282
 SINCE 1/1        553               443     110      452
.................................................................

WIND (MPH)
AVERAGE WIND SPEED              10.0
HIGHEST WIND SPEED/DIRECTION    44/280    DATE  07/06
HIGHEST GUST SPEED/DIRECTION    57/290    DATE  07/06

SKY COVER
POSSIBLE SUNSHINE (PERCENT)   MM
AVERAGE SKY COVER           0.10
NUMBER OF DAYS FAIR           30
NUMBER OF DAYS PC              1
NUMBER OF DAYS CLOUDY          0

AVERAGE RH (PERCENT)     66

WEATHER CONDITIONS. NUMBER OF DAYS WITH
THUNDERSTORM              9     MIXED PRECIP               0
HEAVY RAIN                3     RAIN                       3
LIGHT RAIN                8     FREEZING RAIN              0
LT FREEZING RAIN          0     HAIL                       0
HEAVY SNOW                0     SNOW                       0
LIGHT SNOW                0     SLEET                      0
FOG                       4     FOG W/VIS <= 1/4 MILE      0
HAZE                      0

-  INDICATES NEGATIVE NUMBERS.
R  INDICATES RECORD WAS SET OR TIED.
MM INDICATES DATA IS MISSING.
T  INDICATES TRACE AMOUNT.

$$
