000
CXUS53 KFSD 011344
CLMHON

CLIMATE REPORT
NATIONAL WEATHER SERVICE SIOUX FALLS SD
744 AM CST SUN NOV 1 2015

...................................

...THE HURON SD CLIMATE SUMMARY FOR THE MONTH OF OCTOBER 2015...

CLIMATE NORMAL PERIOD 1981 TO 2010
CLIMATE RECORD PERIOD 1881 TO 2015

WEATHER         OBSERVED          NORMAL  DEPART  LAST YEAR`S
                 VALUE   DATE(S)  VALUE   FROM    VALUE  DATE(S)
                                          NORMAL
................................................................
TEMPERATURE (F)
RECORD
 HIGH             102   10/05/1963
 LOW               -6   10/29/1925
HIGHEST            88   10/11        MM      MM       81  10/24
                        10/10                             10/21
LOWEST             25   10/16        MM      MM        8  10/31
AVG. MAXIMUM     64.6              60.4     4.2     63.7
AVG. MINIMUM     39.4              35.4     4.0     35.2
MEAN             52.0              47.9     4.1     49.4
DAYS MAX >= 90      0               0.2    -0.2        0
DAYS MAX <= 32      0               0.3    -0.3        0
DAYS MIN <= 32      5              10.9    -5.9       10
DAYS MIN <= 0       0               0.0     0.0        0

PRECIPITATION (INCHES)
RECORD
 MAXIMUM         6.44   1946
 MINIMUM            T   1952
TOTALS           1.51              1.79   -0.28     0.28
DAILY AVG.       0.05              0.06   -0.01     0.01
DAYS >= .01         3               7.0    -4.0        4
DAYS >= .10         2               3.5    -1.5        1
DAYS >= .50         2               1.3     0.7        0
DAYS >= 1.00        0               0.4    -0.4        0
GREATEST
 24 HR. TOTAL    1.47   10/22 TO 10/23

SNOWFALL (INCHES)
RECORDS
 TOTAL           10.7   1995
TOTALS              T               1.1    -1.1      0.0
SINCE 7/1           T               1.1    -1.1      0.0
SNOWDEPTH AVG.      0                MM      MM        0
DAYS >= 1.0         0               0.3    -0.3        0
GREATEST
 SNOW DEPTH         0   MM                             0  MM
 24 HR TOTAL        T   10/28 TO 10/28

DEGREE_DAYS
HEATING TOTAL     403               534    -131      475
 SINCE 7/1        514               730    -216      647
COOLING TOTAL       7                 4       3        0
 SINCE 1/1        797               742      55      597
.................................................................

WIND (MPH)
AVERAGE WIND SPEED              10.5
HIGHEST WIND SPEED/DIRECTION    44/330    DATE  10/11
HIGHEST GUST SPEED/DIRECTION    55/320    DATE  10/11

SKY COVER
POSSIBLE SUNSHINE (PERCENT)   MM
AVERAGE SKY COVER           0.30
NUMBER OF DAYS FAIR           21
NUMBER OF DAYS PC              6
NUMBER OF DAYS CLOUDY          4

AVERAGE RH (PERCENT)     65

WEATHER CONDITIONS. NUMBER OF DAYS WITH
THUNDERSTORM              0     MIXED PRECIP               0
HEAVY RAIN                1     RAIN                       2
LIGHT RAIN                8     FREEZING RAIN              0
LT FREEZING RAIN          0     HAIL                       0
HEAVY SNOW                0     SNOW                       0
LIGHT SNOW                1     SLEET                      0
FOG                       5     FOG W/VIS <= 1/4 MILE      1
HAZE                      2

-  INDICATES NEGATIVE NUMBERS.
R  INDICATES RECORD WAS SET OR TIED.
MM INDICATES DATA IS MISSING.
T  INDICATES TRACE AMOUNT.

$$
