000
CXUS53 KFSD 021210
CLMHON

CLIMATE REPORT
NATIONAL WEATHER SERVICE SIOUX FALLS SD
822 AM CDT WED JUN 1 2016

...................................

...THE HURON SD CLIMATE SUMMARY FOR THE MONTH OF MAY 2016...

CLIMATE NORMAL PERIOD 1981 TO 2010
CLIMATE RECORD PERIOD 1881 TO 2016

WEATHER         OBSERVED          NORMAL  DEPART  LAST YEAR`S
                 VALUE   DATE(S)  VALUE   FROM    VALUE  DATE(S)
                                          NORMAL
................................................................
TEMPERATURE (F)
RECORD
 HIGH             106   05/30/1934
 LOW               16   05/03/2013
HIGHEST            92   05/06        MM      MM       86  05/28
LOWEST             29   05/14        MM      MM       30  05/12
AVG. MAXIMUM     72.5              70.2     2.3     68.7
AVG. MINIMUM     46.1              46.0     0.1     45.3
MEAN             59.3              58.1     1.2     57.0
DAYS MAX >= 90      1               0.5     0.5        0
DAYS MAX <= 32      0               0.0     0.0        0
DAYS MIN <= 32      2               1.6     0.4        2
DAYS MIN <= 0       0               0.0     0.0        0

PRECIPITATION (INCHES)
RECORD
 MAXIMUM         7.69   1962
 MINIMUM         0.40   1925
TOTALS           2.73              3.11   -0.38     4.57
DAILY AVG.       0.09              0.10   -0.01     0.15
DAYS >= .01         9              11.0    -2.0       12
DAYS >= .10         7               5.9     1.1        5
DAYS >= .50         3               1.9     1.1        3
DAYS >= 1.00        0               0.7    -0.7        2
GREATEST
 24 HR. TOTAL    0.58   05/09 TO 05/10

DEGREE_DAYS
HEATING TOTAL     200               243     -43      256
 SINCE 7/1       6552              7621   -1069     7494
COOLING TOTAL      30                29       1       18
 SINCE 1/1         31                33      -2       20
.................................................................

WIND (MPH)
AVERAGE WIND SPEED              9.7
HIGHEST WIND SPEED/DIRECTION    31/180    DATE  05/22
HIGHEST GUST SPEED/DIRECTION    41/280    DATE  05/31

SKY COVER
POSSIBLE SUNSHINE (PERCENT)   MM
AVERAGE SKY COVER           0.30
NUMBER OF DAYS FAIR           21
NUMBER OF DAYS PC              9
NUMBER OF DAYS CLOUDY          1

AVERAGE RH (PERCENT)     64

WEATHER CONDITIONS. NUMBER OF DAYS WITH
THUNDERSTORM              9     MIXED PRECIP               0
HEAVY RAIN                5     RAIN                       6
LIGHT RAIN               10     FREEZING RAIN              0
LT FREEZING RAIN          0     HAIL                       0
HEAVY SNOW                0     SNOW                       0
LIGHT SNOW                0     SLEET                      0
FOG                       8     FOG W/VIS <= 1/4 MILE      1
HAZE                      0

-  INDICATES NEGATIVE NUMBERS.
R  INDICATES RECORD WAS SET OR TIED.
MM INDICATES DATA IS MISSING.
T  INDICATES TRACE AMOUNT.

$$
