000
CXUS53 KFSD 011321 RRA
CLMHON

CLIMATE REPORT
NATIONAL WEATHER SERVICE SIOUX FALLS SD
820 AM CDT WED OCT 1 2014

...................................

...THE HURON SD CLIMATE SUMMARY FOR THE MONTH OF SEPTEMBER 2014...

CLIMATE NORMAL PERIOD 1981 TO 2010
CLIMATE RECORD PERIOD 1881 TO 2014

WEATHER         OBSERVED          NORMAL  DEPART  LAST YEAR`S
                 VALUE   DATE(S)  VALUE   FROM    VALUE  DATE(S)
                                          NORMAL
................................................................
TEMPERATURE (F)
RECORD
 HIGH             106   09/06/1970
                        09/09/1904
 LOW               18   09/29/1899
                        09/27/1893
HIGHEST            92   09/04        MM      MM       95  09/06
LOWEST             35   09/14        MM      MM       34  09/21
AVG. MAXIMUM     75.0              74.7     0.3     81.5
AVG. MINIMUM     50.2              48.8     1.4     55.2
MEAN             62.6              61.7     0.9     68.3
DAYS MAX >= 90      1               2.1    -1.1        5
DAYS MAX <= 32      0               0.0     0.0        0
DAYS MIN <= 32      0               0.8    -0.8        0
DAYS MIN <= 0       0               0.0     0.0        0

PRECIPITATION (INCHES)
RECORD
 MAXIMUM         6.75   1901
 MINIMUM            T   1998
TOTALS           1.10              2.46   -1.36     1.41
DAILY AVG.       0.04              0.08   -0.04     0.05
DAYS >= .01         8               7.5     0.5        4
DAYS >= .10         2               4.7    -2.7        3
DAYS >= .50         0               1.9    -1.9        2
DAYS >= 1.00        0               0.6    -0.6        0
GREATEST
 24 HR. TOTAL    0.47   09/23 TO 09/23

DEGREE_DAYS
HEATING TOTAL     139               167     -28       53
 SINCE 7/1        172               196     -24       75
COOLING TOTAL      74                69       5      160
 SINCE 1/1        597               738    -141      848
.................................................................

WIND (MPH)
AVERAGE WIND SPEED              9.6
HIGHEST WIND SPEED/DIRECTION    39/320    DATE  09/20
HIGHEST GUST SPEED/DIRECTION    49/320    DATE  09/20

SKY COVER
POSSIBLE SUNSHINE (PERCENT)   MM
AVERAGE SKY COVER           0.30
NUMBER OF DAYS FAIR           21
NUMBER OF DAYS PC              5
NUMBER OF DAYS CLOUDY          4

AVERAGE RH (PERCENT)     69

WEATHER CONDITIONS. NUMBER OF DAYS WITH
THUNDERSTORM              0     MIXED PRECIP               0
HEAVY RAIN                2     RAIN                       2
LIGHT RAIN               12     FREEZING RAIN              0
LT FREEZING RAIN          0     HAIL                       0
HEAVY SNOW                0     SNOW                       0
LIGHT SNOW                0     SLEET                      0
FOG                      12     FOG W/VIS <= 1/4 MILE      2
HAZE                      0

-  INDICATES NEGATIVE NUMBERS.
R  INDICATES RECORD WAS SET OR TIED.
MM INDICATES DATA IS MISSING.
T  INDICATES TRACE AMOUNT.

$$
