000
CXUS53 KFSD 022031
CLMHON

CLIMATE REPORT
NATIONAL WEATHER SERVICE SIOUX FALLS SD
331 PM CDT MON JUN 2 2014

...................................

...THE HURON SD CLIMATE SUMMARY FOR THE MONTH OF MAY 2014...

CLIMATE NORMAL PERIOD 1981 TO 2010
CLIMATE RECORD PERIOD 1881 TO 2014

WEATHER         OBSERVED          NORMAL  DEPART  LAST YEAR`S
                 VALUE   DATE(S)  VALUE   FROM    VALUE  DATE(S)
                                          NORMAL
................................................................
TEMPERATURE (F)
RECORD
 HIGH             106   05/30/1934
 LOW               16   05/03/2013
HIGHEST            91   05/30        MM      MM       93  05/14
                                                          05/13
LOWEST             24   05/15        MM      MM       16  05/03
AVG. MAXIMUM     70.4              70.2     0.2     69.2
AVG. MINIMUM     45.4              46.0    -0.6     46.1
MEAN             57.9              58.1    -0.2     57.7
DAYS MAX >= 90      2               0.5     1.5        2
DAYS MAX <= 32      0               0.0     0.0        0
DAYS MIN <= 32      4               1.6     2.4        3
DAYS MIN <= 0       0               0.0     0.0        0

PRECIPITATION (INCHES)
RECORD
 MAXIMUM         7.69   1962
 MINIMUM         0.40   1925
TOTALS           2.05              3.11   -1.06     5.49
DAILY AVG.       0.07              0.10   -0.03     0.18
DAYS >= .01         9              11.0    -2.0       20
DAYS >= .10         7               5.9     1.1       11
DAYS >= .50         0               1.9    -1.9        4
DAYS >= 1.00        0               0.7    -0.7        1
GREATEST
 24 HR. TOTAL    0.77   05/30 TO 05/31

DEGREE_DAYS
HEATING TOTAL     274               243      31      261
 SINCE 7/1       8287              7621     666     8142
COOLING TOTAL      62                29      33       38
 SINCE 1/1         62                33      29       38
.................................................................

WIND (MPH)
AVERAGE WIND SPEED              10.3
HIGHEST WIND SPEED/DIRECTION    38/010    DATE  05/27
HIGHEST GUST SPEED/DIRECTION    50/360    DATE  05/27

SKY COVER
POSSIBLE SUNSHINE (PERCENT)   MM
AVERAGE SKY COVER           0.30
NUMBER OF DAYS FAIR           22
NUMBER OF DAYS PC              6
NUMBER OF DAYS CLOUDY          3

AVERAGE RH (PERCENT)     62

WEATHER CONDITIONS. NUMBER OF DAYS WITH
THUNDERSTORM              0     MIXED PRECIP               0
HEAVY RAIN                4     RAIN                       5
LIGHT RAIN               11     FREEZING RAIN              0
LT FREEZING RAIN          0     HAIL                       0
HEAVY SNOW                0     SNOW                       0
LIGHT SNOW                0     SLEET                      0
FOG                       8     FOG W/VIS <= 1/4 MILE      1
HAZE                      0

-  INDICATES NEGATIVE NUMBERS.
R  INDICATES RECORD WAS SET OR TIED.
MM INDICATES DATA IS MISSING.
T  INDICATES TRACE AMOUNT.

$$
