000
CXUS53 KFSD 021519
CLMHON

CLIMATE REPORT
NATIONAL WEATHER SERVICE SIOUX FALLS SD
1018 AM CDT TUE SEP 2 2014

...................................

...THE HURON SD CLIMATE SUMMARY FOR THE MONTH OF AUGUST 2014...

CLIMATE NORMAL PERIOD 1981 TO 2010
CLIMATE RECORD PERIOD 1881 TO 2014

WEATHER         OBSERVED          NORMAL  DEPART  LAST YEAR`S
                 VALUE   DATE(S)  VALUE   FROM    VALUE  DATE(S)
                                          NORMAL
................................................................
TEMPERATURE (F)
RECORD
 HIGH             110   08/13/1965
                        08/04/1934
 LOW               33   08/31/1886
HIGHEST            89   08/19        MM      MM      100  08/29
LOWEST             45   08/26        MM      MM       51  08/09
AVG. MAXIMUM     80.9              84.0    -3.1     84.8
AVG. MINIMUM     59.4              59.2     0.2     61.5
MEAN             70.2              71.6    -1.4     73.1
DAYS MAX >= 90      0               6.3    -6.3       11
DAYS MAX <= 32      0               0.0     0.0        0
DAYS MIN <= 32      0               0.0     0.0        0
DAYS MIN <= 0       0               0.0     0.0        0

PRECIPITATION (INCHES)
RECORD
 MAXIMUM         6.66   1900
 MINIMUM         0.14   1976
TOTALS           3.03              2.43    0.60     1.22
DAILY AVG.       0.10              0.08    0.02     0.04
DAYS >= .01         7               7.6    -0.6        7
DAYS >= .10         6               4.3     1.7        4
DAYS >= .50         1               1.8    -0.8        0
DAYS >= 1.00        1               0.5     0.5        0
GREATEST
 24 HR. TOTAL    1.67   08/23 TO 08/23
                        08/23 TO 08/24

DEGREE_DAYS
HEATING TOTAL      10                21     -11        1
 SINCE 7/1         33                29       4       22
COOLING TOTAL     181               226     -45      260
 SINCE 1/1        523               669    -146      688
.................................................................

WIND (MPH)
AVERAGE WIND SPEED              7.1
HIGHEST WIND SPEED/DIRECTION    24/280    DATE  08/31
HIGHEST GUST SPEED/DIRECTION    32/350    DATE  08/17

SKY COVER
POSSIBLE SUNSHINE (PERCENT)   MM
AVERAGE SKY COVER           0.40
NUMBER OF DAYS FAIR           16
NUMBER OF DAYS PC             11
NUMBER OF DAYS CLOUDY          4

AVERAGE RH (PERCENT)     74

WEATHER CONDITIONS. NUMBER OF DAYS WITH
THUNDERSTORM              0     MIXED PRECIP               0
HEAVY RAIN                4     RAIN                       4
LIGHT RAIN               13     FREEZING RAIN              0
LT FREEZING RAIN          0     HAIL                       0
HEAVY SNOW                0     SNOW                       0
LIGHT SNOW                0     SLEET                      0
FOG                      18     FOG W/VIS <= 1/4 MILE      4
HAZE                      0

-  INDICATES NEGATIVE NUMBERS.
R  INDICATES RECORD WAS SET OR TIED.
MM INDICATES DATA IS MISSING.
T  INDICATES TRACE AMOUNT.

$$
