262
CXUS53 KFSD 011925
CLMHON

CLIMATE REPORT
NATIONAL WEATHER SERVICE SIOUX FALLS SD
125 PM CST WED FEB 1 2017

...................................

...THE HURON SD CLIMATE SUMMARY FOR THE MONTH OF JANUARY 2017...

CLIMATE NORMAL PERIOD 1981 TO 2010
CLIMATE RECORD PERIOD 1881 TO 2017

WEATHER         OBSERVED          NORMAL  DEPART  LAST YEAR`S
                 VALUE   DATE(S)  VALUE   FROM    VALUE  DATE(S)
                                          NORMAL
................................................................
TEMPERATURE (F)
RECORD
 HIGH              65   01/05/2012
 LOW              -43   01/12/1912
                        01/08/1887
HIGHEST            44   01/20        MM      MM       44  01/29
LOWEST            -15   01/13        MM      MM      -18  01/17
                                                          01/16
AVG. MAXIMUM     24.8              26.8    -2.0     25.4
AVG. MINIMUM      8.3               6.6     1.7      8.0
MEAN             16.5              16.7    -0.2     16.7
DAYS MAX >= 90      0               0.0     0.0        0
DAYS MAX <= 32     23              18.9     4.1       23
DAYS MIN <= 32     30              30.6    -0.6       31
DAYS MIN <= 0       9              10.4    -1.4        8

PRECIPITATION (INCHES)
RECORD
 MAXIMUM         2.87   1897
 MINIMUM         0.01   1898
TOTALS           0.58              0.50    0.08     0.29
DAILY AVG.       0.02              0.02    0.00     0.01
DAYS >= .01         8               5.6     2.4        7
DAYS >= .10         2               1.4     0.6        0
DAYS >= .50         0               0.2    -0.2        0
DAYS >= 1.00        0               0.0     0.0        0
GREATEST
 24 HR. TOTAL    0.22   01/24 TO 01/25

SNOWFALL (INCHES)
RECORDS
 TOTAL           28.7   2001
TOTALS            7.0               7.3    -0.3      5.3
SINCE 7/1        21.7              23.6    -1.9     25.2
SNOWDEPTH AVG.      2                 4      -2        5
DAYS >= 1.0         3               2.3     0.7        3
GREATEST
 SNOW DEPTH         3   01/29                          7  01/27
                        01/28                             01/26
                        01/27                             01/25
 24 HR TOTAL      3.0   01/24 TO 01/25

DEGREE_DAYS
HEATING TOTAL    1496              1497      -1     1490
 SINCE 7/1       4203              4617    -414     4038
COOLING TOTAL       0                 0       0        0
 SINCE 1/1          0                 0       0        0
.................................................................

WIND (MPH)
AVERAGE WIND SPEED              10.4
HIGHEST WIND SPEED/DIRECTION    36/300    DATE  01/30
HIGHEST GUST SPEED/DIRECTION    46/290    DATE  01/30

SKY COVER
POSSIBLE SUNSHINE (PERCENT)   MM
AVERAGE SKY COVER           0.50
NUMBER OF DAYS FAIR           13
NUMBER OF DAYS PC              9
NUMBER OF DAYS CLOUDY          9

AVERAGE RH (PERCENT)     83

WEATHER CONDITIONS. NUMBER OF DAYS WITH
THUNDERSTORM              0     MIXED PRECIP               0
HEAVY RAIN                0     RAIN                       0
LIGHT RAIN                0     FREEZING RAIN              0
LT FREEZING RAIN          0     HAIL                       0
HEAVY SNOW                0     SNOW                       1
LIGHT SNOW               12     SLEET                      0
FOG                      13     FOG W/VIS <= 1/4 MILE      1
HAZE                      0

-  INDICATES NEGATIVE NUMBERS.
R  INDICATES RECORD WAS SET OR TIED.
MM INDICATES DATA IS MISSING.
T  INDICATES TRACE AMOUNT.

$$
