000
CXUS53 KFSD 012058
CLMHON

CLIMATE REPORT
NATIONAL WEATHER SERVICE SIOUX FALLS SD
253 PM CST TUE MAR 1 2016

...................................

...THE HURON SD CLIMATE SUMMARY FOR THE MONTH OF FEBRUARY 2016...

CLIMATE NORMAL PERIOD 1981 TO 2010
CLIMATE RECORD PERIOD 1881 TO 2016

WEATHER         OBSERVED          NORMAL  DEPART  LAST YEAR`S
                 VALUE   DATE(S)  VALUE   FROM    VALUE  DATE(S)
                                          NORMAL
................................................................
TEMPERATURE (F)
RECORD
 HIGH              71   02/25/1958
 LOW              -41   02/09/1994
HIGHEST            70   02/27        MM      MM       54  02/07
LOWEST              1   02/12        MM      MM      -18  02/27
                                                          02/26
AVG. MAXIMUM     37.5              31.8     5.7     27.5
AVG. MINIMUM     20.6              11.4     9.2      3.5
MEAN             29.0              21.6     7.4     15.5
DAYS MAX >= 90      0               0.0     0.0        0
DAYS MAX <= 32     10              13.7    -3.7       19
DAYS MIN <= 32     27              26.8     0.2       28
DAYS MIN <= 0       0               6.6    -6.6       14

PRECIPITATION (INCHES)
RECORD
 MAXIMUM         3.87   1962
 MINIMUM         0.03   1968
                        1921
TOTALS           0.58              0.60   -0.02     0.26
DAILY AVG.       0.02                MM      MM     0.01
DAYS >= .01        12               6.3     5.7        6
DAYS >= .10         1               1.9    -0.9        1
DAYS >= .50         0               0.1    -0.1        0
DAYS >= 1.00        0               0.0     0.0        0
GREATEST
 24 HR. TOTAL    0.23   02/29 TO 02/29

SNOWFALL (INCHES)
RECORDS
 TOTAL           39.9   1962
TOTALS            5.5               7.4    -1.9      4.0
SINCE 7/1        30.7              31.0    -0.3     21.6
SNOWDEPTH AVG.      0                MM      MM        0
DAYS >= 1.0         1               2.2    -1.2        1
GREATEST
 SNOW DEPTH         1   02/05                          3  02/28
                        02/04                             02/27
                        02/03                             02/26
 24 HR TOTAL      3.5   02/29 TO 02/29

DEGREE_DAYS
HEATING TOTAL    1038              1215    -177     1380
 SINCE 7/1       5076              5870    -794     5937
COOLING TOTAL       0                 0       0        0
 SINCE 1/1          0                 0       0        0
.................................................................

WIND (MPH)
AVERAGE WIND SPEED              11.6
HIGHEST WIND SPEED/DIRECTION    49/270    DATE  02/19
HIGHEST GUST SPEED/DIRECTION    60/310    DATE  02/19

SKY COVER
POSSIBLE SUNSHINE (PERCENT)   MM
AVERAGE SKY COVER           0.50
NUMBER OF DAYS FAIR            8
NUMBER OF DAYS PC             11
NUMBER OF DAYS CLOUDY         10

AVERAGE RH (PERCENT)     77

WEATHER CONDITIONS. NUMBER OF DAYS WITH
THUNDERSTORM              0     MIXED PRECIP               0
HEAVY RAIN                0     RAIN                       0
LIGHT RAIN                6     FREEZING RAIN              0
LT FREEZING RAIN          0     HAIL                       0
HEAVY SNOW                0     SNOW                       2
LIGHT SNOW               14     SLEET                      0
FOG                      15     FOG W/VIS <= 1/4 MILE      0
HAZE                      0

-  INDICATES NEGATIVE NUMBERS.
R  INDICATES RECORD WAS SET OR TIED.
MM INDICATES DATA IS MISSING.
T  INDICATES TRACE AMOUNT.

$$
