000
CXUS53 KFSD 031702 CCA
CLMHON

CLIMATE REPORT...CORRECTED
NATIONAL WEATHER SERVICE SIOUX FALLS SD
1102 AM CST THU DEC 3 2015

...................................

...THE HURON SD CLIMATE SUMMARY FOR THE MONTH OF NOVEMBER 2015...

CLIMATE NORMAL PERIOD 1981 TO 2010
CLIMATE RECORD PERIOD 1881 TO 2015

WEATHER         OBSERVED          NORMAL  DEPART  LAST YEAR`S
                 VALUE   DATE(S)  VALUE   FROM    VALUE  DATE(S)
                                          NORMAL
................................................................
TEMPERATURE (F)
RECORD
 HIGH              86   11/08/1999
 LOW              -28   11/28/1887
HIGHEST            70   11/02        MM      MM       69  11/07
LOWEST              6   11/27        MM      MM       -9  11/14
AVG. MAXIMUM     49.6              43.0     6.6     35.1
AVG. MINIMUM     28.2              22.2     6.0     13.8
MEAN             38.9              32.6     6.3     24.4
DAYS MAX >= 90      0               0.0     0.0        0
DAYS MAX <= 32      3               6.7    -3.7       15
DAYS MIN <= 32     19              24.9    -5.9       25
DAYS MIN <= 0       0               1.1    -1.1        8

PRECIPITATION (INCHES)
RECORD
 MAXIMUM         3.95   2005
 MINIMUM            T   1939
                        1914
                        1912
TOTALS           1.44              0.87    0.57     0.74
DAILY AVG.       0.05              0.03    0.02     0.02
DAYS >= .01         6               5.7     0.3        7
DAYS >= .10         4               2.1     1.9        3
DAYS >= .50         1               0.3     0.7        0
DAYS >= 1.00        0               0.1    -0.1        0
GREATEST
 24 HR. TOTAL    0.77   11/16 TO 11/17

SNOWFALL (INCHES)
RECORDS
 TOTAL           32.7   1985
TOTALS            5.6               7.2    -1.6      7.9
SINCE 7/1         5.6               8.3    -2.7      7.9
SNOWDEPTH AVG.      0                MM      MM        2
DAYS >= 1.0         1               1.8    -0.8        2
GREATEST
 SNOW DEPTH         T   11/28                          8  11/17
                        11/27                             11/16
 24 HR TOTAL      5.4   11/30

DEGREE_DAYS
HEATING TOTAL     776               972    -196     1210
 SINCE 7/1       1290              1702    -412     1857
COOLING TOTAL       0                 0       0        0
 SINCE 1/1        797               742      55      597
.................................................................

WIND (MPH)
AVERAGE WIND SPEED              11.4
HIGHEST WIND SPEED/DIRECTION    47/300    DATE  11/18
HIGHEST GUST SPEED/DIRECTION    61/300    DATE  11/18

SKY COVER
POSSIBLE SUNSHINE (PERCENT)   MM
AVERAGE SKY COVER           0.30
NUMBER OF DAYS FAIR           19
NUMBER OF DAYS PC              4
NUMBER OF DAYS CLOUDY          7

AVERAGE RH (PERCENT)     69

WEATHER CONDITIONS. NUMBER OF DAYS WITH
THUNDERSTORM              1     MIXED PRECIP               0
HEAVY RAIN                2     RAIN                       3
LIGHT RAIN                5     FREEZING RAIN              0
LT FREEZING RAIN          0     HAIL                       0
HEAVY SNOW                0     SNOW                       3
LIGHT SNOW                3     SLEET                      0
FOG                       8     FOG W/VIS <= 1/4 MILE      0
HAZE                      0

-  INDICATES NEGATIVE NUMBERS.
R  INDICATES RECORD WAS SET OR TIED.
MM INDICATES DATA IS MISSING.
T  INDICATES TRACE AMOUNT.

$$
