000
CXUS53 KFSD 022319
CLMHON

CLIMATE REPORT
NATIONAL WEATHER SERVICE SIOUX FALLS SD
519 PM CST MON DEC 2 2013

...................................

...THE HURON SD CLIMATE SUMMARY FOR THE MONTH OF NOVEMBER 2013...

CLIMATE NORMAL PERIOD 1981 TO 2010
CLIMATE RECORD PERIOD 1881 TO 2013

WEATHER         OBSERVED          NORMAL  DEPART  LAST YEAR`S
                 VALUE   DATE(S)  VALUE   FROM    VALUE  DATE(S)
                                          NORMAL
................................................................
TEMPERATURE (F)
RECORD
 HIGH              86   11/08/1999
 LOW              -28   11/28/1887
HIGHEST            60   11/19        MM      MM       68  11/21
                        11/13
LOWEST                  11/23        MM      MM        7  11/26
AVG. MAXIMUM     44.3              43.0     1.3     45.4
AVG. MINIMUM     18.6              22.2    -3.6     22.0
MEAN             31.5              32.6    -1.1     33.7
DAYS MAX >= 90      0               0.0     0.0        0
DAYS MAX <= 32      5               6.7    -1.7        4
DAYS MIN <= 32     28              24.9     3.1       27
DAYS MIN <= 0       1               1.1    -0.1        0

PRECIPITATION (INCHES)
RECORD
 MAXIMUM         3.95   2005
 MINIMUM            T   1939
                        1914
                        1912
TOTALS           0.16              0.87   -0.71     0.18
DAILY AVG.       0.01              0.03   -0.02     0.01
DAYS >= .01         4               5.7    -1.7        4
DAYS >= .10         0               2.1    -2.1        1
DAYS >= .50         0               0.3    -0.3        0
DAYS >= 1.00        0               0.1    -0.1        0
GREATEST
 24 HR. TOTAL    0.08   11/05 TO 11/05

SNOWFALL (INCHES)
RECORDS
 TOTAL           32.7   1985
TOTALS            1.6               7.2    -5.6      0.1
SINCE 7/1         2.5               8.3    -5.8      1.0
SNOWDEPTH AVG.      0                MM      MM        0
DAYS >= 1.0         1               1.8    -0.8        0
GREATEST
 SNOW DEPTH         1   11/12                          0  MM
                        11/11
 24 HR TOTAL      1.0   11/11 TO 11/11

DEGREE_DAYS
HEATING TOTAL     998               972      26      933
 SINCE 7/1       1637              1702     -65     1686
COOLING TOTAL       0                 0       0        0
 SINCE 1/1        848               742     106     1083
.................................................................

WIND (MPH)
AVERAGE WIND SPEED              10.0
HIGHEST WIND SPEED/DIRECTION    38/330    DATE  11/01
HIGHEST GUST SPEED/DIRECTION    45/320    DATE  11/01

SKY COVER
POSSIBLE SUNSHINE (PERCENT)   MM
AVERAGE SKY COVER           0.20
NUMBER OF DAYS FAIR           22
NUMBER OF DAYS PC              7
NUMBER OF DAYS CLOUDY          1

AVERAGE RH (PERCENT)     68

WEATHER CONDITIONS. NUMBER OF DAYS WITH
THUNDERSTORM              0     MIXED PRECIP               0
HEAVY RAIN                0     RAIN                       0
LIGHT RAIN                2     FREEZING RAIN              0
LT FREEZING RAIN          0     HAIL                       0
HEAVY SNOW                0     SNOW                       1
LIGHT SNOW                4     SLEET                      0
FOG                       6     FOG W/VIS <= 1/4 MILE      1
HAZE                      0

-  INDICATES NEGATIVE NUMBERS.
R  INDICATES RECORD WAS SET OR TIED.
MM INDICATES DATA IS MISSING.
T  INDICATES TRACE AMOUNT.

$$
