000
CXUS53 KFSD 012307
CLMHON

CLIMATE REPORT
NATIONAL WEATHER SERVICE SIOUX FALLS SD
505 PM CST SUN FEB 1 2015

...................................

...THE HURON SD CLIMATE SUMMARY FOR THE MONTH OF JANUARY 2015...

CLIMATE NORMAL PERIOD 1981 TO 2010
CLIMATE RECORD PERIOD 1881 TO 2015

WEATHER         OBSERVED          NORMAL  DEPART  LAST YEAR`S
                 VALUE   DATE(S)  VALUE   FROM    VALUE  DATE(S)
                                          NORMAL
................................................................
TEMPERATURE (F)
RECORD
 HIGH              65   01/05/2012
 LOW              -43   01/12/1912
                        01/08/1887
HIGHEST            51   01/26        MM      MM       47  01/19
LOWEST            -14   01/12        MM      MM      -19  01/06
                        01/06                             01/02
                        01/05
AVG. MAXIMUM     28.7              26.8     1.9     27.5
AVG. MINIMUM     10.4               6.6     3.8      1.8
MEAN             19.5              16.7     2.8     14.6
DAYS MAX >= 90      0               0.0     0.0        0
DAYS MAX <= 32     17              18.9    -1.9       15
DAYS MIN <= 32     31              30.6     0.4       31
DAYS MIN <= 0      10              10.4    -0.4       16

PRECIPITATION (INCHES)
RECORD
 MAXIMUM         2.87   1897
 MINIMUM         0.01   1898
TOTALS           0.35              0.50   -0.15     0.15
DAILY AVG.       0.01              0.02   -0.01     0.00
DAYS >= .01         7               5.6     1.4        8
DAYS >= .10         1               1.4    -0.4        0
DAYS >= .50         0               0.2    -0.2        0
DAYS >= 1.00        0               0.0     0.0        0
GREATEST
 24 HR. TOTAL    0.21   01/05 TO 01/05


SNOWFALL (INCHES)
RECORDS
 TOTAL           28.7   2001
TOTALS            4.3               7.3    -3.0      0.6
SINCE 7/1        17.6              23.6    -6.0     16.0
SNOWDEPTH AVG.      3                 4      -1        2
DAYS >= 1.0         2               2.3    -0.3        0
GREATEST
 SNOW DEPTH         6   01/10                          5  01/03
                        01/09                             01/02
                        01/08                             01/01
 24 HR TOTAL      2.3   01/05 TO 01/05

DEGREE_DAYS
HEATING TOTAL    1402              1497     -95     1554
 SINCE 7/1       4557              4617     -60     4877
COOLING TOTAL       0                 0       0        0
 SINCE 1/1          0                 0       0        0
.................................................................

WIND (MPH)
AVERAGE WIND SPEED              11.2
HIGHEST WIND SPEED/DIRECTION    48/320    DATE  01/08
HIGHEST GUST SPEED/DIRECTION    56/320    DATE  01/08

SKY COVER
POSSIBLE SUNSHINE (PERCENT)   MM
AVERAGE SKY COVER           0.40
NUMBER OF DAYS FAIR           18
NUMBER OF DAYS PC              8
NUMBER OF DAYS CLOUDY          5

AVERAGE RH (PERCENT)     77

WEATHER CONDITIONS. NUMBER OF DAYS WITH
THUNDERSTORM              0     MIXED PRECIP               0
HEAVY RAIN                0     RAIN                       0
LIGHT RAIN                2     FREEZING RAIN              0
LT FREEZING RAIN          1     HAIL                       0
HEAVY SNOW                3     SNOW                       3
LIGHT SNOW                9     SLEET                      0
FOG                      13     FOG W/VIS <= 1/4 MILE      4
HAZE                      1

-  INDICATES NEGATIVE NUMBERS.
R  INDICATES RECORD WAS SET OR TIED.
MM INDICATES DATA IS MISSING.
T  INDICATES TRACE AMOUNT.

$$
