000
CXUS54 KHGX 012237
CF6HOU
PRELIMINARY LOCAL CLIMATOLOGICAL DATA (WS FORM: F-6)
STATION: HOUSTON/HOBBY AIRPORT
MONTH: AUGUST
YEAR: 2023
LATITUDE: 29 38 N
LONGITUDE: 95 17 W
TEMPERATURE IN F: :PCPN: SNOW: WIND :SUNSHINE: SKY :PK WND
================================================================================
1 2 3 4 5 6A 6B 7 8 9 10 11 12 13 14 15 16 17 18
12Z AVG MX 2MIN
DY MAX MIN AVG DEP HDD CDD WTR SNW DPTH SPD SPD DIR MIN PSBL S-S WX SPD DR
================================================================================
1 101 82 92 6 0 27 0.00 0.0 0 6.6 16 150 M M 5 22 160
2 101 79 90 4 0 25 0.00 0.0 0 5.8 17 160 M M 1 23 140
3 99 81 90 4 0 25 0.00 0.0 0 7.9 20 150 M M 2 26 180
4 101 81 91 5 0 26 0.00 0.0 0 8.6 20 180 M M 2 29 190
5 101 80 91 5 0 26 0.00 0.0 0 9.0 20 190 M M 3 26 190
6 101 81 91 5 0 26 0.00 0.0 0 9.7 21 170 M M 4 27 150
7 102 81 92 6 0 27 0.00 0.0 0 10.0 22 170 M M 2 29 170
8 100 81 91 5 0 26 0.00 0.0 0 9.6 22 160 M M 3 30 160
9 101 81 91 5 0 26 0.00 0.0 0 13.2 23 180 M M 3 32 180
10 102 81 92 6 0 27 0.00 0.0 0 11.6 22 180 M M 3 33 180
11 102 82 92 6 0 27 0.00 0.0 0 10.4 21 180 M M 3 27 150
12 102 83 93 7 0 28 0.00 0.0 0 11.0 21 170 M M 4 1 27 180
13 102 80 91 5 0 26 0.00 0.0 0 9.6 18 150 M M 2 29 130
14 103 79 91 6 0 26 0.00 0.0 0 8.5 20 150 M M 3 34 170
15 104 83 94 9 0 29 0.00 0.0 0 8.4 18 200 M M 3 25 350
16 100 80 90 5 0 25 0.00 0.0 0 9.7 20 50 M M 2 27 50
17 103 78 91 6 0 26 0.00 0.0 0 8.5 39 230 M M 1 39 230
18 102 79 91 6 0 26 0.00 0.0 0 7.9 20 170 M M 2 25 130
19 103 79 91 6 0 26 0.00 0.0 0 7.7 16 150 M M 2 22 130
20 107 82 95 10 0 30 0.00 0.0 0 8.1 17 180 M M 3 23 170
21 100 82 91 6 0 26 0.00 0.0 0 10.4 22 110 M M 6 27 130
22 97 84 91 6 0 26 T 0.0 0 15.6 26 120 M M 7 35 120
23 101 81 91 6 0 26 0.00 0.0 0 7.7 16 110 M M 2 24 130
24 107 82 95 10 0 30 T 0.0 0 8.1 20 180 M M 5 3 26 170
25 101 81 91 6 0 26 0.00 0.0 0 6.4 18 130 M M 4 31 140
26 104 80 92 8 0 27 0.00 0.0 0 5.5 15 180 M M 3 20 120
27 109 80 95 11 0 30 T 0.0 0 10.2 33 10 M M 4 8 42 10
28 100 80 90 6 0 25 0.00 0.0 0 7.8 18 10 M M 5 26 50
29 98 81 90 6 0 25 0.00 0.0 0 11.4 21 40 M M 3 31 10
30 101 78 90 6 0 25 0.00 0.0 0 9.6 20 10 M M 3 31 30
31 100 77 89 5 0 24 0.00 0.0 0 5.5 17 90 M M 2 25 60
================================================================================
SM 3155 2499 0 820 T 0.0 280.0 M 97
================================================================================
AV101.8 80.6 9.0 FASTST M M 3 MAX(MPH)
MISC ----> 39 230 42 10
================================================================================
NOTES:
# LAST OF SEVERAL OCCURRENCES
COLUMN 17 PEAK WIND IN M.P.H.
PRELIMINARY LOCAL CLIMATOLOGICAL DATA (WS FORM: F-6) , PAGE 2
STATION: HOUSTON/HOBBY AIRPORT
MONTH: AUGUST
YEAR: 2023
LATITUDE: 29 38 N
LONGITUDE: 95 17 W
[TEMPERATURE DATA] [PRECIPITATION DATA] SYMBOLS USED IN COLUMN 16
AVERAGE MONTHLY: 91.2 TOTAL FOR MONTH: T 1 = FOG OR MIST
DPTR FM NORMAL: 6.1 DPTR FM NORMAL: -5.44 2 = FOG REDUCING VISIBILITY
HIGHEST: 109 ON 27 GRTST 24HR T ON 22-22 TO 1/4 MILE OR LESS
LOWEST: 77 ON 31 3 = THUNDER
SNOW, ICE PELLETS, HAIL 4 = ICE PELLETS
TOTAL MONTH: 0.0 INCH 5 = HAIL
GRTST 24HR 0.0 6 = FREEZING RAIN OR DRIZZLE
GRTST DEPTH: 0 7 = DUSTSTORM OR SANDSTORM:
VSBY 1/2 MILE OR LESS
8 = SMOKE OR HAZE
[NO. OF DAYS WITH] [WEATHER - DAYS WITH] 9 = BLOWING SNOW
X = TORNADO
MAX 32 OR BELOW: 0 0.01 INCH OR MORE: 0
MAX 90 OR ABOVE: 31 0.10 INCH OR MORE: 0
MIN 32 OR BELOW: 0 0.50 INCH OR MORE: 0
MIN 0 OR BELOW: 0 1.00 INCH OR MORE: 0
[HDD (BASE 65) ]
TOTAL THIS MO. 0 CLEAR (SCALE 0-3) 18
DPTR FM NORMAL 0 PTCLDY (SCALE 4-7) 13
TOTAL FM JUL 1 0 CLOUDY (SCALE 8-10) 0
DPTR FM NORMAL 0
[CDD (BASE 65) ]
TOTAL THIS MO. 820
DPTR FM NORMAL 197 [PRESSURE DATA]
TOTAL FM JAN 1 3192 HIGHEST SLP 30.09 ON 1
DPTR FM NORMAL 697 LOWEST SLP 29.68 ON 27
[REMARKS]
#FINAL-08-23#