000
CXUS55 KSEW 010930
CF6HQM
PRELIMINARY LOCAL CLIMATOLOGICAL DATA (WS FORM: F-6)
STATION: HOQUIAM WA AIRPORT
MONTH: JULY
YEAR: 2022
LATITUDE: 46 58 N
LONGITUDE: 123 56 W
TEMPERATURE IN F: :PCPN: SNOW: WIND :SUNSHINE: SKY :PK WND
================================================================================
1 2 3 4 5 6A 6B 7 8 9 10 11 12 13 14 15 16 17 18
12Z AVG MX 2MIN
DY MAX MIN AVG DEP HDD CDD WTR SNW DPTH SPD SPD DIR MIN PSBL S-S WX SPD DR
================================================================================
1 65 57 61 2 4 0 0.00 M M 9.6 18 260 M M 9 24 300
2 66 55 61 2 4 0 0.00 M M 9.9 20 260 M M 7 24 270
3 62 56 59 0 6 0 0.00 M M 8.2 17 250 M M 10 20 250
4 66 54 60 1 5 0 0.01 M M 5.9 13 290 M M 7 17 280
5 72 49 61 1 4 0 0.03 M M 5.5 14 260 M M 5 1 18 310
6 69 59 64 4 1 0 0.06 M M 5.8 17 240 M M 8 18 21 240
7 68 58 63 3 2 0 0.03 M M 5.0 15 250 M M 7 18 18 240
8 71 58 65 5 0 0 T M M 6.8 16 260 M M 4 22 260
9 70 57 64 4 1 0 0.00 M M 6.9 16 260 M M 4 1 21 250
10 72 60 66 6 0 1 0.00 M M 6.0 15 270 M M 5 19 260
11 83 55 69 9 0 4 0.00 M M 6.4 17 330 M M 0 24 340
12 70 58 64 4 1 0 0.00 M M 11.3 21 300 M M 3 33 300
13 69 55 62 2 3 0 0.00 M M 9.6 20 300 M M 1 26 300
14 68 53 61 1 4 0 0.00 M M 8.0 17 270 M M 1 23 280
15 67 56 62 2 3 0 0.00 M M 6.9 14 220 M M 10 1 18 240
16 69 57 63 3 2 0 0.00 M M 7.7 16 260 M M 7 22 260
17 69 57 63 2 2 0 0.00 M M 10.1 20 290 M M 6 27 280
18 70 56 63 2 2 0 T M M 7.3 17 290 M M 6 8 22 330
19 75 52 64 3 1 0 0.00 M M 6.4 18 260 M M 0 21 270
20 66 55 61 0 4 0 0.00 M M 7.2 15 260 M M 7 1 19 240
21 68 59 64 3 1 0 0.02 M M 7.8 15 250 M M 10 18 19 260
22 66 57 62 1 3 0 0.00 M M 9.1 18 290 M M 9 1 24 290
23 66 55 61 0 4 0 0.00 M M 7.2 14 270 M M 8 1 18 290
24 72 53 63 2 2 0 0.00 M M 6.9 16 260 M M 5 12 20 260
25 83 54 69 8 0 4 0.00 M M 6.1 15 250 M M 2 12 18 250
26 71 60 66 5 0 1 0.00 M M 8.1 17 290 M M 3 1 23 290
27 69 59 64 3 1 0 0.00 M M 7.6 17 260 M M 8 1 21 260
28 69 58 64 3 1 0 0.00 M M 8.1 20 260 M M 7 1 22 250
29 67 57 62 1 3 0 0.00 M M 7.8 16 260 M M 7 1 26 220
30 70 56 63 2 2 0 0.00 M M 6.8 16 240 M M 6 12 21 260
31 68 57 63 2 2 0 0.00 M M 8.1 17 260 M M 7 12 22 260
================================================================================
SM 2156 1742 68 10 0.15 M 234.1 M 179
================================================================================
AV 69.5 56.2 7.6 FASTST M M 6 MAX(MPH)
MISC ----> 21 300 33 300
================================================================================
NOTES:
# LAST OF SEVERAL OCCURRENCES
COLUMN 17 PEAK WIND IN M.P.H.
PRELIMINARY LOCAL CLIMATOLOGICAL DATA (WS FORM: F-6) , PAGE 2
STATION: HOQUIAM WA AIRPORT
MONTH: JULY
YEAR: 2022
LATITUDE: 46 58 N
LONGITUDE: 123 56 W
[TEMPERATURE DATA] [PRECIPITATION DATA] SYMBOLS USED IN COLUMN 16
AVERAGE MONTHLY: 62.9 TOTAL FOR MONTH: 0.15 1 = FOG OR MIST
DPTR FM NORMAL: 2.6 DPTR FM NORMAL: -0.70 2 = FOG REDUCING VISIBILITY
HIGHEST: 83 ON 25,11 GRTST 24HR 0.09 ON 5- 6 TO 1/4 MILE OR LESS
LOWEST: 49 ON 5 3 = THUNDER
SNOW, ICE PELLETS, HAIL 4 = ICE PELLETS
TOTAL MONTH: M 5 = HAIL
GRTST 24HR M ON M 6 = FREEZING RAIN OR DRIZZLE
GRTST DEPTH: M ON M 7 = DUSTSTORM OR SANDSTORM:
VSBY 1/2 MILE OR LESS
8 = SMOKE OR HAZE
[NO. OF DAYS WITH] [WEATHER - DAYS WITH] 9 = BLOWING SNOW
X = TORNADO
MAX 32 OR BELOW: 0 0.01 INCH OR MORE: 5
MAX 90 OR ABOVE: 0 0.10 INCH OR MORE: 0
MIN 32 OR BELOW: 0 0.50 INCH OR MORE: 0
MIN 0 OR BELOW: 0 1.00 INCH OR MORE: 0
[HDD (BASE 65) ]
TOTAL THIS MO. 68 CLEAR (SCALE 0-3) 7
DPTR FM NORMAL -82 PTCLDY (SCALE 4-7) 19
TOTAL FM JUL 1 68 CLOUDY (SCALE 8-10) 5
DPTR FM NORMAL -80
[CDD (BASE 65) ]
TOTAL THIS MO. 10
DPTR FM NORMAL 4 [PRESSURE DATA]
TOTAL FM JAN 1 30 HIGHEST SLP M ON M
DPTR FM NORMAL 21 LOWEST SLP 29.84 ON 25
[REMARKS]
#FINAL-07-22#