000
CXUS55 KSEW 010930
CF6HQM
PRELIMINARY LOCAL CLIMATOLOGICAL DATA (WS FORM: F-6)
STATION: HOQUIAM WA AIRPORT
MONTH: OCTOBER
YEAR: 2023
LATITUDE: 46 58 N
LONGITUDE: 123 56 W
TEMPERATURE IN F: :PCPN: SNOW: WIND :SUNSHINE: SKY :PK WND
================================================================================
1 2 3 4 5 6A 6B 7 8 9 10 11 12 13 14 15 16 17 18
12Z AVG MX 2MIN
DY MAX MIN AVG DEP HDD CDD WTR SNW DPTH SPD SPD DIR MIN PSBL S-S WX SPD DR
================================================================================
1 63 46 55 -1 10 0 0.00 M M 5.8 13 280 M M 5 12 16 290
2 59 54 57 1 8 0 0.71 M M 8.4 22 180 M M 10 1 31 180
3 60 54 57 1 8 0 0.00 M M 5.8 14 290 M M 7 1 18 290
4 65 54 60 4 5 0 0.00 M M 3.3 10 260 M M 9 12 13 260
5 73 49 61 6 4 0 0.00 M M 8.5 17 70 M M 2 12 25 80
6 81 55 68 13 0 3 0.00 M M 12.0 20 110 M M 0 24 110
7 74 54 64 9 1 0 0.00 M M 10.1 17 260 M M 3 22 270
8 65 57 61 7 4 0 0.00 M M 5.3 15 170 M M 6 21 170
9 61 54 58 4 7 0 M M M 10.0 28 190 M M 9 1 36 220
10 62 52 57 3 8 0 M M M 14.4 25 210 M M 10 1 33 200
11 63 50 57 3 8 0 M M M 9.6 30 210 M M 5 1 40 240
12 66 50 58 5 7 0 M M M 8.9 16 80 M M 4 1 24 80
13 62 51 57 4 8 0 M M M 9.6 15 210 M M 5 1 20 90
14 59 54 57 4 8 0 M M M 8.2 13 110 M M 10 1 18 200
15 58 54 56 3 9 0 M M M 9.1 17 80 M M 7 1 21 80
16 61 51 56 4 9 0 M M M 10.5 26 190 M M 8 1 35 240
17 58 50 54 2 11 0 M M M 6.8 14 80 M M 10 1 18 80
18 67 48 58 6 7 0 0.00 M M 4.1 13 100 M M 5 1 16 100
19 61 48 55 3 10 0 0.00 M M 3.8 10 240 M M 10 12 14 240
20 64 53 59 7 6 0 0.00 M M 4.5 13 80 M M 6 1 18 80
21 57 50 54 3 11 0 0.02 M M 5.4 14 80 M M 7 18 70
22 62 51 57 6 8 0 0.00 M M 5.3 12 340 M M 8 16 350
23 55 47 51 0 14 0 0.01 M M 7.2 17 290 M M 10 18 25 250
24 49 42 46 -4 19 0 1.68 M M 8.3 23 180 M M 9 1 30 180
25 51 35 43 -7 22 0 0.01 M M 5.6 13 70 M M 5 1 18 70
26 53 34 44 -6 21 0 0.00 M M 5.7 10 100 M M 7 1 14 80
27 53 30 42 -8 23 0 0.00 M M 6.3 14 120 M M 0 1 18 90
28 53 27 40 -10 25 0 0.00 M M 6.1 12 70 M M 0 16 90
29 58 31 45 -4 20 0 0.00 M M 8.9 21 110 M M 0 26 110
30 60 35 48 -1 17 0 0.00 M M 10.4 18 100 M M 0 26 110
31 58 37 48 -1 17 0 0.00 M M 7.6 13 110 M M 0 16 100
================================================================================
SM 1891 1457 335 3 2.43 M 235.5 M 177
================================================================================
AV 61.0 47.0 7.6 FASTST M M 6 MAX(MPH)
MISC ----> 30 210 40 240
================================================================================
NOTES:
# LAST OF SEVERAL OCCURRENCES
COLUMN 17 PEAK WIND IN M.P.H.
PRELIMINARY LOCAL CLIMATOLOGICAL DATA (WS FORM: F-6) , PAGE 2
STATION: HOQUIAM WA AIRPORT
MONTH: OCTOBER
YEAR: 2023
LATITUDE: 46 58 N
LONGITUDE: 123 56 W
[TEMPERATURE DATA] [PRECIPITATION DATA] SYMBOLS USED IN COLUMN 16
AVERAGE MONTHLY: 54.0 TOTAL FOR MONTH: 2.43 1 = FOG OR MIST
DPTR FM NORMAL: 1.5 DPTR FM NORMAL: -4.48 2 = FOG REDUCING VISIBILITY
HIGHEST: 81 ON 6 GRTST 24HR 1.69 ON 24-25 TO 1/4 MILE OR LESS
LOWEST: 27 ON 28 3 = THUNDER
SNOW, ICE PELLETS, HAIL 4 = ICE PELLETS
TOTAL MONTH: M 5 = HAIL
GRTST 24HR M ON M 6 = FREEZING RAIN OR DRIZZLE
GRTST DEPTH: M ON M 7 = DUSTSTORM OR SANDSTORM:
VSBY 1/2 MILE OR LESS
8 = SMOKE OR HAZE
[NO. OF DAYS WITH] [WEATHER - DAYS WITH] 9 = BLOWING SNOW
X = TORNADO
MAX 32 OR BELOW: 0 0.01 INCH OR MORE: 5
MAX 90 OR ABOVE: 0 0.10 INCH OR MORE: 2
MIN 32 OR BELOW: 3 0.50 INCH OR MORE: 2
MIN 0 OR BELOW: 0 1.00 INCH OR MORE: 1
[HDD (BASE 65) ]
TOTAL THIS MO. 335 CLEAR (SCALE 0-3) 8
DPTR FM NORMAL -53 PTCLDY (SCALE 4-7) 14
TOTAL FM JUL 1 586 CLOUDY (SCALE 8-10) 9
DPTR FM NORMAL -269
[CDD (BASE 65) ]
TOTAL THIS MO. 3
DPTR FM NORMAL 3 [PRESSURE DATA]
TOTAL FM JAN 1 111 HIGHEST SLP M ON M
DPTR FM NORMAL 86 LOWEST SLP 29.40 ON 10
[REMARKS]
#FINAL-10-23#