000
CXUS54 KBRO 010900
CF6HRL
PRELIMINARY LOCAL CLIMATOLOGICAL DATA (WS FORM: F-6)
STATION: HARLINGEN
MONTH: DECEMBER
YEAR: 2023
LATITUDE: 26 13 N
LONGITUDE: 97 40 W
TEMPERATURE IN F: :PCPN: SNOW: WIND :SUNSHINE: SKY :PK WND
================================================================================
1 2 3 4 5 6A 6B 7 8 9 10 11 12 13 14 15 16 17 18
12Z AVG MX 2MIN
DY MAX MIN AVG DEP HDD CDD WTR SNW DPTH SPD SPD DIR MIN PSBL S-S WX SPD DR
================================================================================
1 74 66 70 5 0 5 0.01 0.0 0 6.2 18 180 M M 9 12 23 170
2 79 60 70 5 0 5 0.00 0.0 0 5.8 16 330 M M 4 1 20 330
3 75 54 65 1 0 0 0.00 0.0 0 3.8 8 180 M M 0 10 340
4 74 54 64 0 1 0 0.00 0.0 0 3.9 12 70 M M 0 14 60
5 74 60 67 3 0 2 0.00 0.0 0 6.6 14 50 M M 5 17 50
6 78 59 69 5 0 4 0.00 0.0 0 7.6 16 80 M M 2 23 60
7 79 56 68 4 0 3 0.00 0.0 0 9.0 23 150 M M 4 31 160
8 84 62 73 9 0 8 0.00 0.0 0 17.7 32 180 M M 1 28 40 180
9 84 67 76 13 0 11 0.00 0.0 0 11.3 36 360 M M 5 1 44 10
10 68 40 54 -9 11 0 0.00 0.0 0 15.9 30 350 M M 2 8 40 350
11 70 36 53 -10 12 0 0.00 0.0 0 6.3 16 120 M M 0 21 130
12 72 53 63 0 2 0 0.00 0.0 0 8.8 21 100 M M 7 25 100
13 72 65 69 6 0 4 0.27 0.0 0 9.7 22 90 M M 10 1 28 90
14 72 64 68 5 0 3 0.05 0.0 0 6.6 16 110 M M 8 1 22 120
15 78 60 69 7 0 4 0.19 0.0 0 6.9 15 330 M M 9 12 19 340
16 71 50 61 -1 4 0 T 0.0 0 12.7 23 330 M M 4 1 30 340
17 72 41 57 -5 8 0 0.00 0.0 0 4.7 10 100 M M 0 13 270
18 77 42 60 -2 5 0 0.00 0.0 0 4.0 10 90 M M 0 13 110
19 76 45 61 -1 4 0 0.00 0.0 0 6.3 17 140 M M 1 1 23 150
20 81 53 67 5 0 2 0.00 0.0 0 9.2 21 140 M M 2 28 130
21 78 60 69 7 0 4 0.00 0.0 0 10.1 21 110 M M 5 26 140
22 78 62 70 9 0 5 0.00 0.0 0 4.6 13 100 M M 7 12 17 100
23 74 59 67 6 0 2 0.02 0.0 0 6.8 14 180 M M 8 12 17 180
24 82 57 70 9 0 5 0.00 0.0 0 9.1 22 320 M M 1 12 28 310
25 69 51 60 -1 5 0 0.00 0.0 0 8.2 21 30 M M 4 1 26 30
26 65 56 61 0 4 0 0.00 0.0 0 7.5 14 10 M M 10 18 360
27 72 52 62 1 3 0 0.00 0.0 0 7.3 16 10 M M 2 23 360
28 70 44 57 -4 8 0 0.00 0.0 0 7.2 15 50 M M 0 20 70
29 68 43 56 -5 9 0 0.00 0.0 0 5.8 13 30 M M 0 17 40
30 73 39 56 -4 9 0 0.00 0.0 0 5.5 13 120 M M 0 1 17 110
31 79 45 62 2 3 0 0.00 0.0 0 12.4 29 170 M M 3 12 39 160
================================================================================
SM 2318 1655 88 67 0.54 0.0 247.5 M 113
================================================================================
AV 74.8 53.4 8.0 FASTST M M 4 MAX(MPH)
MISC ----> 36 360 44 10
================================================================================
NOTES:
# LAST OF SEVERAL OCCURRENCES
COLUMN 17 PEAK WIND IN M.P.H.
PRELIMINARY LOCAL CLIMATOLOGICAL DATA (WS FORM: F-6) , PAGE 2
STATION: HARLINGEN
MONTH: DECEMBER
YEAR: 2023
LATITUDE: 26 13 N
LONGITUDE: 97 40 W
[TEMPERATURE DATA] [PRECIPITATION DATA] SYMBOLS USED IN COLUMN 16
AVERAGE MONTHLY: 64.1 TOTAL FOR MONTH: 0.54 1 = FOG OR MIST
DPTR FM NORMAL: 1.7 DPTR FM NORMAL: -0.68 2 = FOG REDUCING VISIBILITY
HIGHEST: 84 ON 9, 8 GRTST 24HR 0.27 ON 13-13 TO 1/4 MILE OR LESS
LOWEST: 36 ON 11 3 = THUNDER
SNOW, ICE PELLETS, HAIL 4 = ICE PELLETS
TOTAL MONTH: 0.0 INCH 5 = HAIL
GRTST 24HR 0.0 6 = FREEZING RAIN OR DRIZZLE
GRTST DEPTH: 0 7 = DUSTSTORM OR SANDSTORM:
VSBY 1/2 MILE OR LESS
8 = SMOKE OR HAZE
[NO. OF DAYS WITH] [WEATHER - DAYS WITH] 9 = BLOWING SNOW
X = TORNADO
MAX 32 OR BELOW: 0 0.01 INCH OR MORE: 5
MAX 90 OR ABOVE: 0 0.10 INCH OR MORE: 2
MIN 32 OR BELOW: 0 0.50 INCH OR MORE: 0
MIN 0 OR BELOW: 0 1.00 INCH OR MORE: 0
[HDD (BASE 65) ]
TOTAL THIS MO. 88 CLEAR (SCALE 0-3) 16
DPTR FM NORMAL -74 PTCLDY (SCALE 4-7) 11
TOTAL FM JUL 1 171 CLOUDY (SCALE 8-10) 4
DPTR FM NORMAL -58
[CDD (BASE 65) ]
TOTAL THIS MO. 67
DPTR FM NORMAL -15 [PRESSURE DATA]
TOTAL FM JAN 1 4668 HIGHEST SLP 30.41 ON 10
DPTR FM NORMAL 450 LOWEST SLP 29.74 ON 1
[REMARKS]
#FINAL-12-23#