000
CXUS54 KLZK 081044
CLMHRO
CLIMATE REPORT
NATIONAL WEATHER SERVICE LITTLE ROCK AR
544 AM CDT SAT APR 08 2023
...................................
...THE HARRISON CLIMATE SUMMARY FOR THE MONTH OF MARCH 2023...
CLIMATE NORMAL PERIOD 1991 TO 2020
CLIMATE RECORD PERIOD 1891 TO 2023
WEATHER OBSERVED NORMAL DEPART LAST YEAR`S
VALUE DATE(S) VALUE FROM VALUE DATE(S)
NORMAL
................................................................
TEMPERATURE (F)
RECORD
HIGH 98 03/24/1929
LOW -10 03/12/1948
HIGHEST 81 03/31 59 22 80 03/03
LOWEST 18 03/19 39 -21 15 03/12
AVG. MAXIMUM 58.6 60.3 -1.7 61.0
AVG. MINIMUM 37.6 38.1 -0.5 38.9
MEAN 48.1 49.2 -1.1 50.0
DAYS MAX >= 90 0 0.1 -0.1 0
DAYS MAX <= 32 0 0.3 -0.3 0
DAYS MIN <= 32 8 8.6 -0.6 7
DAYS MIN <= 0 0 0.0 0.0 0
PRECIPITATION (INCHES)
RECORD
MAXIMUM 11.83 2008
MINIMUM 0.64 1971
TOTALS 7.39 3.91 3.48 4.05
DAILY AVG. 0.24 0.13 0.11 0.14
DAYS >= .01 11 10.4 0.6 11
DAYS >= .10 9 6
DAYS >= .50 4 3
DAYS >= 1.00 3 0.8 2.2 2
GREATEST
24 HR. TOTAL 2.78 03/02 TO 03/03
STORM TOTAL 2.33
(MM/DD(HH))
SNOWFALL (INCHES)
RECORDS
TOTAL 14.0 1988
24 HR TOTAL 13.8 03/08/1994 TO 03/09/1994
SNOW DEPTH 14 03/09/1994
TOTALS 0.0 2.0 -2.0 3.0
LIQUID EQUIV 0.00 0.20 -0.20 0.30
SINCE 7/1 15.1 11.2 3.9 MM
LIQUID 7/1 1.51 1.00 0.51 MM
SNOWDEPTH AVG. 0
DAYS >= TRACE 0 MM MM 4
DAYS >= 1.0 0 1
GREATEST
SNOW DEPTH 0
24 HR TOTAL MM 3.0 03/11 TO 03/11
DEGREE DAYS
HEATING TOTAL 518 497 21 464
SINCE 7/1 3264 3573 -309 MM
COOLING TOTAL 5 8 -3 4
SINCE 1/1 5 9 -4 MM
FREEZE DATES
RECORD
EARLIEST 09/13/1902
LATEST 05/17/1912
EARLIEST 10/18
LATEST 04/14
................................................................
WIND (MPH)
AVERAGE WIND SPEED 8.9
HIGHEST WIND SPEED/DIRECTION 33/240 DATE 03/31
HIGHEST GUST SPEED/DIRECTION 50/240 DATE 03/31
SKY COVER
POSSIBLE SUNSHINE (PERCENT) MM
AVERAGE SKY COVER 0.44
NUMBER OF DAYS FAIR 15
NUMBER OF DAYS PC 8
NUMBER OF DAYS CLOUDY 8
WEATHER CONDITIONS. NUMBER OF DAYS WITH
THUNDERSTORM 6 MIXED PRECIP 0
HEAVY RAIN 7 RAIN 7
LIGHT RAIN 11 FREEZING RAIN 0
LT FREEZING RAIN 0 HAIL 0
HEAVY SNOW 0 SLEET 0
FOG 12 FOG W/VIS <= 1/4 MILE 0
HAZE 2
- INDICATES NEGATIVE NUMBERS.
R INDICATES RECORD WAS SET OR TIED.
MM INDICATES DATA IS MISSING.
T INDICATES TRACE AMOUNT.
$$