000
CXUS53 KIND 010600
CF6HUF
PRELIMINARY LOCAL CLIMATOLOGICAL DATA (WS FORM: F-6)
STATION: TERRE HAUTE IN
MONTH: MARCH
YEAR: 2023
LATITUDE: 39 27 N
LONGITUDE: 87 18 W
TEMPERATURE IN F: :PCPN: SNOW: WIND :SUNSHINE: SKY :PK WND
================================================================================
1 2 3 4 5 6A 6B 7 8 9 10 11 12 13 14 15 16 17 18
12Z AVG MX 2MIN
DY MAX MIN AVG DEP HDD CDD WTR SNW DPTH SPD SPD DIR MIN PSBL S-S WX SPD DR
================================================================================
1 72 36 54 17 11 0 0.00 M M 6.9 18 270 M M 0 24 300
2 56 34 45 7 20 0 0.00 M M 8.3 17 350 M M 1 24 350
3 45 37 41 3 24 0 2.10 M M 18.6 33 80 M M 9 1 49 340
4 54 28 41 3 24 0 0.00 M M 3.7 15 300 M M 1 12 21 290
5 60 31 46 7 19 0 0.00 M M 5.8 14 130 M M 1 1 18 120
6 72 44 58 19 7 0 0.00 M M 11.9 22 330 M M 2 32 340
7 52 39 46 6 19 0 0.00 M M 13.1 21 20 M M 6 31 330
8 50 37 44 4 21 0 0.00 M M 12.0 20 80 M M 6 27 80
9 53 34 44 4 21 0 0.12 M M 10.2 16 100 M M 8 1 23 100
10 44 36 40 -1 25 0 T M M 14.0 24 290 M M 10 1 35 310
11 50 35 43 2 22 0 0.03 M M 6.8 17 130 M M 7 26 90
12 42 33 38 -3 27 0 0.18 M M 8.1 17 310 M M 10 1 26 300
13 35 31 33 -9 32 0 T M M 11.9 20 310 M M 10 28 290
14 41 26 34 -8 31 0 0.00 M M 7.3 17 330 M M 4 25 320
15 51 20 36 -6 29 0 0.00 M M 5.9 15 200 M M 0 1 21 170
16 54 36 45 2 20 0 0.34 M M 11.2 24 190 M M 6 1 35 170
17 52 29 41 -2 24 0 0.14 M M 15.1 24 290 M M 7 1 36 200
18 31 19 25 -19 40 0 T M M 13.8 26 290 M M 7 18 39 310
19 37 20 29 -15 36 0 T M M 7.2 14 270 M M 2 19 260
20 51 23 37 -7 28 0 0.00 M M 11.5 24 180 M M 0 34 200
21 52 29 41 -4 24 0 0.09 M M 8.6 24 210 M M 6 1 33 210
22 55 40 48 3 17 0 0.71 M M 10.5 21 150 M M 10 13 27 180
23 65 44 55 10 10 0 0.97 M M 11.4 21 200 M M 10 13 31 180
24 49 41 45 -1 20 0 1.42 M M 9.9 32 100 M M 10 13 43 100
25 56 36 46 0 19 0 0.14 M M 12.7 32 250 M M 7 1 46 250
26 65 32 49 3 16 0 0.06 M M 7.3 20 260 M M 2 30 210
27 51 37 44 -3 21 0 0.24 M M 6.6 15 320 M M 9 1 21 340
28 53 28 41 -6 24 0 0.00 M M 5.4 18 350 M M 2 25 10
29 57 32 45 -3 20 0 0.00 M M 7.4 17 240 M M 1 25 230
30 64 31 48 0 17 0 0.02 M M 10.4 18 170 M M 1 27 160
31 69 51 60 12 5 0 0.39 M M 17.0 35 200 M M 10 13 53 190
================================================================================
SM 1638 1029 673 0 6.95 M 310.5 M 165
================================================================================
AV 52.8 33.2 10.0 FASTST M M 5 MAX(MPH)
MISC ----> 35 200 53 190
================================================================================
NOTES:
# LAST OF SEVERAL OCCURRENCES
COLUMN 17 PEAK WIND IN M.P.H.
PRELIMINARY LOCAL CLIMATOLOGICAL DATA (WS FORM: F-6) , PAGE 2
STATION: TERRE HAUTE IN
MONTH: MARCH
YEAR: 2023
LATITUDE: 39 27 N
LONGITUDE: 87 18 W
[TEMPERATURE DATA] [PRECIPITATION DATA] SYMBOLS USED IN COLUMN 16
AVERAGE MONTHLY: 43.0 TOTAL FOR MONTH: 6.95 1 = FOG OR MIST
DPTR FM NORMAL: 0.2 DPTR FM NORMAL: 4.03 2 = FOG REDUCING VISIBILITY
HIGHEST: 72 ON 6, 1 GRTST 24HR 2.10 ON 3- 3 TO 1/4 MILE OR LESS
LOWEST: 19 ON 18 3 = THUNDER
SNOW, ICE PELLETS, HAIL 4 = ICE PELLETS
TOTAL MONTH: M 5 = HAIL
GRTST 24HR M ON M 6 = FREEZING RAIN OR DRIZZLE
GRTST DEPTH: M ON M 7 = DUSTSTORM OR SANDSTORM:
VSBY 1/2 MILE OR LESS
8 = SMOKE OR HAZE
[NO. OF DAYS WITH] [WEATHER - DAYS WITH] 9 = BLOWING SNOW
X = TORNADO
MAX 32 OR BELOW: 1 0.01 INCH OR MORE: 15
MAX 90 OR ABOVE: 0 0.10 INCH OR MORE: 11
MIN 32 OR BELOW: 14 0.50 INCH OR MORE: 4
MIN 0 OR BELOW: 0 1.00 INCH OR MORE: 2
[HDD (BASE 65) ]
TOTAL THIS MO. 673 CLEAR (SCALE 0-3) 12
DPTR FM NORMAL -19 PTCLDY (SCALE 4-7) 10
TOTAL FM JUL 1 4178 CLOUDY (SCALE 8-10) 9
DPTR FM NORMAL -577
[CDD (BASE 65) ]
TOTAL THIS MO. 0
DPTR FM NORMAL -3 [PRESSURE DATA]
TOTAL FM JAN 1 0 HIGHEST SLP M ON M
DPTR FM NORMAL -3 LOWEST SLP 28.92 ON 3
[REMARKS]
#FINAL-03-23#