000
CXUS53 KIND 010700
CF6HUF
PRELIMINARY LOCAL CLIMATOLOGICAL DATA (WS FORM: F-6)
STATION: TERRE HAUTE IN
MONTH: JANUARY
YEAR: 2021
LATITUDE: 39 27 N
LONGITUDE: 87 18 W
TEMPERATURE IN F: :PCPN: SNOW: WIND :SUNSHINE: SKY :PK WND
================================================================================
1 2 3 4 5 6A 6B 7 8 9 10 11 12 13 14 15 16 17 18
12Z AVG MX 2MIN
DY MAX MIN AVG DEP HDD CDD WTR SNW DPTH SPD SPD DIR MIN PSBL S-S WX SPD DR
================================================================================
1 43 28 36 8 29 0 0.71 M M 11.8 26 250 M M 9 16 36 250
2 37 34 36 8 29 0 T M M 3.2 17 270 M M 10 1 22 260
3 36 25 31 3 34 0 T M M 6.0 13 260 M M 8 1 17 250
4 44 22 33 5 32 0 0.00 M M 2.6 17 320 M M 1 1 23 300
5 38 24 31 3 34 0 0.00 M M 8.1 17 320 M M 7 1 25 310
6 40 24 32 4 33 0 0.00 M M 4.6 12 80 M M 4 1 17 60
7 40 31 36 8 29 0 0.00 M M 10.6 18 50 M M 10 23 50
8 37 31 34 6 31 0 0.00 M M 9.6 17 50 M M 10 22 60
9 33 28 31 3 34 0 0.00 M M 5.0 14 340 M M 10 18 340
10 31 26 29 1 36 0 0.00 M M 4.5 9 320 M M 10 13 290
11 27 24 26 -2 39 0 0.00 M M 6.3 12 320 M M 10 1 15 320
12 42 22 32 4 33 0 0.00 M M 9.7 17 200 M M 2 1 25 220
13 48 28 38 10 27 0 0.00 M M 9.1 17 190 M M 0 23 180
14 47 29 38 10 27 0 0.04 M M 9.6 18 270 M M 4 26 300
15 40 31 36 8 29 0 T M M 9.0 22 210 M M 8 1 26 220
16 35 25 30 2 35 0 0.02 M M 7.9 18 270 M M 9 1 26 270
17 33 30 32 4 33 0 0.05 M M 7.4 15 290 M M 10 18 20 270
18 41 28 35 7 30 0 T M M 8.1 16 250 M M 9 1 23 250
19 42 23 33 5 32 0 0.00 M M 7.0 23 280 M M 5 36 250
20 36 22 29 1 36 0 T M M 10.8 25 300 M M 4 45 290
21 51 31 41 13 24 0 0.00 M M 10.4 16 270 M M 0 23 310
22 37 19 28 0 37 0 0.00 M M 9.8 17 330 M M 0 26 330
23 37 12 25 -3 40 0 0.00 M M 5.9 15 130 M M 1 19 130
24 36 30 33 5 32 0 0.06 M M 5.2 15 120 M M 10 16 19 120
25 35 31 33 5 32 0 0.36 M M 10.6 18 80 M M 9 16 25 80
26 39 33 36 8 29 0 T M M 8.3 18 280 M M 10 1 26 270
27 33 23 28 -1 37 0 0.05 M M 8.7 18 360 M M 9 1 25 360
28 29 7 18 -11 47 0 0.00 M M 4.2 10 320 M M 0 1 13 320
29 35 11 23 -6 42 0 0.00 M M 5.2 14 140 M M 0 128 17 140
30 38 28 33 4 32 0 0.46 M M 13.3 22 110 M M 6 1 32 130
31 39 31 35 6 30 0 0.54 M M 9.3 22 130 M M 10 1 29 130
================================================================================
SM 1179 791 1024 0 2.29 M 241.8 M 195
================================================================================
AV 38.0 25.5 7.8 FASTST M M 6 MAX(MPH)
MISC ----> 26 250 45 290
================================================================================
NOTES:
# LAST OF SEVERAL OCCURRENCES
COLUMN 17 PEAK WIND IN M.P.H.
PRELIMINARY LOCAL CLIMATOLOGICAL DATA (WS FORM: F-6) , PAGE 2
STATION: TERRE HAUTE IN
MONTH: JANUARY
YEAR: 2021
LATITUDE: 39 27 N
LONGITUDE: 87 18 W
[TEMPERATURE DATA] [PRECIPITATION DATA] SYMBOLS USED IN COLUMN 16
AVERAGE MONTHLY: 31.8 TOTAL FOR MONTH: 2.29 1 = FOG OR MIST
DPTR FM NORMAL: 3.6 DPTR FM NORMAL: -0.07 2 = FOG REDUCING VISIBILITY
HIGHEST: 51 ON 21 GRTST 24HR 0.88 ON 30-31 TO 1/4 MILE OR LESS
LOWEST: 7 ON 28 3 = THUNDER
SNOW, ICE PELLETS, HAIL 4 = ICE PELLETS
TOTAL MONTH: M 5 = HAIL
GRTST 24HR M ON M 6 = FREEZING RAIN OR DRIZZLE
GRTST DEPTH: M ON M 7 = DUSTSTORM OR SANDSTORM:
VSBY 1/2 MILE OR LESS
8 = SMOKE OR HAZE
[NO. OF DAYS WITH] [WEATHER - DAYS WITH] 9 = BLOWING SNOW
X = TORNADO
MAX 32 OR BELOW: 3 0.01 INCH OR MORE: 9
MAX 90 OR ABOVE: 0 0.10 INCH OR MORE: 4
MIN 32 OR BELOW: 29 0.50 INCH OR MORE: 2
MIN 0 OR BELOW: 0 1.00 INCH OR MORE: 0
[HDD (BASE 65) ]
TOTAL THIS MO. 1024 CLEAR (SCALE 0-3) 8
DPTR FM NORMAL -115 PTCLDY (SCALE 4-7) 7
TOTAL FM JUL 1 2848 CLOUDY (SCALE 8-10) 16
DPTR FM NORMAL -404
[CDD (BASE 65) ]
TOTAL THIS MO. 0
DPTR FM NORMAL 0 [PRESSURE DATA]
TOTAL FM JAN 1 0 HIGHEST SLP M ON M
DPTR FM NORMAL 0 LOWEST SLP 29.51 ON 15
[REMARKS]
#FINAL-01-21#