000
CXUS51 KCAR 010700
CF6HUL
PRELIMINARY LOCAL CLIMATOLOGICAL DATA (WS FORM: F-6)
STATION: HOULTON ME
MONTH: AUGUST
YEAR: 2023
LATITUDE: 46 7 N
LONGITUDE: 67 48 W
TEMPERATURE IN F: :PCPN: SNOW: WIND :SUNSHINE: SKY :PK WND
================================================================================
1 2 3 4 5 6A 6B 7 8 9 10 11 12 13 14 15 16 17 18
12Z AVG MX 2MIN
DY MAX MIN AVG DEP HDD CDD WTR SNW DPTH SPD SPD DIR MIN PSBL S-S WX SPD DR
================================================================================
1 69 44 57 -9 8 0 0.01 M M 2.7 18 290 M M 1 1 28 290
2 75 42 59 -7 6 0 0.00 M M 3.5 13 260 M M 1 1 19 320
3 76 44 60 -6 5 0 0.01 M M 5.6 15 190 M M 4 1 26 200
4 62 59 61 -5 4 0 0.48 M M 7.7 16 170 M M 9 1 28 190
5 75 54 65 -1 0 0 0.29 M M 3.5 13 240 M M 6 13 20 270
6 76 53 65 -1 0 0 0.06 M M 4.6 18 340 M M 4 1 27 350
7 75 50 63 -3 2 0 0.00 M M 4.9 14 110 M M 3 1 21 110
8 64 58 61 -5 4 0 0.60 M M 7.5 14 110 M M 10 1 22 100
9 71 60 66 0 0 1 0.20 M M 6.1 15 310 M M 10 1 25 360
10 80 56 68 3 0 3 0.41 M M 6.3 14 210 M M 3 13 23 200
11 73 59 66 1 0 1 1.25 M M 7.8 17 250 M M 6 13 27 260
12 74 58 66 1 0 1 0.00 M M 4.1 10 320 M M 6 1 15 320
13 72 58 65 0 0 0 0.46 M M 4.5 17 360 M M 8 123 21 360
14 77 56 67 2 0 2 0.00 M M 4.1 15 250 M M 6 12 23 210
15 74 54 64 -1 1 0 0.00 M M 1.9 8 20 M M 4 1 14 330
16 76 54 65 0 0 0 T M M 3.5 13 100 M M 9 12 16 140
17 75 60 68 4 0 3 0.00 M M 4.4 13 190 M M 9 1 21 160
18 72 64 68 4 0 3 0.60 M M 6.2 14 260 M M 10 18 24 100
19 74 57 66 2 0 1 0.18 M M 3.4 12 220 M M 9 1 15 220
20 75 59 67 3 0 2 T M M 4.6 15 220 M M 7 1 29 160
21 74 53 64 0 1 0 0.00 M M 5.9 18 360 M M 5 26 10
22 69 43 56 -8 9 0 0.00 M M 5.0 23 10 M M 2 1 32 360
23 76 40 58 -6 7 0 0.00 M M 3.9 15 280 M M 2 1 21 270
24 78 45 62 -1 3 0 0.00 M M 1.7 9 230 M M 3 1 13 230
25 63 57 60 -3 5 0 0.27 M M 7.0 18 190 M M 7 1 28 180
26 74 52 63 0 2 0 0.25 M M 3.5 10 360 M M 7 13 17 350
27 70 46 58 -5 7 0 0.00 M M 3.5 12 330 M M 5 1 20 340
28 76 41 59 -3 6 0 0.00 M M 3.5 13 230 M M 1 12 17 230
29 73 58 66 4 0 1 T M M 6.1 14 200 M M 7 26 160
30 69 58 64 2 1 0 0.31 M M 3.9 13 300 M M 9 1 17 300
31 65 41 53 -9 12 0 0.00 M M 8.0 23 360 M M 4 1 35 340
================================================================================
SM 2252 1633 83 18 5.38 M 148.9 M 177
================================================================================
AV 72.6 52.7 4.8 FASTST M M 6 MAX(MPH)
MISC ----> # 23 10 35 340
================================================================================
NOTES:
# LAST OF SEVERAL OCCURRENCES
COLUMN 17 PEAK WIND IN M.P.H.
PRELIMINARY LOCAL CLIMATOLOGICAL DATA (WS FORM: F-6) , PAGE 2
STATION: HOULTON ME
MONTH: AUGUST
YEAR: 2023
LATITUDE: 46 7 N
LONGITUDE: 67 48 W
[TEMPERATURE DATA] [PRECIPITATION DATA] SYMBOLS USED IN COLUMN 16
AVERAGE MONTHLY: 62.7 TOTAL FOR MONTH: 5.38 1 = FOG OR MIST
DPTR FM NORMAL: -1.7 DPTR FM NORMAL: 1.86 2 = FOG REDUCING VISIBILITY
HIGHEST: 80 ON 10 GRTST 24HR 1.66 ON 10-11 TO 1/4 MILE OR LESS
LOWEST: 40 ON 23 3 = THUNDER
SNOW, ICE PELLETS, HAIL 4 = ICE PELLETS
TOTAL MONTH: M 5 = HAIL
GRTST 24HR M ON M 6 = FREEZING RAIN OR DRIZZLE
GRTST DEPTH: M ON M 7 = DUSTSTORM OR SANDSTORM:
VSBY 1/2 MILE OR LESS
8 = SMOKE OR HAZE
[NO. OF DAYS WITH] [WEATHER - DAYS WITH] 9 = BLOWING SNOW
X = TORNADO
MAX 32 OR BELOW: 0 0.01 INCH OR MORE: 15
MAX 90 OR ABOVE: 0 0.10 INCH OR MORE: 12
MIN 32 OR BELOW: 0 0.50 INCH OR MORE: 3
MIN 0 OR BELOW: 0 1.00 INCH OR MORE: 1
[HDD (BASE 65) ]
TOTAL THIS MO. 83 CLEAR (SCALE 0-3) 8
DPTR FM NORMAL 2 PTCLDY (SCALE 4-7) 14
TOTAL FM JUL 1 89 CLOUDY (SCALE 8-10) 9
DPTR FM NORMAL -49
[CDD (BASE 65) ]
TOTAL THIS MO. 18
DPTR FM NORMAL -44 [PRESSURE DATA]
TOTAL FM JAN 1 276 HIGHEST SLP 30.15 ON 2
DPTR FM NORMAL 87 LOWEST SLP 29.40 ON 9
[REMARKS]
#FINAL-08-23#