000
CXUS56 KMTR 011813
CF6HWD
PRELIMINARY LOCAL CLIMATOLOGICAL DATA (WS FORM: F-6)
STATION: HAYWARD AIRPORT
MONTH: JUNE
YEAR: 2020
LATITUDE: 37 39 N
LONGITUDE: 122 7 W
TEMPERATURE IN F: :PCPN: SNOW: WIND :SUNSHINE: SKY :PK WND
================================================================================
1 2 3 4 5 6A 6B 7 8 9 10 11 12 13 14 15 16 17 18
12Z AVG MX 2MIN
DY MAX MIN AVG DEP HDD CDD WTR SNW DPTH SPD SPD DIR MIN PSBL S-S WX SPD DR
================================================================================
1 74 58 66 4 0 1 0.00 M M 7.1 18 300 M M 3 22 290
2 88 58 73 11 0 8 0.00 M M 6.8 20 290 M M 0 23 280
3 93 61 77 15 0 12 0.00 M M 6.4 17 290 M M 0 22 310
4 85 59 72 10 0 7 0.00 M M 7.3 18 290 M M 0 8 21 300
5 65 58 62 0 3 0 0.00 M M 13.6 22 260 M M 5 28 260
6 67 57 62 0 3 0 0.00 M M 14.9 25 270 M M 4 32 270
7 67 53 60 -3 5 0 0.00 M M 13.7 28 280 M M 0 33 290
8 75 50 63 0 2 0 0.00 M M 8.7 23 290 M M 0 28 290
9 84 53 69 6 0 4 0.00 M M 6.8 20 290 M M 0 24 280
10 83 57 70 7 0 5 0.00 M M 6.0 16 280 M M 1 20 290
11 80 58 69 6 0 4 0.00 M M 6.6 18 280 M M 3 23 260
12 69 58 64 1 1 0 T M M 13.2 21 280 M M 7 27 270
13 69 58 64 1 1 0 0.00 M M 11.0 18 280 M M 4 24 290
14 72 60 66 2 0 1 0.00 M M 7.8 22 290 M M 5 25 280
15 71 58 65 1 0 0 0.00 M M 9.8 24 270 M M 1 33 280
16 72 56 64 0 1 0 0.00 M M 9.1 18 260 M M 0 23 270
17 83 54 69 5 0 4 0.00 M M 7.2 20 280 M M 0 25 300
18 88 59 74 10 0 9 0.00 M M 7.5 18 310 M M 0 22 310
19 77 56 67 3 0 2 0.00 M M 8.4 17 310 M M 0 21 300
20 75 57 66 2 0 1 0.00 M M 6.9 20 300 M M 6 22 290
21 71 59 65 1 0 0 0.00 M M 7.6 16 300 M M 5 20 290
22 79 59 69 5 0 4 0.00 M M 7.3 16 330 M M 3 21 320
23 78 58 68 4 0 3 0.00 M M 9.3 20 310 M M 4 23 310
24 78 60 69 5 0 4 0.00 M M 8.1 16 290 M M 5 19 290
25 75 59 67 3 0 2 0.00 M M 9.0 17 310 M M 4 21 320
26 76 58 67 2 0 2 0.00 M M 9.6 21 290 M M 3 24 290
27 75 59 67 2 0 2 0.00 M M 9.7 21 300 M M 5 24 340
28 70 58 64 -1 1 0 0.00 M M 11.9 22 250 M M 3 27 260
29 76 54 65 0 0 0 0.00 M M 7.9 22 300 M M 0 27 310
30 84 57 71 6 0 6 0.00 M M 6.9 22 300 M M 0 26 290
================================================================================
SM 2299 1719 17 81 T M 266.1 M 71
================================================================================
AV 76.6 57.3 8.9 FASTST M M 2 MAX(MPH)
MISC ----> 28 280 # 33 290
================================================================================
NOTES:
# LAST OF SEVERAL OCCURRENCES
COLUMN 17 PEAK WIND IN M.P.H.
PRELIMINARY LOCAL CLIMATOLOGICAL DATA (WS FORM: F-6) , PAGE 2
STATION: HAYWARD AIRPORT
MONTH: JUNE
YEAR: 2020
LATITUDE: 37 39 N
LONGITUDE: 122 7 W
[TEMPERATURE DATA] [PRECIPITATION DATA] SYMBOLS USED IN COLUMN 16
AVERAGE MONTHLY: 67.0 TOTAL FOR MONTH: T 1 = FOG OR MIST
DPTR FM NORMAL: 3.4 DPTR FM NORMAL: -0.20 2 = FOG REDUCING VISIBILITY
HIGHEST: 93 ON 3 GRTST 24HR T ON 12-12 TO 1/4 MILE OR LESS
LOWEST: 50 ON 8 3 = THUNDER
SNOW, ICE PELLETS, HAIL 4 = ICE PELLETS
TOTAL MONTH: M 5 = HAIL
GRTST 24HR M ON M 6 = FREEZING RAIN OR DRIZZLE
GRTST DEPTH: M ON M 7 = DUSTSTORM OR SANDSTORM:
VSBY 1/2 MILE OR LESS
8 = SMOKE OR HAZE
[NO. OF DAYS WITH] [WEATHER - DAYS WITH] 9 = BLOWING SNOW
X = TORNADO
MAX 32 OR BELOW: 0 0.01 INCH OR MORE: 0
MAX 90 OR ABOVE: 1 0.10 INCH OR MORE: 0
MIN 32 OR BELOW: 0 0.50 INCH OR MORE: 0
MIN 0 OR BELOW: 0 1.00 INCH OR MORE: 0
[HDD (BASE 65) ]
TOTAL THIS MO. 17 CLEAR (SCALE 0-3) 17
DPTR FM NORMAL -65 PTCLDY (SCALE 4-7) 13
TOTAL FM JUL 1 2097 CLOUDY (SCALE 8-10) 0
DPTR FM NORMAL -432
[CDD (BASE 65) ]
TOTAL THIS MO. 81
DPTR FM NORMAL 42 [PRESSURE DATA]
TOTAL FM JAN 1 135 HIGHEST SLP 30.23 ON 8
DPTR FM NORMAL 65 LOWEST SLP 29.72 ON 4
[REMARKS]
#FINAL-06-20#