000
CXUS55 KPIH 011100
CF6IDA
PRELIMINARY LOCAL CLIMATOLOGICAL DATA (WS FORM: F-6)
STATION: IDAHO FALLS
MONTH: AUGUST
YEAR: 2023
LATITUDE: 43 31 N
LONGITUDE: 112 4 W
TEMPERATURE IN F: :PCPN: SNOW: WIND :SUNSHINE: SKY :PK WND
================================================================================
1 2 3 4 5 6A 6B 7 8 9 10 11 12 13 14 15 16 17 18
12Z AVG MX 2MIN
DY MAX MIN AVG DEP HDD CDD WTR SNW DPTH SPD SPD DIR MIN PSBL S-S WX SPD DR
================================================================================
1 91 54 73 4 0 8 0.00 M M 6.2 20 190 M M 0 27 190
2 70 60 65 -4 0 0 0.10 M M 6.3 15 40 M M 6 20 30
3 72 59 66 -3 0 1 0.02 M M 6.6 16 220 M M 9 1 20 200
4 73 54 64 -5 1 0 0.27 M M 3.6 12 360 M M 7 1 15 320
5 83 48 66 -3 0 1 0.04 M M 6.7 31 20 M M 2 123 40 20
6 85 50 68 -1 0 3 0.06 M M 5.4 18 240 M M 1 3 27 240
7 81 48 65 -4 0 0 0.00 M M 9.0 23 210 M M 2 31 220
8 75 53 64 -4 1 0 T M M 10.2 26 220 M M 3 34 220
9 85 46 66 -2 0 1 0.00 M M 7.7 16 220 M M 1 27 200
10 89 57 73 5 0 8 0.00 M M 13.5 29 230 M M 0 44 220
11 90 52 71 3 0 6 0.00 M M 9.2 22 200 M M 0 28 200
12 90 51 71 3 0 6 0.00 M M 9.2 22 190 M M 0 34 180
13 86 51 69 1 0 4 0.00 M M 10.1 21 10 M M 0 27 360
14 90 48 69 2 0 4 0.00 M M 5.9 13 340 M M 0 16 350
15 96 51 74 7 0 9 0.00 M M 4.6 12 220 M M 0 16 220
16 96 53 75 8 0 10 0.00 M M 3.9 12 200 M M 0 18 220
17 99 54 77 11 0 12 T M M 7.4 25 170 M M 1 35 170
18 92 61 77 11 0 12 0.00 M M 13.5 28 230 M M 0 38 220
19 86 60 73 7 0 8 T M M 5.0 13 20 M M 3 16 40
20 70 61 66 0 0 1 0.47 M M 6.0 13 360 M M 8 1 17 350
21 87 62 75 9 0 10 0.02 M M 9.6 30 200 M M 4 1 43 200
22 80 57 69 4 0 4 0.00 M M 9.5 23 210 M M 3 32 160
23 84 55 70 5 0 5 0.00 M M 7.1 18 180 M M 1 25 240
24 90 51 71 6 0 6 0.00 M M 3.7 10 20 M M 1 16 210
25 91 56 74 10 0 9 0.02 M M 6.2 26 280 M M 2 3 37 270
26 86 57 72 8 0 7 T M M 7.0 25 320 M M 1 3 36 290
27 86 54 70 6 0 5 0.15 M M 6.0 28 240 M M 1 3 43 250
28 89 52 71 7 0 6 0.00 M M 5.1 13 360 M M 0 17 350
29 95 50 73 10 0 8 T M M 10.4 28 250 M M 0 3 41 270
30 76 56 66 3 0 1 0.00 M M 21.5 35 210 M M 0 8 48 200
31 83 45 64 1 1 0 0.00 M M 7.7 14 360 M M 0 19 180
================================================================================
SM 2646 1666 3 155 1.15 M 243.8 M 56
================================================================================
AV 85.4 53.7 7.9 FASTST M M 2 MAX(MPH)
MISC ----> 35 210 48 200
================================================================================
NOTES:
# LAST OF SEVERAL OCCURRENCES
COLUMN 17 PEAK WIND IN M.P.H.
PRELIMINARY LOCAL CLIMATOLOGICAL DATA (WS FORM: F-6) , PAGE 2
STATION: IDAHO FALLS
MONTH: AUGUST
YEAR: 2023
LATITUDE: 43 31 N
LONGITUDE: 112 4 W
[TEMPERATURE DATA] [PRECIPITATION DATA] SYMBOLS USED IN COLUMN 16
AVERAGE MONTHLY: 69.5 TOTAL FOR MONTH: 1.15 1 = FOG OR MIST
DPTR FM NORMAL: 3.0 DPTR FM NORMAL: 0.56 2 = FOG REDUCING VISIBILITY
HIGHEST: 99 ON 17 GRTST 24HR 0.48 ON 20-21 TO 1/4 MILE OR LESS
LOWEST: 45 ON 31 3 = THUNDER
SNOW, ICE PELLETS, HAIL 4 = ICE PELLETS
TOTAL MONTH: M 5 = HAIL
GRTST 24HR M ON M 6 = FREEZING RAIN OR DRIZZLE
GRTST DEPTH: M ON M 7 = DUSTSTORM OR SANDSTORM:
VSBY 1/2 MILE OR LESS
8 = SMOKE OR HAZE
[NO. OF DAYS WITH] [WEATHER - DAYS WITH] 9 = BLOWING SNOW
X = TORNADO
MAX 32 OR BELOW: 0 0.01 INCH OR MORE: 9
MAX 90 OR ABOVE: 11 0.10 INCH OR MORE: 4
MIN 32 OR BELOW: 0 0.50 INCH OR MORE: 0
MIN 0 OR BELOW: 0 1.00 INCH OR MORE: 0
[HDD (BASE 65) ]
TOTAL THIS MO. 3 CLEAR (SCALE 0-3) 25
DPTR FM NORMAL -39 PTCLDY (SCALE 4-7) 5
TOTAL FM JUL 1 5 CLOUDY (SCALE 8-10) 1
DPTR FM NORMAL -64
[CDD (BASE 65) ]
TOTAL THIS MO. 155
DPTR FM NORMAL 65 [PRESSURE DATA]
TOTAL FM JAN 1 377 HIGHEST SLP 30.24 ON 27
DPTR FM NORMAL 141 LOWEST SLP 29.71 ON 31
[REMARKS]
#FINAL-08-23#