000
CXUS53 KUNR 041713
CF6IEN
PRELIMINARY LOCAL CLIMATOLOGICAL DATA (WS FORM: F-6)
STATION: PINE RIDGE SD
MONTH: MARCH
YEAR: 2023
LATITUDE: 43 1 N
LONGITUDE: 102 31 W
TEMPERATURE IN F: :PCPN: SNOW: WIND :SUNSHINE: SKY :PK WND
================================================================================
1 2 3 4 5 6A 6B 7 8 9 10 11 12 13 14 15 16 17 18
12Z AVG MX 2MIN
DY MAX MIN AVG DEP HDD CDD WTR SNW DPTH SPD SPD DIR MIN PSBL S-S WX SPD DR
================================================================================
1 32 18 25 -7 40 0 0.00 M M 8.4 21 250 M M 4 30 250
2 42 24 33 1 32 0 0.00 M M 9.6 20 190 M M 3 25 190
3 38 26 32 0 33 0 0.11 M M 7.2 15 50 M M 8 12 23 40
4 36 12 24 -9 41 0 0.07 M M 8.4 30 150 M M 5 12 41 150
5 42 25 34 1 31 0 0.01 M M 16.1 33 180 M M 2 18 50 150
6 30 23 27 -7 38 0 T M M 11.7 20 140 M M 10 1 25 150
7 30 19 25 -9 40 0 0.08 M M 5.5 13 310 M M 10 18 18 120
8 28 19 24 -10 41 0 0.00 M M 8.1 17 90 M M 10 1 23 90
9 26 5 16 -19 49 0 0.10 M M 5.6 15 60 M M 6 12 21 60
10 37 6 22 -13 43 0 0.00 M M 23.6 46 180 M M 3 18 61 180
11 44 18 31 -5 34 0 0.00 M M 10.7 33 190 M M 2 42 190
12 28 9 19 -17 46 0 0.00 M M 6.1 15 360 M M 2 21 340
13 39 4 22 -14 43 0 0.00 M M 11.8 32 180 M M 0 45 180
14 60 28 44 7 21 0 0.00 M M 11.0 26 190 M M 0 33 180
15 59 26 43 6 22 0 0.00 M M 10.8 29 360 M M 3 18 42 10
16 35 20 28 -10 37 0 0.03 M M 13.3 30 340 M M 9 18 44 340
17 33 14 24 -14 41 0 T M M 15.1 29 360 M M 2 42 360
18 31 5 18 -20 47 0 0.00 M M 6.0 23 190 M M 0 32 180
19 56 19 38 -1 27 0 0.00 M M 11.1 24 190 M M 0 32 190
20 47 15 31 -8 34 0 0.00 M M 9.6 21 100 M M 3 29 80
21 54 21 38 -2 27 0 0.02 M M 7.0 26 300 M M 5 16 39 300
22 34 19 27 -13 38 0 0.02 M M 5.7 14 80 M M 9 1 19 70
23 45 22 34 -6 31 0 0.01 M M 5.0 10 60 M M 6 1 14 200
24 55 20 38 -2 27 0 0.00 M M 4.6 16 50 M M 2 1 25 50
25 48 20 34 -7 31 0 T M M 7.1 22 20 M M 7 27 20
26 39 21 30 -11 35 0 0.00 M M 3.8 9 220 M M 7 13 210
27 29 18 24 -17 41 0 0.06 M M 5.6 14 20 M M 6 18 17 20
28 47 20 34 -8 31 0 0.00 M M 10.3 23 70 M M 2 31 70
29 41 19 30 -12 35 0 0.00 M M 11.2 25 180 M M 6 33 170
30 60 26 43 1 22 0 T M M 9.6 21 70 M M 1 30 80
31 29 8 19 -23 46 0 0.45 M M 10.2 29 340 M M 8 128 45 330
================================================================================
SM 1254 549 1104 0 0.96 M 289.8 M 141
================================================================================
AV 40.5 17.7 9.3 FASTST M M 5 MAX(MPH)
MISC ----> 46 180 61 180
================================================================================
NOTES:
# LAST OF SEVERAL OCCURRENCES
COLUMN 17 PEAK WIND IN M.P.H.
PRELIMINARY LOCAL CLIMATOLOGICAL DATA (WS FORM: F-6) , PAGE 2
STATION: PINE RIDGE SD
MONTH: MARCH
YEAR: 2023
LATITUDE: 43 1 N
LONGITUDE: 102 31 W
[TEMPERATURE DATA] [PRECIPITATION DATA] SYMBOLS USED IN COLUMN 16
AVERAGE MONTHLY: 29.1 TOTAL FOR MONTH: 0.96 1 = FOG OR MIST
DPTR FM NORMAL: -8.3 DPTR FM NORMAL: 0.15 2 = FOG REDUCING VISIBILITY
HIGHEST: 60 ON 30,14 GRTST 24HR 0.45 ON 31-31 TO 1/4 MILE OR LESS
LOWEST: 4 ON 13 3 = THUNDER
SNOW, ICE PELLETS, HAIL 4 = ICE PELLETS
TOTAL MONTH: M 5 = HAIL
GRTST 24HR M ON M 6 = FREEZING RAIN OR DRIZZLE
GRTST DEPTH: M ON M 7 = DUSTSTORM OR SANDSTORM:
VSBY 1/2 MILE OR LESS
8 = SMOKE OR HAZE
[NO. OF DAYS WITH] [WEATHER - DAYS WITH] 9 = BLOWING SNOW
X = TORNADO
MAX 32 OR BELOW: 9 0.01 INCH OR MORE: 11
MAX 90 OR ABOVE: 0 0.10 INCH OR MORE: 3
MIN 32 OR BELOW: 31 0.50 INCH OR MORE: 0
MIN 0 OR BELOW: 0 1.00 INCH OR MORE: 0
[HDD (BASE 65) ]
TOTAL THIS MO. 1104 CLEAR (SCALE 0-3) 14
DPTR FM NORMAL 248 PTCLDY (SCALE 4-7) 11
TOTAL FM JUL 1 6699 CLOUDY (SCALE 8-10) 6
DPTR FM NORMAL 646
[CDD (BASE 65) ]
TOTAL THIS MO. 0
DPTR FM NORMAL 0 [PRESSURE DATA]
TOTAL FM JAN 1 0 HIGHEST SLP 30.58 ON 18
DPTR FM NORMAL 0 LOWEST SLP 29.45 ON 30
[REMARKS]
#FINAL-03-23#