000
CXUS55 KVEF 030944
CF6IGM
PRELIMINARY LOCAL CLIMATOLOGICAL DATA (WS FORM: F-6)
STATION: KINGMAN AZ
MONTH: MARCH
YEAR: 2024
LATITUDE: 35 16 N
LONGITUDE: 113 57 W
TEMPERATURE IN F: :PCPN: SNOW: WIND :SUNSHINE: SKY :PK WND
================================================================================
1 2 3 4 5 6A 6B 7 8 9 10 11 12 13 14 15 16 17 18
12Z AVG MX 2MIN
DY MAX MIN AVG DEP HDD CDD WTR SNW DPTH SPD SPD DIR MIN PSBL S-S WX SPD DR
================================================================================
1 67 48 58 8 7 0 0.00 M M 16.3 29 220 M M 0 38 220
2 63 43 53 3 12 0 0.00 M M 20.5 44 220 M M 1 56 230
3 60 44 52 2 13 0 0.00 M M 18.9 32 220 M M 4 45 200
4 59 36 48 -2 17 0 0.00 M M 10.4 22 250 M M 0 29 240
5 63 40 52 2 13 0 0.00 M M 11.7 24 230 M M 0 36 230
6 64 41 53 2 12 0 0.00 M M 10.4 23 240 M M 0 30 250
7 53 42 48 -3 17 0 0.32 M M 6.4 23 220 M M 9 13 32 230
8 59 37 48 -3 17 0 0.03 M M 8.0 22 360 M M 2 1 29 360
9 61 32 47 -4 18 0 0.00 M M 7.4 13 360 M M 0 18 220
10 65 35 50 -2 15 0 0.00 M M 7.8 20 250 M M 0 25 250
11 66 45 56 4 9 0 0.00 M M 12.8 25 230 M M 1 32 210
12 64 41 53 1 12 0 0.00 M M 11.3 28 240 M M 1 37 230
13 62 39 51 -1 14 0 0.00 M M 8.9 26 350 M M 2 33 360
14 51 37 44 -8 21 0 0.01 M M 13.8 29 140 M M 10 35 140
15 51 39 45 -8 20 0 0.32 M M 10.3 28 130 M M 9 1 33 140
16 52 37 45 -8 20 0 0.29 M M 5.3 22 70 M M 9 1 27 50
17 61 34 48 -5 17 0 0.00 M M 5.9 20 10 M M 2 25 10
18 65 41 53 0 12 0 T M M 11.9 26 100 M M 5 3 42 90
19 67 41 54 0 11 0 0.00 M M 4.9 14 130 M M 2 16 130
20 70 39 55 1 10 0 0.00 M M 5.8 17 260 M M 1 24 260
21 72 45 59 5 6 0 0.00 M M 9.5 21 230 M M 0 27 240
22 72 46 59 5 6 0 0.00 M M 13.2 23 220 M M 0 31 220
23 67 45 56 2 9 0 0.02 M M 14.4 31 210 M M 2 3 47 210
24 58 37 48 -6 17 0 T M M 11.1 30 270 M M 4 3 41 280
25 61 32 47 -8 18 0 0.00 M M 7.6 23 270 M M 2 32 260
26 62 39 51 -4 14 0 0.00 M M 8.3 23 260 M M 4 39 280
27 66 34 50 -5 15 0 0.00 M M 8.4 22 220 M M 0 31 240
28 70 44 57 2 8 0 0.00 M M 14.7 30 220 M M 0 37 230
29 69 44 57 2 8 0 0.00 M M 12.8 33 200 M M 0 41 230
30 69 39 54 -2 11 0 0.45 M M 15.4 37 210 M M 5 1 47 210
31 56 39 48 -8 17 0 0.17 M M 8.9 22 250 M M 6 1 29 240
================================================================================
SM 1945 1235 416 0 1.61 M 333.0 M 81
================================================================================
AV 62.7 39.8 10.7 FASTST M M 3 MAX(MPH)
MISC ----> 44 220 56 230
================================================================================
NOTES:
# LAST OF SEVERAL OCCURRENCES
COLUMN 17 PEAK WIND IN M.P.H.
PRELIMINARY LOCAL CLIMATOLOGICAL DATA (WS FORM: F-6) , PAGE 2
STATION: KINGMAN AZ
MONTH: MARCH
YEAR: 2024
LATITUDE: 35 16 N
LONGITUDE: 113 57 W
[TEMPERATURE DATA] [PRECIPITATION DATA] SYMBOLS USED IN COLUMN 16
AVERAGE MONTHLY: 51.3 TOTAL FOR MONTH: 1.61 1 = FOG OR MIST
DPTR FM NORMAL: -1.4 DPTR FM NORMAL: 1.02 2 = FOG REDUCING VISIBILITY
HIGHEST: 72 ON 22,21 GRTST 24HR 0.50 ON 15-16 TO 1/4 MILE OR LESS
LOWEST: 32 ON 25, 9 3 = THUNDER
SNOW, ICE PELLETS, HAIL 4 = ICE PELLETS
TOTAL MONTH: M 5 = HAIL
GRTST 24HR M ON M 6 = FREEZING RAIN OR DRIZZLE
GRTST DEPTH: M ON M 7 = DUSTSTORM OR SANDSTORM:
VSBY 1/2 MILE OR LESS
8 = SMOKE OR HAZE
[NO. OF DAYS WITH] [WEATHER - DAYS WITH] 9 = BLOWING SNOW
X = TORNADO
MAX 32 OR BELOW: 0 0.01 INCH OR MORE: 8
MAX 90 OR ABOVE: 0 0.10 INCH OR MORE: 5
MIN 32 OR BELOW: 2 0.50 INCH OR MORE: 0
MIN 0 OR BELOW: 0 1.00 INCH OR MORE: 0
[HDD (BASE 65) ]
TOTAL THIS MO. 416 CLEAR (SCALE 0-3) 21
DPTR FM NORMAL 34 PTCLDY (SCALE 4-7) 6
TOTAL FM JUL 1 2580 CLOUDY (SCALE 8-10) 4
DPTR FM NORMAL -174
[CDD (BASE 65) ]
TOTAL THIS MO. 0
DPTR FM NORMAL -2 [PRESSURE DATA]
TOTAL FM JAN 1 0 HIGHEST SLP 30.13 ON 9
DPTR FM NORMAL -2 LOWEST SLP 29.40 ON 24
[REMARKS]
#FINAL-03-24#