000
CXUS52 KILM 241000
CF6ILM
PRELIMINARY LOCAL CLIMATOLOGICAL DATA (WS FORM: F-6)
STATION: WILMINGTON NORTH CAROLINA
MONTH: APRIL
YEAR: 2024
LATITUDE: 34 16 N
LONGITUDE: 77 55 W
TEMPERATURE IN F: :PCPN: SNOW: WIND :SUNSHINE: SKY :PK WND
================================================================================
1 2 3 4 5 6A 6B 7 8 9 10 11 12 13 14 15 16 17 18
12Z AVG MX 2MIN
DY MAX MIN AVG DEP HDD CDD WTR SNW DPTH SPD SPD DIR MIN PSBL S-S WX SPD DR
================================================================================
1 84 62 73 13 0 8 0.00 0.0 0 10.8 22 260 M M 1 29 270
2 84 65 75 15 0 10 0.00 0.0 0 12.4 23 230 M M 0 32 210
3 72 60 66 6 0 1 0.54 0.0 0 16.0 30 190 M M 4 13 48 210
4 64 49 57 -3 8 0 0.00 0.0 0 13.0 25 260 M M 3 36 280
5 66 45 56 -5 9 0 0.00 0.0 0 8.3 21 260 M M 4 28 250
6 63 42 53 -8 12 0 0.00 0.0 0 8.6 18 330 M M 2 29 340
7 69 39 54 -7 11 0 0.00 0.0 0 4.7 14 360 M M 0 20 340
8 74 44 59 -3 6 0 0.00 0.0 0 5.5 17 200 M M 0 24 200
9 76 58 67 5 0 2 T 0.0 0 6.9 17 260 M M 2 22 260
10 77 58 68 6 0 3 0.00 0.0 0 6.6 16 180 M M 5 1 24 200
11 73 67 70 8 0 5 0.42 0.0 0 16.7 31 180 M M 8 13 51 150
12 76 56 66 3 0 1 T 0.0 0 16.3 33 310 M M 2 46 320
13 76 52 64 1 1 0 0.00 0.0 0 13.6 26 280 M M 0 39 280
14 80 44 62 -1 3 0 0.00 0.0 0 6.1 16 220 M M 0 22 210
15 89 63 76 12 0 11 0.00 0.0 0 10.6 21 230 M M 0 28 210
16 86 63 75 11 0 10 0.00 0.0 0 8.0 18 90 M M 0 24 90
17 83 58 71 7 0 6 0.00 0.0 0 8.2 17 210 M M 1 1 28 220
18 89 66 78 14 0 13 0.00 0.0 0 8.3 16 260 M M 1 22 220
19 73 59 66 1 0 1 0.01 0.0 0 6.3 15 80 M M 7 1 22 70
20 87 64 76 11 0 11 0.12 0.0 0 5.3 25 250 M M 4 123 35 250
21 68 51 60 -5 5 0 0.92 0.0 M 9.0 20 330 M M 9 13 27 340
22 63 43 53 -13 12 0 0.00 0.0 M 9.8 21 330 M M 5 31 320
23 69 39 54 -12 11 0 0.00 0.0 M 6.4 15 180 M M 0 21 190
================================================================================
SM 1741 1247 78 82 2.01 0.0 217.4 M 58
================================================================================
AV 75.7 54.2 9.5 FASTST M M 3 MAX(MPH)
MISC ----> 33 310 51 150
================================================================================
NOTES:
# LAST OF SEVERAL OCCURRENCES
COLUMN 17 PEAK WIND IN M.P.H.
PRELIMINARY LOCAL CLIMATOLOGICAL DATA (WS FORM: F-6) , PAGE 2
STATION: WILMINGTON NORTH CAROLINA
MONTH: APRIL
YEAR: 2024
LATITUDE: 34 16 N
LONGITUDE: 77 55 W
[TEMPERATURE DATA] [PRECIPITATION DATA] SYMBOLS USED IN COLUMN 16
AVERAGE MONTHLY: 65.0 TOTAL FOR MONTH: 2.01 1 = FOG OR MIST
DPTR FM NORMAL: 2.2 DPTR FM NORMAL: -0.31 2 = FOG REDUCING VISIBILITY
HIGHEST: 89 ON 18,15 GRTST 24HR 1.00 ON 20-21 TO 1/4 MILE OR LESS
LOWEST: 39 ON 23, 7 3 = THUNDER
SNOW, ICE PELLETS, HAIL 4 = ICE PELLETS
TOTAL MONTH: 0.0 INCH 5 = HAIL
GRTST 24HR 0.0 6 = FREEZING RAIN OR DRIZZLE
GRTST DEPTH: 0 7 = DUSTSTORM OR SANDSTORM:
VSBY 1/2 MILE OR LESS
8 = SMOKE OR HAZE
[NO. OF DAYS WITH] [WEATHER - DAYS WITH] 9 = BLOWING SNOW
X = TORNADO
MAX 32 OR BELOW: 0 0.01 INCH OR MORE: 5
MAX 90 OR ABOVE: 0 0.10 INCH OR MORE: 4
MIN 32 OR BELOW: 0 0.50 INCH OR MORE: 2
MIN 0 OR BELOW: 0 1.00 INCH OR MORE: 0
[HDD (BASE 65) ]
TOTAL THIS MO. 78 CLEAR (SCALE 0-3) 15
DPTR FM NORMAL -27 PTCLDY (SCALE 4-7) 7
TOTAL FM JUL 1 1895 CLOUDY (SCALE 8-10) 1
DPTR FM NORMAL -395
[CDD (BASE 65) ]
TOTAL THIS MO. 82
DPTR FM NORMAL 32 [PRESSURE DATA]
TOTAL FM JAN 1 120 HIGHEST SLP M ON M
DPTR FM NORMAL 43 LOWEST SLP 29.37 ON 3
[REMARKS]